000
CXUS52 KTAE 290800
CF6ABY
PRELIMINARY LOCAL CLIMATOLOGICAL DATA (WS FORM: F-6)
STATION: ALBANY
MONTH: MARCH
YEAR: 2024
LATITUDE: 31 31 N
LONGITUDE: 84 11 W
TEMPERATURE IN F: :PCPN: SNOW: WIND :SUNSHINE: SKY :PK WND
================================================================================
1 2 3 4 5 6A 6B 7 8 9 10 11 12 13 14 15 16 17 18
12Z AVG MX 2MIN
DY MAX MIN AVG DEP HDD CDD WTR SNW DPTH SPD SPD DIR MIN PSBL S-S WX SPD DR
================================================================================
1 57 48 53 -4 12 0 0.25 0.0 M 9.2 14 80 M M 10 1 20 70
2 64 48 56 -1 9 0 T M M 4.0 8 50 M M 10 12 11 50
3 79 59 69 11 0 4 0.00 0.0 M 4.0 10 80 M M 6 12 14 150
4 77 59 68 10 0 3 0.00 0.0 M 7.2 13 100 M M 6 1 19 150
5 66 61 64 6 1 0 0.51 0.0 0 7.8 14 130 M M 9 1 19 130
6 75 61 68 10 0 3 T 0.0 0 6.4 15 250 M M 8 21 250
7 78 49 64 6 1 0 0.00 0.0 0 2.0 12 30 M M 0 1 18 30
8 77 56 67 8 0 2 0.57 0.0 M 9.2 22 130 M M 4 1 30 140
9 77 62 70 11 0 5 3.71 0.0 M 10.0 24 210 M M 6 13 35 200
10 67 51 59 0 6 0 0.00 0.0 0 10.8 20 320 M M 1 27 320
11 64 42 53 -6 12 0 0.00 0.0 0 3.9 12 360 M M 0 19 360
12 73 38 56 -4 9 0 0.00 0.0 0 2.0 12 220 M M 0 15 230
13 74 41 58 -2 7 0 0.00 0.0 0 2.3 10 200 M M 0 8 13 250
14 82 46 64 4 1 0 0.00 0.0 0 2.2 13 170 M M 0 18 17 160
15 83 55 69 9 0 4 0.58 0.0 0 6.0 22 320 M M 3 138 33 330
16 77 60 69 9 0 4 0.01 0.0 0 3.8 13 280 M M 5 12 16 280
17 73 56 65 4 0 0 0.06 0.0 0 4.1 15 330 M M 5 21 330
18 69 47 58 -3 7 0 0.00 0.0 0 9.4 24 340 M M 6 35 340
19 62 36 49 -12 16 0 0.00 0.0 0 6.1 14 10 M M 0 23 330
20 72 36 54 -7 11 0 0.00 0.0 0 3.4 14 220 M M 0 8 20 230
21 78 41 60 -1 5 0 0.00 0.0 0 3.1 16 80 M M 0 18 21 130
22 67 57 62 0 3 0 0.73 0.0 0 7.7 18 200 M M 8 1 28 210
23 69 56 63 1 2 0 0.02 0.0 0 7.0 20 340 M M 7 12 28 310
24 73 49 61 -1 4 0 0.00 0.0 M 9.9 18 110 M M 1 24 50
25 74 50 62 0 3 0 0.00 0.0 0 12.7 24 100 M M 3 31 120
26 75 59 67 5 0 2 1.11 0.0 0 9.2 28 160 M M 9 13 37 160
27 73 60 67 5 0 2 0.06 0.0 0 5.9 14 20 M M 8 18 19 40
28 75 51 63 0 2 0 0.00 0.0 0 7.0 21 320 M M 2 28 320
================================================================================
SM 2030 1434 111 29 7.61 0.0 176.3 M 117
================================================================================
AV 72.5 51.2 6.3 FASTST M M 4 MAX(MPH)
MISC ----> 28 160 37 160
================================================================================
NOTES:
# LAST OF SEVERAL OCCURRENCES
COLUMN 17 PEAK WIND IN M.P.H.
PRELIMINARY LOCAL CLIMATOLOGICAL DATA (WS FORM: F-6) , PAGE 2
STATION: ALBANY
MONTH: MARCH
YEAR: 2024
LATITUDE: 31 31 N
LONGITUDE: 84 11 W
[TEMPERATURE DATA] [PRECIPITATION DATA] SYMBOLS USED IN COLUMN 16
AVERAGE MONTHLY: 61.9 TOTAL FOR MONTH: 7.61 1 = FOG OR MIST
DPTR FM NORMAL: 1.9 DPTR FM NORMAL: 3.70 2 = FOG REDUCING VISIBILITY
HIGHEST: 83 ON 15 GRTST 24HR 4.28 ON 8- 9 TO 1/4 MILE OR LESS
LOWEST: 36 ON 20,19 3 = THUNDER
SNOW, ICE PELLETS, HAIL 4 = ICE PELLETS
TOTAL MONTH: 0.0 INCH 5 = HAIL
GRTST 24HR 0.0 6 = FREEZING RAIN OR DRIZZLE
GRTST DEPTH: 0 7 = DUSTSTORM OR SANDSTORM:
VSBY 1/2 MILE OR LESS
8 = SMOKE OR HAZE
[NO. OF DAYS WITH] [WEATHER - DAYS WITH] 9 = BLOWING SNOW
X = TORNADO
MAX 32 OR BELOW: 0 0.01 INCH OR MORE: 11
MAX 90 OR ABOVE: 0 0.10 INCH OR MORE: 7
MIN 32 OR BELOW: 0 0.50 INCH OR MORE: 6
MIN 0 OR BELOW: 0 1.00 INCH OR MORE: 2
[HDD (BASE 65) ]
TOTAL THIS MO. 111 CLEAR (SCALE 0-3) 12
DPTR FM NORMAL -64 PTCLDY (SCALE 4-7) 10
TOTAL FM JUL 1 1550 CLOUDY (SCALE 8-10) 6
DPTR FM NORMAL -62
[CDD (BASE 65) ]
TOTAL THIS MO. 29
DPTR FM NORMAL -10 [PRESSURE DATA]
TOTAL FM JAN 1 49 HIGHEST SLP M ON M
DPTR FM NORMAL -11 LOWEST SLP 29.69 ON 22
[REMARKS]