000
CXUS54 KFWD 010945
CLMACT
CLIMATE REPORT
NATIONAL WEATHER SERVICE FORT WORTH TX
445 AM CDT MON APR 01 2024
...................................
...THE WACO CLIMATE SUMMARY FOR THE MONTH OF MARCH 2024...
CLIMATE NORMAL PERIOD 1991 TO 2020
CLIMATE RECORD PERIOD 1901 TO 2024
WEATHER OBSERVED NORMAL DEPART LAST YEAR`S
VALUE DATE(S) VALUE FROM VALUE DATE(S)
NORMAL
................................................................
TEMPERATURE (F)
RECORD
HIGH 100 03/28/1971
LOW 15 03/11/1948
03/03/1943
HIGHEST 86 03/05 86 0 89 03/31
LOWEST 34 03/10 29 5 26 03/19
03/19
AVG. MAXIMUM 72.5 70.2 2.3 72.0
AVG. MINIMUM 51.5 47.4 4.1 48.0
MEAN 62.0 58.8 3.2 60.0
DAYS MAX >= 90 0 0.1 -0.1 0
DAYS MAX <= 32 0 0.0 0.0 0
DAYS MAX >= 100 0 0
DAYS MIN <= 32 0 2.5 -2.5 1
DAYS MIN <= 0 0 0.0 0.0 0
DAYS MIN >= 80 0 0
PRECIPITATION (INCHES)
RECORD
MAXIMUM 9.76 2007
MINIMUM T 1925
TOTALS 2.82 3.31 -0.49 1.38
DAILY AVG. 0.09 0.11 -0.02 0.04
DAYS >= .01 7 8.1 -1.1 10
DAYS >= .10 5 4.8 0.2 3
DAYS >= .50 3 2.3 0.7 1
DAYS >= 1.00 0 1.1 -1.1 0
GREATEST
24 HR. TOTAL 1.00 03/16 TO 03/17 0.73
SNOWFALL (INCHES)
RECORDS
TOTAL 2.5 1915
24 HR TOTAL 2.5 03/09/1915 TO 03/09/1915
TOTALS 0.0 0.1 -0.1 0.0
SINCE 7/1 T 0.6 -0.6 MM
SNOWDEPTH AVG. 0 0
DAYS >= TRACE 0 0
DAYS >= 1.0 0 0.0 0.0 0
GREATEST
SNOW DEPTH 0 0
24 HR TOTAL MM MM
DEGREE DAYS
HEATING TOTAL 141 230 -89 190
SINCE 7/1 1793 1994 -201 MM
COOLING TOTAL 58 38 20 41
SINCE 1/1 82 51 31 MM
................................................................
WIND (MPH)
AVERAGE WIND SPEED 10.1
HIGHEST WIND SPEED/DIRECTION 29/170 DATE 03/24
29/180 03/29
HIGHEST GUST SPEED/DIRECTION 41/160 DATE 03/24
SKY COVER
POSSIBLE SUNSHINE (PERCENT) MM
AVERAGE SKY COVER 0.42
NUMBER OF DAYS FAIR 12
NUMBER OF DAYS PC 14
NUMBER OF DAYS CLOUDY 5
AVERAGE RH (PERCENT) 72
WEATHER CONDITIONS. NUMBER OF DAYS WITH
THUNDERSTORM 7 MIXED PRECIP 0
HEAVY RAIN 5 RAIN 3
LIGHT RAIN 7 FREEZING RAIN 0
LT FREEZING RAIN 0 HAIL 0
HEAVY SNOW 0 SNOW 0
LIGHT SNOW 0 SLEET 0
FOG 11 FOG W/VIS <= 1/4 MILE 1
HAZE 2
- INDICATES NEGATIVE NUMBERS.
R INDICATES RECORD WAS SET OR TIED.
MM INDICATES DATA IS MISSING.
T INDICATES TRACE AMOUNT.
$$