000
CXUS51 KPHI 010815
CF6ACY
PRELIMINARY LOCAL CLIMATOLOGICAL DATA (WS FORM: F-6)
STATION: ATLANTIC CITY AIRPORT NJ
MONTH: JUNE
YEAR: 2023
LATITUDE: 39 27 N
LONGITUDE: 74 34 W
TEMPERATURE IN F: :PCPN: SNOW: WIND :SUNSHINE: SKY :PK WND
================================================================================
1 2 3 4 5 6A 6B 7 8 9 10 11 12 13 14 15 16 17 18
12Z AVG MX 2MIN
DY MAX MIN AVG DEP HDD CDD WTR SNW DPTH SPD SPD DIR MIN PSBL S-S WX SPD DR
================================================================================
1 79 51 65 -2 0 0 0.00 0.0 0 6.1 15 40 M M 3 18 20 80
2 85 49 67 0 0 2 0.00 0.0 0 3.7 12 150 M M 2 128 16 140
3 70 56 63 -4 2 0 0.00 0.0 0 12.5 23 70 M M 7 18 32 80
4 69 46 58 -10 7 0 0.00 0.0 0 7.4 18 40 M M 6 26 30
5 78 45 62 -6 3 0 0.00 0.0 0 6.1 17 310 M M 3 28 320
6 83 51 67 -1 0 2 T 0.0 0 9.4 30 330 M M 3 38 40 310
7 78 50 64 -5 1 0 0.00 0.0 0 7.7 18 310 M M 6 8 31 280
8 72 45 59 -10 6 0 0.00 0.0 0 3.8 15 120 M M 3 38 20 140
9 76 50 63 -6 2 0 T 0.0 0 7.1 18 290 M M 3 38 26 260
10 83 51 67 -3 0 2 0.00 0.0 0 9.0 22 320 M M 1 28 330
11 87 58 73 3 0 8 0.00 0.0 0 10.3 21 190 M M 0 31 180
12 79 64 72 2 0 7 0.11 0.0 0 11.5 22 140 M M 5 18 31 130
13 79 59 69 -2 0 4 0.00 0.0 0 11.0 24 280 M M 1 35 270
14 79 57 68 -3 0 3 0.12 0.0 0 9.8 26 280 M M 2 41 300
15 82 54 68 -3 0 3 0.00 0.0 0 8.5 21 290 M M 0 28 250
16 75 54 65 -7 0 0 0.82 0.0 0 4.2 22 340 M M 5 123 32 340
17 81 56 69 -3 0 4 0.00 0.0 0 9.4 23 310 M M 2 1 32 290
18 84 55 70 -2 0 5 0.00 0.0 0 6.7 18 280 M M 1 23 280
19 83 53 68 -5 0 3 0.00 0.0 0 4.1 15 100 M M 0 1 20 120
20 71 63 67 -6 0 2 0.00 0.0 0 11.7 20 60 M M 6 1 29 60
21 66 61 64 -9 1 0 0.12 0.0 0 17.7 25 60 M M 10 1 36 40
22 64 59 62 -12 3 0 0.20 0.0 0 13.7 23 50 M M 10 1 33 60
23 79 61 70 -4 0 5 0.06 0.0 0 8.7 20 180 M M 7 12 30 180
24 83 69 76 2 0 11 0.40 0.0 0 6.7 17 200 M M 6 13 24 170
25 85 67 76 2 0 11 0.00 0.0 0 5.2 15 170 M M 2 13 22 150
26 81 70 76 1 0 11 0.00 0.0 0 2.8 15 180 M M M 18 180
27 78 66 72 -3 0 7 0.85 0.0 0 8.9 20 160 M M 4 13 29 170
28 83 65 74 -1 0 9 0.00 0.0 0 6.9 18 280 M M 6 128 27 280
29 82 63 73 -2 0 8 0.00 0.0 0 6.3 13 180 M M 3 8 21 160
30 82 61 72 -4 0 7 0.00 0.0 0 5.4 17 130 M M 1 18 23 130
================================================================================
SM 2356 1709 25 114 2.68 0.0 242.3 M 108
================================================================================
AV 78.5 57.0 8.1 FASTST M M 4 MAX(MPH)
MISC ----> 30 330 41 300
================================================================================
NOTES:
# LAST OF SEVERAL OCCURRENCES
COLUMN 17 PEAK WIND IN M.P.H.
PRELIMINARY LOCAL CLIMATOLOGICAL DATA (WS FORM: F-6) , PAGE 2
STATION: ATLANTIC CITY AIRPORT NJ
MONTH: JUNE
YEAR: 2023
LATITUDE: 39 27 N
LONGITUDE: 74 34 W
[TEMPERATURE DATA] [PRECIPITATION DATA] SYMBOLS USED IN COLUMN 16
AVERAGE MONTHLY: 67.8 TOTAL FOR MONTH: 2.68 1 = FOG OR MIST
DPTR FM NORMAL: -3.7 DPTR FM NORMAL: -0.90 2 = FOG REDUCING VISIBILITY
HIGHEST: 87 ON 11 GRTST 24HR 0.85 ON 27-28 TO 1/4 MILE OR LESS
LOWEST: 45 ON 8, 5 3 = THUNDER
SNOW, ICE PELLETS, HAIL 4 = ICE PELLETS
TOTAL MONTH: 0.0 INCH 5 = HAIL
GRTST 24HR 0.0 6 = FREEZING RAIN OR DRIZZLE
GRTST DEPTH: 0 7 = DUSTSTORM OR SANDSTORM:
VSBY 1/2 MILE OR LESS
8 = SMOKE OR HAZE
[NO. OF DAYS WITH] [WEATHER - DAYS WITH] 9 = BLOWING SNOW
X = TORNADO
MAX 32 OR BELOW: 0 0.01 INCH OR MORE: 8
MAX 90 OR ABOVE: 0 0.10 INCH OR MORE: 7
MIN 32 OR BELOW: 0 0.50 INCH OR MORE: 2
MIN 0 OR BELOW: 0 1.00 INCH OR MORE: 0
[HDD (BASE 65) ]
TOTAL THIS MO. 25 CLEAR (SCALE 0-3) 17
DPTR FM NORMAL 3 PTCLDY (SCALE 4-7) 10
TOTAL FM JUL 1 4162 CLOUDY (SCALE 8-10) 3
DPTR FM NORMAL -537
[CDD (BASE 65) ]
TOTAL THIS MO. 114
DPTR FM NORMAL -100 [PRESSURE DATA]
TOTAL FM JAN 1 158 HIGHEST SLP 30.20 ON 21
DPTR FM NORMAL -130 LOWEST SLP 29.51 ON 14
[REMARKS]
#FINAL-06-23#