725
CXUS54 KLZK 011130
CF6ADF
PRELIMINARY LOCAL CLIMATOLOGICAL DATA (WS FORM: F-6)
STATION: ARKADELPHIA AIRPORT
MONTH: MARCH
YEAR: 2021
LATITUDE: 34 9 N
LONGITUDE: 93 4 W
TEMPERATURE IN F: :PCPN: SNOW: WIND :SUNSHINE: SKY :PK WND
================================================================================
1 2 3 4 5 6A 6B 7 8 9 10 11 12 13 14 15 16 17 18
12Z AVG MX 2MIN
DY MAX MIN AVG DEP HDD CDD WTR SNW DPTH SPD SPD DIR MIN PSBL S-S WX SPD DR
================================================================================
1 56 43 50 1 15 0 0.00 M M 7.2 20 10 M M 5 26 10
2 56 39 48 -2 17 0 0.00 M M 3.4 8 60 M M 2 M M
3 66 33 50 0 15 0 0.00 M M 1.6 7 230 M M 0 128 M M
4 71 34 53 3 12 0 0.00 M M 1.6 9 170 M M 0 M M
5 56 44 50 -1 15 0 T M M 5.6 12 30 M M 6 17 60
6 63 37 50 -1 15 0 0.00 M M 5.3 10 20 M M 1 M M
7 67 30 49 -2 16 0 0.00 M M 2.1 10 190 M M 0 M M
8 71 31 51 -1 14 0 0.00 M M 2.7 10 190 M M 0 M M
9 76 41 59 7 6 0 0.00 M M 6.2 15 180 M M 4 23 190
10 73 58 66 14 0 1 0.00 M M 8.9 18 180 M M 7 25 200
11 76 61 69 17 0 4 T M M 7.4 14 190 M M 9 17 190
12 81 58 70 17 0 5 0.01 M M 2.0 9 180 M M 8 18 M M
13 73 58 66 13 0 1 0.00 M M 5.4 12 10 M M 8 18 M M
14 74 55 65 12 0 0 0.20 M M 6.1 15 270 M M 10 1 26 270
15 77 50 64 10 1 0 0.00 M M 5.0 15 220 M M 4 18 22 220
16 81 45 63 9 2 0 0.00 M M 2.9 7 140 M M 1 M M
17 71 54 63 9 2 0 0.24 0.0 0 8.5 22 260 M M 7 138 31 270
18 54 44 49 -6 16 0 0.00 0.0 0 12.6 21 280 M M 10 30 280
19 M M M M M M 0.00 M M M M M M M 0 M M
20 M M M M M M 0.00 M M M M M M M 0 M M
21 70 48 59 4 6 0 0.00 M M 3.9 9 120 M M 0 M M
22 69 42 56 0 9 0 T M M 4.7 12 130 M M 3 17 160
23 66 55 61 5 4 0 0.42 M M 6.9 17 220 M M 10 13 38 240
24 79 46 63 7 2 0 0.08 M M 3.8 7 140 M M 3 3 M M
25 69 52 61 5 4 0 1.04 M M 6.6 17 260 M M 7 13 33 250
26 76 51 64 7 1 0 0.00 M M 2.6 7 140 M M 1 128 M M
27 83 54 69 12 0 4 0.56 M M 4.2 15 190 M M 9 138 21 230
28 68 44 56 -1 9 0 0.00 M M 7.8 16 340 M M 1 28 340
29 71 42 57 -1 8 0 0.00 M M 4.5 12 170 M M 0 8 M M
30 64 53 59 1 6 0 0.08 M M 2.9 7 290 M M 5 138 M M
31 63 41 52 -6 13 0 0.13 M M 7.7 16 20 M M 6 138 28 10
================================================================================
SM 2020 1343 208 15 2.76 0.0 149.9 M 127
================================================================================
AV 69.7 46.3 5.2 FASTST M M 4 MAX(MPH)
MISC ----> 22 260 38 240
================================================================================
NOTES:
# LAST OF SEVERAL OCCURRENCES
COLUMN 17 PEAK WIND IN M.P.H.
PRELIMINARY LOCAL CLIMATOLOGICAL DATA (WS FORM: F-6) , PAGE 2
STATION: ARKADELPHIA AIRPORT
MONTH: MARCH
YEAR: 2021
LATITUDE: 34 9 N
LONGITUDE: 93 4 W
[TEMPERATURE DATA] [PRECIPITATION DATA] SYMBOLS USED IN COLUMN 16
AVERAGE MONTHLY: 58.0 TOTAL FOR MONTH: 2.76 1 = FOG OR MIST
DPTR FM NORMAL: 4.1 DPTR FM NORMAL: -2.13 2 = FOG REDUCING VISIBILITY
HIGHEST: 83 ON 27 GRTST 24HR 1.04 ON 25-25 TO 1/4 MILE OR LESS
LOWEST: 30 ON 7 3 = THUNDER
SNOW, ICE PELLETS, HAIL 4 = ICE PELLETS
TOTAL MONTH: 0.0 INCH 5 = HAIL
GRTST 24HR 0.0 6 = FREEZING RAIN OR DRIZZLE
GRTST DEPTH: 0 7 = DUSTSTORM OR SANDSTORM:
VSBY 1/2 MILE OR LESS
8 = SMOKE OR HAZE
[NO. OF DAYS WITH] [WEATHER - DAYS WITH] 9 = BLOWING SNOW
X = TORNADO
MAX 32 OR BELOW: 0 0.01 INCH OR MORE: 9
MAX 90 OR ABOVE: 0 0.10 INCH OR MORE: 6
MIN 32 OR BELOW: 2 0.50 INCH OR MORE: 2
MIN 0 OR BELOW: 0 1.00 INCH OR MORE: 1
[HDD (BASE 65) ]
TOTAL THIS MO. 208 CLEAR (SCALE 0-3) 15
DPTR FM NORMAL -147 PTCLDY (SCALE 4-7) 10
TOTAL FM JUL 1 2759 CLOUDY (SCALE 8-10) 6
DPTR FM NORMAL -104
[CDD (BASE 65) ]
TOTAL THIS MO. 15
DPTR FM NORMAL 4 [PRESSURE DATA]
TOTAL FM JAN 1 15 HIGHEST SLP M ON M
DPTR FM NORMAL 3 LOWEST SLP M ON M
[REMARKS]
#FINAL-03-21#