000
CXUS54 KFWD 220503
CF6AFW
PRELIMINARY LOCAL CLIMATOLOGICAL DATA (WS FORM: F-6)
STATION: FORT WORTH ALLIANCE
MONTH: JULY
YEAR: 2022
LATITUDE: 32 58 N
LONGITUDE: 97 19 W
TEMPERATURE IN F: :PCPN: SNOW: WIND :SUNSHINE: SKY :PK WND
================================================================================
1 2 3 4 5 6A 6B 7 8 9 10 11 12 13 14 15 16 17 18
12Z AVG MX 2MIN
DY MAX MIN AVG DEP HDD CDD WTR SNW DPTH SPD SPD DIR MIN PSBL S-S WX SPD DR
================================================================================
1 96 75 86 1 0 21 0.00 M M 9.5 21 170 M M 2 26 160
2 100 77 89 4 0 24 0.00 M M 8.2 16 110 M M 4 23 70
3 101 80 91 6 0 26 0.00 M M 8.6 20 320 M M 4 3 25 350
4 100 81 91 6 0 26 0.00 M M 12.7 22 150 M M 1 28 150
5 102 82 92 7 0 27 0.00 M M 13.5 22 160 M M 1 31 150
6 104 82 93 7 0 28 0.00 M M 11.5 18 160 M M 2 27 130
7 104 83 94 8 0 29 0.00 M M 11.9 20 170 M M 2 26 170
8 106 83 95 9 0 30 0.00 M M 10.4 16 190 M M 2 24 190
9 107 80 94 8 0 29 0.00 M M 7.1 17 360 M M 4 22 20
10 103 76 90 4 0 25 0.00 M M 8.4 16 70 M M 1 24 10
11 102 81 92 6 0 27 0.00 M M 7.9 14 110 M M 1 24 100
12 104 79 92 6 0 27 0.00 M M 8.6 20 60 M M 3 34 70
13 105 77 91 5 0 26 0.00 M M 6.9 13 60 M M 3 23 40
14 100 82 91 5 0 26 T M M 9.9 25 170 M M 3 34 170
15 101 76 89 2 0 24 0.00 M M 7.1 16 130 M M 2 23 120
16 101 78 90 3 0 25 0.00 M M 9.2 17 140 M M 3 22 120
17 106 83 95 8 0 30 0.00 M M 10.5 18 190 M M 6 25 190
18 110 85 98 11 0 33 0.00 M M 14.8 28 170 M M 2 35 190
19 110 84 97 10 0 32 0.00 M M 16.6 29 170 M M 1 37 160
20 110 84 97 10 0 32 0.00 M M 13.4 25 190 M M 6 33 190
21 101 86 94 7 0 29 0.00 M M 9.2 21 190 M M 8 26 190
22 102 83 93 6 0 28 T M M 12.4 26 140 M M 7 39 100
23 102 77 90 2 0 25 0.00 M M 12.2 20 160 M M 3 29 170
24 103 83 93 5 0 28 0.00 M M 12.5 21 150 M M 3 26 160
25 104 83 94 6 0 29 0.00 M M 14.2 21 190 M M 3 27 180
26 104 82 93 5 0 28 0.00 M M 13.4 23 180 M M 4 30 190
27 104 83 94 6 0 29 0.00 M M 12.7 21 170 M M 4 30 180
28 103 83 93 5 0 28 0.00 M M 12.0 20 170 M M 3 26 180
29 103 83 93 5 0 28 T M M 9.8 22 20 M M 5 3 31 20
30 99 83 91 3 0 26 0.00 M M 10.2 21 40 M M 8 25 30
31 105 83 94 6 0 29 0.00 M M 14.5 21 150 M M 6 29 170
================================================================================
SM 3202 2517 0 854 T M 339.8 M 107
================================================================================
AV103.3 81.2 11.0 FASTST M M 3 MAX(MPH)
MISC ----> 29 170 39 100
================================================================================
NOTES:
# LAST OF SEVERAL OCCURRENCES
COLUMN 17 PEAK WIND IN M.P.H.
PRELIMINARY LOCAL CLIMATOLOGICAL DATA (WS FORM: F-6) , PAGE 2
STATION: FORT WORTH ALLIANCE
MONTH: JULY
YEAR: 2022
LATITUDE: 32 58 N
LONGITUDE: 97 19 W
[TEMPERATURE DATA] [PRECIPITATION DATA] SYMBOLS USED IN COLUMN 16
AVERAGE MONTHLY: 92.2 TOTAL FOR MONTH: T 1 = FOG OR MIST
DPTR FM NORMAL: 5.5 DPTR FM NORMAL: -2.42 2 = FOG REDUCING VISIBILITY
HIGHEST: 110 ON 18,20 GRTST 24HR T ON 14-14 TO 1/4 MILE OR LESS
LOWEST: 75 ON 1 3 = THUNDER
SNOW, ICE PELLETS, HAIL 4 = ICE PELLETS
TOTAL MONTH: M 5 = HAIL
GRTST 24HR M ON M 6 = FREEZING RAIN OR DRIZZLE
GRTST DEPTH: M ON M 7 = DUSTSTORM OR SANDSTORM:
VSBY 1/2 MILE OR LESS
8 = SMOKE OR HAZE
[NO. OF DAYS WITH] [WEATHER - DAYS WITH] 9 = BLOWING SNOW
X = TORNADO
MAX 32 OR BELOW: 0 0.01 INCH OR MORE: 0
MAX 90 OR ABOVE: 31 0.10 INCH OR MORE: 0
MIN 32 OR BELOW: 0 0.50 INCH OR MORE: 0
MIN 0 OR BELOW: 0 1.00 INCH OR MORE: 0
[HDD (BASE 65) ]
TOTAL THIS MO. 0 CLEAR (SCALE 0-3) 17
DPTR FM NORMAL 0 PTCLDY (SCALE 4-7) 13
TOTAL FM JUL 1 0 CLOUDY (SCALE 8-10) 1
DPTR FM NORMAL 0
[CDD (BASE 65) ]
TOTAL THIS MO. 854
DPTR FM NORMAL 183 [PRESSURE DATA]
TOTAL FM JAN 1 2078 HIGHEST SLP 30.03 ON 15
DPTR FM NORMAL 413 LOWEST SLP 29.66 ON 19
[REMARKS]
#FINAL-07-22#