000
CXUS52 KFFC 011419
CLMAHN
CLIMATE REPORT
NATIONAL WEATHER SERVICE PEACHTREE CITY GA
1019 AM EDT FRI SEP 01 2023
...................................
...THE ATHENS CLIMATE SUMMARY FOR THE MONTH OF AUGUST 2023...
CLIMATE NORMAL PERIOD: 1991 TO 2020
CLIMATE RECORD PERIOD: 1898 TO 2023
WEATHER OBSERVED NORMAL DEPART LAST YEAR`S
VALUE DATE(S) VALUE FROM VALUE DATE(S)
NORMAL
................................................................
TEMPERATURE (F)
RECORD
HIGH 107 08/21/1983
08/20/1925
LOW 44 08/02/1936
HIGHEST 99 08/26 MM MM 93 08/02
08/31
LOWEST 64 08/17 MM MM 65 08/14
08/19
AVG. MAXIMUM 90.2 90.4 -0.2 88.0
AVG. MINIMUM 69.7 69.2 0.5 69.5
MEAN 80.0 79.8 0.2 78.7
DAYS MAX >= 90 17 17.0 0.0 14
DAYS MAX <= 32 0 0.0 0.0 0
DAYS MIN <= 32 0 0.0 0.0 0
DAYS MIN <= 0 0 0.0 0.0 0
PRECIPITATION (INCHES)
RECORD
MAXIMUM 17.87 1901
MINIMUM 0.09 1951
TOTALS 5.13 4.55 0.58 3.18
DAILY AVG. 0.17 0.15 0.02 0.10
GREATEST
24 HR. TOTAL 1.75 08/07 TO 08/07 0.74 08/20 TO 08/21
DEGREE DAYS
COOLING TOTAL 471 459 12 433
SINCE 1/1 1460 1600 -140 MM
................................................................
WIND (MPH)
AVERAGE WIND SPEED 3.7
HIGHEST WIND SPEED/DIRECTION 30/300 DATE 08/27
HIGHEST GUST SPEED/DIRECTION 49/280 DATE 08/07
SKY COVER
POSSIBLE SUNSHINE (PERCENT) MM
AVERAGE SKY COVER 0.25
NUMBER OF DAYS FAIR 23
NUMBER OF DAYS PC 7
NUMBER OF DAYS CLOUDY 1
AVERAGE RH (PERCENT) 75
WEATHER CONDITIONS. NUMBER OF DAYS WITH
THUNDERSTORM 10 MIXED PRECIP 0
HEAVY RAIN 4 RAIN 8
LIGHT RAIN 13 FREEZING RAIN 0
LT FREEZING RAIN 0 HAIL 0
HEAVY SNOW 0 SNOW 0
LIGHT SNOW 0 SLEET 0
FOG 21 FOG W/VIS <= 1/4 MILE 4
HAZE 9
- INDICATES NEGATIVE NUMBERS.
R INDICATES RECORD WAS SET OR TIED.
MM INDICATES DATA IS MISSING.
T INDICATES TRACE AMOUNT.
$$