000
CXUS55 KCYS 170121
CF6AIA
PRELIMINARY LOCAL CLIMATOLOGICAL DATA (WS FORM: F-6)
STATION: ALLIANCE NEBRASKA AIRPORT
MONTH: JUNE
YEAR: 2020
LATITUDE: 42 2 N
LONGITUDE: 102 48 W
TEMPERATURE IN F: :PCPN: SNOW: WIND :SUNSHINE: SKY :PK WND
================================================================================
1 2 3 4 5 6A 6B 7 8 9 10 11 12 13 14 15 16 17 18
12Z AVG MX 2MIN
DY MAX MIN AVG DEP HDD CDD WTR SNW DPTH SPD SPD DIR MIN PSBL S-S WX SPD DR
================================================================================
1 93 52 73 13 0 8 0.00 M M 6.6 15 280 M M 0 18 280
2 82 55 69 8 0 4 0.01 M M 12.5 24 350 M M 0 31 350
3 89 52 71 10 0 6 0.02 M M 10.2 31 240 M M 0 3 41 240
4 88 46 67 6 0 2 0.00 M M 8.5 30 20 M M 0 3 38 30
5 90 53 72 10 0 7 0.00 M M 12.5 25 120 M M 0 33 120
6 90 58 74 12 0 9 0.05 M M 15.6 55 240 M M 1 38 73 240
7 90 53 72 10 0 7 0.00 M M 10.7 32 340 M M 1 39 350
8 80 42 61 -1 4 0 0.55 M M 13.8 33 360 M M 3 13 41 320
9 64 44 54 -9 11 0 0.36 M M 19.6 33 340 M M 6 1 44 350
10 74 36 55 -8 10 0 T M M 9.2 23 310 M M 2 28 330
11 81 42 62 -1 3 0 0.00 M M 5.6 14 170 M M 0 16 170
12 88 53 71 7 0 6 0.00 M M 11.8 23 170 M M 0 28 170
13 88 55 72 8 0 7 0.00 M M 15.2 30 150 M M 0 37 140
14 94 58 76 12 0 11 0.00 M M 10.1 23 200 M M 0 30 210
15 86 48 67 2 0 2 0.00 M M 9.6 23 140 M M 0 29 140
16 96 59 78 13 0 13 0.00 M M 19.8 36 160 M M 0 45 150
17 92 49 71 6 0 6 0.00 M M 11.1 26 350 M M 1 3 39 350
18 75 53 64 -2 1 0 0.00 M M 10.5 23 340 M M 5 33 350
19 72 49 61 -5 4 0 0.17 M M 8.6 20 140 M M 6 1 29 160
20 83 49 66 0 0 1 0.00 M M 7.2 17 330 M M 2 25 300
21 83 54 69 2 0 4 0.07 M M 8.1 33 300 M M 2 38 44 310
22 80 45 63 -4 2 0 0.00 M M 10.0 32 30 M M 1 41 30
23 85 45 65 -2 0 0 0.00 M M 8.5 17 360 M M 1 29 280
24 91 51 71 3 0 6 0.00 M M 6.1 15 150 M M 0 1 20 160
25 95 59 77 9 0 12 0.13 M M 10.2 29 340 M M 2 13 39 350
26 83 59 71 3 0 6 0.04 M M 7.8 20 130 M M 2 25 130
27 92 56 74 6 0 9 0.00 M M 7.0 15 200 M M 0 12 21 200
28 97 54 76 7 0 11 T M M 10.6 24 280 M M 0 36 290
29 96 62 79 10 0 14 0.00 M M 10.4 20 160 M M 0 26 130
30 80 47 64 -5 1 0 0.00 M M 14.5 32 290 M M 4 42 280
================================================================================
SM 2577 1538 36 151 1.40 M 321.9 M 39
================================================================================
AV 85.9 51.3 10.7 FASTST M M 1 MAX(MPH)
MISC ----> # 55 240 # 73 240
================================================================================
NOTES:
# LAST OF SEVERAL OCCURRENCES
COLUMN 17 PEAK WIND IN M.P.H.
PRELIMINARY LOCAL CLIMATOLOGICAL DATA (WS FORM: F-6) , PAGE 2
STATION: ALLIANCE NEBRASKA AIRPORT
MONTH: JUNE
YEAR: 2020
LATITUDE: 42 2 N
LONGITUDE: 102 48 W
[TEMPERATURE DATA] [PRECIPITATION DATA] SYMBOLS USED IN COLUMN 16
AVERAGE MONTHLY: 68.6 TOTAL FOR MONTH: 1.40 1 = FOG OR MIST
DPTR FM NORMAL: 3.8 DPTR FM NORMAL: -1.48 2 = FOG REDUCING VISIBILITY
HIGHEST: 97 ON 28 GRTST 24HR 0.55 ON 8- 8 TO 1/4 MILE OR LESS
LOWEST: 36 ON 10 3 = THUNDER
SNOW, ICE PELLETS, HAIL 4 = ICE PELLETS
TOTAL MONTH: M 5 = HAIL
GRTST 24HR M ON M 6 = FREEZING RAIN OR DRIZZLE
GRTST DEPTH: M ON M 7 = DUSTSTORM OR SANDSTORM:
VSBY 1/2 MILE OR LESS
8 = SMOKE OR HAZE
[NO. OF DAYS WITH] [WEATHER - DAYS WITH] 9 = BLOWING SNOW
X = TORNADO
MAX 32 OR BELOW: 0 0.01 INCH OR MORE: 9
MAX 90 OR ABOVE: 12 0.10 INCH OR MORE: 4
MIN 32 OR BELOW: 0 0.50 INCH OR MORE: 1
MIN 0 OR BELOW: 0 1.00 INCH OR MORE: 0
[HDD (BASE 65) ]
TOTAL THIS MO. 36 CLEAR (SCALE 0-3) 25
DPTR FM NORMAL -57 PTCLDY (SCALE 4-7) 5
TOTAL FM JUL 1 7276 CLOUDY (SCALE 8-10) 0
DPTR FM NORMAL -32
[CDD (BASE 65) ]
TOTAL THIS MO. 151
DPTR FM NORMAL 63 [PRESSURE DATA]
TOTAL FM JAN 1 156 HIGHEST SLP 30.22 ON 12
DPTR FM NORMAL 58 LOWEST SLP 29.30 ON 7
[REMARKS]
#FINAL-06-20#