000
CXUS55 KBOU 010900
CF6AKO
PRELIMINARY LOCAL CLIMATOLOGICAL DATA (WS FORM: F-6)
STATION: AKRON CO
MONTH: AUGUST
YEAR: 2022
LATITUDE: 40 10 N
LONGITUDE: 103 13 W
TEMPERATURE IN F: :PCPN: SNOW: WIND :SUNSHINE: SKY :PK WND
================================================================================
1 2 3 4 5 6A 6B 7 8 9 10 11 12 13 14 15 16 17 18
12Z AVG MX 2MIN
DY MAX MIN AVG DEP HDD CDD WTR SNW DPTH SPD SPD DIR MIN PSBL S-S WX SPD DR
================================================================================
1 96 63 80 5 0 15 0.00 M M 10.1 16 160 M M 0 21 210
2 96 66 81 6 0 16 0.00 M M 9.0 31 350 M M 0 41 350
3 89 63 76 2 0 11 0.00 M M 8.6 15 60 M M 0 23 40
4 93 65 79 5 0 14 0.00 M M 14.4 26 150 M M 0 39 140
5 97 68 83 9 0 18 0.00 M M 11.8 25 350 M M 0 34 340
6 85 64 75 1 0 10 0.00 M M 13.8 21 100 M M 0 31 320
7 75 62 69 -5 0 4 0.03 M M 7.8 17 140 M M 5 1 22 150
8 87 58 73 -1 0 8 0.00 M M 11.4 22 150 M M 1 12 29 160
9 93 61 77 3 0 12 0.00 M M 10.2 16 140 M M 0 24 140
10 93 63 78 4 0 13 0.00 M M 11.5 20 120 M M 0 27 160
11 93 67 80 7 0 15 0.00 M M 16.0 23 190 M M 0 32 170
12 96 69 83 10 0 18 0.00 M M 9.5 20 160 M M 1 30 170
13 95 62 79 6 0 14 0.00 M M 10.2 21 320 M M 0 27 310
14 95 63 79 6 0 14 0.80 M M 9.2 31 220 M M 2 13 43 220
15 85 63 74 1 0 9 0.19 M M 9.6 30 270 M M 4 13 39 280
16 77 62 70 -3 0 5 0.00 M M 7.6 14 280 M M 4 1 M M
17 81 59 70 -2 0 5 0.00 M M 6.4 13 130 M M 4 12 17 140
18 89 60 75 3 0 10 0.00 M M 9.4 21 330 M M 0 28 360
19 84 55 70 -2 0 5 0.00 M M 9.2 17 80 M M 3 25 120
20 81 56 69 -3 0 4 0.00 M M 8.6 18 150 M M 3 26 160
21 84 57 71 -1 0 6 0.00 M M 10.7 20 160 M M 2 28 190
22 87 60 74 2 0 9 0.00 M M 9.0 14 140 M M 0 20 130
23 87 59 73 2 0 8 0.00 M M 8.6 17 160 M M 0 24 160
24 90 55 73 2 0 8 0.00 M M 8.7 14 190 M M 0 20 140
25 91 65 78 7 0 13 0.00 M M 11.4 23 260 M M 0 32 270
26 87 61 74 3 0 9 0.09 M M 8.0 17 160 M M 4 13 24 190
27 91 56 74 3 0 9 0.00 M M 10.0 18 330 M M 1 25 300
28 95 61 78 8 0 13 0.00 M M 10.6 16 30 M M 0 25 300
29 86 56 71 1 0 6 0.00 M M 9.0 16 80 M M 0 24 50
30 90 58 74 4 0 9 0.00 M M 11.5 18 180 M M 0 27 180
31 93 60 77 7 0 12 0.00 M M 11.6 23 360 M M 1 3 33 150
================================================================================
SM 2761 1897 0 322 1.11 M 313.4 M 35
================================================================================
AV 89.1 61.2 10.1 FASTST M M 1 MAX(MPH)
MISC ----> # 31 350 43 220
================================================================================
NOTES:
# LAST OF SEVERAL OCCURRENCES
COLUMN 17 PEAK WIND IN M.P.H.
PRELIMINARY LOCAL CLIMATOLOGICAL DATA (WS FORM: F-6) , PAGE 2
STATION: AKRON CO
MONTH: AUGUST
YEAR: 2022
LATITUDE: 40 10 N
LONGITUDE: 103 13 W
[TEMPERATURE DATA] [PRECIPITATION DATA] SYMBOLS USED IN COLUMN 16
AVERAGE MONTHLY: 75.1 TOTAL FOR MONTH: 1.11 1 = FOG OR MIST
DPTR FM NORMAL: 2.6 DPTR FM NORMAL: -1.25 2 = FOG REDUCING VISIBILITY
HIGHEST: 97 ON 5 GRTST 24HR 0.82 ON 14-15 TO 1/4 MILE OR LESS
LOWEST: 55 ON 24,19 3 = THUNDER
SNOW, ICE PELLETS, HAIL 4 = ICE PELLETS
TOTAL MONTH: M 5 = HAIL
GRTST 24HR M ON M 6 = FREEZING RAIN OR DRIZZLE
GRTST DEPTH: M ON M 7 = DUSTSTORM OR SANDSTORM:
VSBY 1/2 MILE OR LESS
8 = SMOKE OR HAZE
[NO. OF DAYS WITH] [WEATHER - DAYS WITH] 9 = BLOWING SNOW
X = TORNADO
MAX 32 OR BELOW: 0 0.01 INCH OR MORE: 4
MAX 90 OR ABOVE: 16 0.10 INCH OR MORE: 2
MIN 32 OR BELOW: 0 0.50 INCH OR MORE: 1
MIN 0 OR BELOW: 0 1.00 INCH OR MORE: 0
[HDD (BASE 65) ]
TOTAL THIS MO. 0 CLEAR (SCALE 0-3) 26
DPTR FM NORMAL -12 PTCLDY (SCALE 4-7) 5
TOTAL FM JUL 1 0 CLOUDY (SCALE 8-10) 0
DPTR FM NORMAL -14
[CDD (BASE 65) ]
TOTAL THIS MO. 322
DPTR FM NORMAL 77 [PRESSURE DATA]
TOTAL FM JAN 1 985 HIGHEST SLP M ON M
DPTR FM NORMAL 265 LOWEST SLP 29.62 ON 28
[REMARKS]
#FINAL-08-22#