000
CXUS54 KEPZ 011130
CF6ALM
PRELIMINARY LOCAL CLIMATOLOGICAL DATA (WS FORM: F-6)
STATION: ALAMOGORDO
MONTH: DECEMBER
YEAR: 2021
LATITUDE: 32 49 N
LONGITUDE: 106 0 W
TEMPERATURE IN F: :PCPN: SNOW: WIND :SUNSHINE: SKY :PK WND
================================================================================
1 2 3 4 5 6A 6B 7 8 9 10 11 12 13 14 15 16 17 18
12Z AVG MX 2MIN
DY MAX MIN AVG DEP HDD CDD WTR SNW DPTH SPD SPD DIR MIN PSBL S-S WX SPD DR
================================================================================
1 66 28 47 M 18 0 0.00 M M 4.1 9 190 M M 0 8 M M
2 72 30 51 M 14 0 0.00 M M 3.6 7 150 M M 0 M M
3 72 39 56 M 9 0 0.00 M M 5.0 9 70 M M 0 15 250
4 68 36 52 M 13 0 0.00 M M 4.1 9 210 M M 1 M M
5 70 34 52 M 13 0 0.00 M M 6.1 14 360 M M 0 21 360
6 55 32 44 M 21 0 0.00 M M 6.5 17 180 M M 0 8 21 190
7 63 34 49 M 16 0 0.00 M M 5.2 14 170 M M 1 M M
8 64 27 46 M 19 0 0.03 M M 4.7 14 160 M M 0 18 160
9 70 39 55 M 10 0 0.00 M M 10.2 22 150 M M 4 8 23 150
10 61 45 53 M 12 0 0.00 M M 14.1 25 240 M M 6 37 240
11 54 28 41 M 24 0 0.00 M M 7.6 16 350 M M 0 24 350
12 59 18 39 M 26 0 0.00 M M 3.1 7 220 M M 0 M M
13 64 28 46 M 19 0 0.00 M M 3.5 9 210 M M 0 14 240
14 73 34 54 M 11 0 0.00 M M 9.4 18 160 M M 3 24 170
15 68 45 57 M 8 0 0.00 M M 15.8 30 220 M M 1 35 220
16 63 34 49 M 16 0 0.00 M M 6.5 14 190 M M 0 18 190
17 64 36 50 M 15 0 0.00 M M 6.7 14 180 M M 1 17 220
18 48 37 43 M 22 0 0.00 M M 7.5 15 340 M M 7 17 340
19 52 25 39 M 26 0 0.00 M M 5.5 10 310 M M 2 M M
20 61 18 40 M 25 0 0.00 M M 5.9 14 360 M M 0 21 360
21 59 23 41 M 24 0 0.00 M M 4.5 8 140 M M 1 M M
22 66 28 47 M 18 0 0.00 M M 3.4 9 310 M M 0 M M
23 72 36 54 M 11 0 0.00 M M 4.8 13 150 M M 0 17 210
24 68 48 58 M 7 0 0.00 M M 12.8 24 240 M M 5 36 240
25 68 48 58 M 7 0 0.00 M M 9.4 18 220 M M 4 25 220
26 70 46 58 M 7 0 0.00 M M 11.2 18 210 M M 1 28 210
27 59 41 50 M 15 0 0.00 M M 7.4 16 190 M M 5 28 230
28 59 39 49 M 16 0 0.00 M M 9.3 18 220 M M 1 8 28 220
29 55 36 46 M 19 0 0.00 M M 8.8 17 260 M M 1 8 25 250
30 55 34 45 M 20 0 0.00 M M 8.4 17 160 M M 4 21 160
31 50 45 48 M 17 0 0.26 M M 16.9 26 160 M M 6 1 33 160
================================================================================
SM 1948 1071 498 0 0.29 M 232.0 M 54
================================================================================
AV 62.8 34.5 7.5 FASTST M M 2 MAX(MPH)
MISC ----> 30 220 37 240
================================================================================
NOTES:
# LAST OF SEVERAL OCCURRENCES
COLUMN 17 PEAK WIND IN M.P.H.
PRELIMINARY LOCAL CLIMATOLOGICAL DATA (WS FORM: F-6) , PAGE 2
STATION: ALAMOGORDO
MONTH: DECEMBER
YEAR: 2021
LATITUDE: 32 49 N
LONGITUDE: 106 0 W
[TEMPERATURE DATA] [PRECIPITATION DATA] SYMBOLS USED IN COLUMN 16
AVERAGE MONTHLY: 48.7 TOTAL FOR MONTH: 0.29 1 = FOG OR MIST
DPTR FM NORMAL: 0.0 DPTR FM NORMAL: M 2 = FOG REDUCING VISIBILITY
HIGHEST: 73 ON 14 GRTST 24HR 0.26 ON 31-31 TO 1/4 MILE OR LESS
LOWEST: 18 ON 20,12 3 = THUNDER
SNOW, ICE PELLETS, HAIL 4 = ICE PELLETS
TOTAL MONTH: M 5 = HAIL
GRTST 24HR M ON M 6 = FREEZING RAIN OR DRIZZLE
GRTST DEPTH: M ON M 7 = DUSTSTORM OR SANDSTORM:
VSBY 1/2 MILE OR LESS
8 = SMOKE OR HAZE
[NO. OF DAYS WITH] [WEATHER - DAYS WITH] 9 = BLOWING SNOW
X = TORNADO
MAX 32 OR BELOW: 0 0.01 INCH OR MORE: 2
MAX 90 OR ABOVE: 0 0.10 INCH OR MORE: 1
MIN 32 OR BELOW: 11 0.50 INCH OR MORE: 0
MIN 0 OR BELOW: 0 1.00 INCH OR MORE: 0
[HDD (BASE 65) ]
TOTAL THIS MO. 498 CLEAR (SCALE 0-3) 23
DPTR FM NORMAL M PTCLDY (SCALE 4-7) 8
TOTAL FM JUL 1 956 CLOUDY (SCALE 8-10) 0
DPTR FM NORMAL M
[CDD (BASE 65) ]
TOTAL THIS MO. 0
DPTR FM NORMAL M [PRESSURE DATA]
TOTAL FM JAN 1 1795 HIGHEST SLP M ON M
DPTR FM NORMAL M LOWEST SLP M ON M
[REMARKS]
#FINAL-12-21#