000
CXUS53 KDMX 010810
CF6ALO
PRELIMINARY LOCAL CLIMATOLOGICAL DATA (WS FORM: F-6)
STATION: WATERLOO IA
MONTH: APRIL
YEAR: 2023
LATITUDE: 42 32 N
LONGITUDE: 92 24 W
TEMPERATURE IN F: :PCPN: SNOW: WIND :SUNSHINE: SKY :PK WND
================================================================================
1 2 3 4 5 6A 6B 7 8 9 10 11 12 13 14 15 16 17 18
12Z AVG MX 2MIN
DY MAX MIN AVG DEP HDD CDD WTR SNW DPTH SPD SPD DIR MIN PSBL S-S WX SPD DR
================================================================================
1 50 27 39 -5 26 0 T T 0 16.6 37 330 M M 5 18 46 320
2 72 32 52 8 13 0 0.00 0.0 0 14.7 29 180 M M 1 38 220
3 53 31 42 -2 23 0 0.01 0.0 0 5.3 14 20 M M 7 17 20
4 65 39 52 7 13 0 0.47 0.0 0 16.8 39 160 M M 9 138 57 160
5 62 30 46 1 19 0 0.00 0.0 0 17.3 28 270 M M 8 1 40 270
6 53 24 39 -7 26 0 0.00 0.0 0 9.6 20 290 M M 0 29 300
7 65 31 48 2 17 0 0.00 0.0 0 12.7 22 200 M M 1 30 180
8 71 42 57 11 8 0 0.00 0.0 0 13.8 21 170 M M 0 28 170
9 73 44 59 12 6 0 0.00 0.0 0 13.2 25 180 M M 0 33 170
10 76 45 61 14 4 0 0.00 0.0 0 8.4 15 200 M M 1 25 190
11 82 45 64 16 1 0 0.00 0.0 0 11.9 24 230 M M 0 31 210
12 87 59 73 25 0 8 0.00 0.0 0 18.3 31 210 M M 0 42 230
13 85 57 71 23 0 6 0.00 0.0 0 15.0 28 180 M M 0 40 180
14 84 53 69 20 0 4 0.00 0.0 0 11.3 25 180 M M 0 40 170
15 68 40 54 5 11 0 0.15 0.0 0 12.6 32 240 M M 5 46 240
16 40 33 37 -13 28 0 0.07 T 0 20.7 35 320 M M 10 18 47 310
17 57 35 46 -4 19 0 0.00 0.0 0 19.0 35 320 M M 1 44 320
18 61 25 43 -7 22 0 0.00 0.0 0 8.9 22 100 M M 0 31 100
19 59 47 53 2 12 0 0.11 0.0 0 17.9 36 130 M M 9 3 46 120
20 61 39 50 -1 15 0 0.38 0.0 0 12.8 29 280 M M 7 13 38 260
21 50 34 42 -10 23 0 0.01 T 0 15.5 29 270 M M 5 1 42 240
22 40 31 36 -16 29 0 T T 0 13.6 24 320 M M 10 18 31 310
23 49 29 39 -13 26 0 0.00 0.0 0 8.3 17 300 M M 7 23 250
24 59 23 41 -12 24 0 0.00 0.0 0 5.9 16 40 M M 4 21 30
25 58 31 45 -8 20 0 0.00 0.0 0 7.3 16 30 M M 1 26 20
26 61 27 44 -10 21 0 0.00 0.0 0 6.1 14 170 M M 0 19 190
27 73 43 58 4 7 0 0.00 0.0 0 11.3 21 160 M M 1 27 150
28 75 39 57 3 8 0 0.03 0.0 0 7.3 28 330 M M 5 33 330
29 58 41 50 -5 15 0 T 0.0 0 13.0 32 330 M M 6 47 330
30 55 39 47 -8 18 0 T 0.0 0 22.1 36 320 M M 9 47 340
================================================================================
SM 1902 1115 454 18 1.23 T 387.2 M 112
================================================================================
AV 63.4 37.2 12.9 FASTST M M 4 MAX(MPH)
MISC ----> 39 160 57 160
================================================================================
NOTES:
# LAST OF SEVERAL OCCURRENCES
COLUMN 17 PEAK WIND IN M.P.H.
PRELIMINARY LOCAL CLIMATOLOGICAL DATA (WS FORM: F-6) , PAGE 2
STATION: WATERLOO IA
MONTH: APRIL
YEAR: 2023
LATITUDE: 42 32 N
LONGITUDE: 92 24 W
[TEMPERATURE DATA] [PRECIPITATION DATA] SYMBOLS USED IN COLUMN 16
AVERAGE MONTHLY: 50.3 TOTAL FOR MONTH: 1.23 1 = FOG OR MIST
DPTR FM NORMAL: 0.9 DPTR FM NORMAL: -2.81 2 = FOG REDUCING VISIBILITY
HIGHEST: 87 ON 12 GRTST 24HR 0.47 ON 4- 4 TO 1/4 MILE OR LESS
LOWEST: 23 ON 24 3 = THUNDER
SNOW, ICE PELLETS, HAIL 4 = ICE PELLETS
TOTAL MONTH: T 5 = HAIL
GRTST 24HR T ON 1- 1 6 = FREEZING RAIN OR DRIZZLE
GRTST DEPTH: 0 7 = DUSTSTORM OR SANDSTORM:
VSBY 1/2 MILE OR LESS
8 = SMOKE OR HAZE
[NO. OF DAYS WITH] [WEATHER - DAYS WITH] 9 = BLOWING SNOW
X = TORNADO
MAX 32 OR BELOW: 0 0.01 INCH OR MORE: 8
MAX 90 OR ABOVE: 0 0.10 INCH OR MORE: 4
MIN 32 OR BELOW: 12 0.50 INCH OR MORE: 0
MIN 0 OR BELOW: 0 1.00 INCH OR MORE: 0
[HDD (BASE 65) ]
TOTAL THIS MO. 454 CLEAR (SCALE 0-3) 15
DPTR FM NORMAL -21 PTCLDY (SCALE 4-7) 10
TOTAL FM JUL 1 6430 CLOUDY (SCALE 8-10) 5
DPTR FM NORMAL -94
[CDD (BASE 65) ]
TOTAL THIS MO. 18
DPTR FM NORMAL 11 [PRESSURE DATA]
TOTAL FM JAN 1 18 HIGHEST SLP M ON M
DPTR FM NORMAL 10 LOWEST SLP 29.27 ON 4
[REMARKS]
#FINAL-04-23#