000
CXUS54 KAMA 010710
CF6AMA
PRELIMINARY LOCAL CLIMATOLOGICAL DATA (WS FORM: F-6)
STATION: AMARILLO
MONTH: SEPTEMBER
YEAR: 2022
LATITUDE: 35 13 N
LONGITUDE: 101 42 W
TEMPERATURE IN F: :PCPN: SNOW: WIND :SUNSHINE: SKY :PK WND
================================================================================
1 2 3 4 5 6A 6B 7 8 9 10 11 12 13 14 15 16 17 18
12Z AVG MX 2MIN
DY MAX MIN AVG DEP HDD CDD WTR SNW DPTH SPD SPD DIR MIN PSBL S-S WX SPD DR
================================================================================
1 86 63 75 0 0 10 0.00 0.0 0 7.5 18 170 M M 1 23 180
2 91 64 78 3 0 13 0.00 0.0 0 9.2 14 190 M M 0 19 250
3 89 64 77 2 0 12 0.03 0.0 0 9.4 26 20 M M 1 3 37 20
4 92 64 78 3 0 13 0.00 0.0 0 7.0 15 140 M M 1 20 130
5 93 61 77 3 0 12 0.00 0.0 0 8.9 17 140 M M 0 24 150
6 92 61 77 3 0 12 0.00 0.0 0 7.3 14 130 M M 0 18 140
7 94 59 77 3 0 12 0.00 0.0 0 7.9 17 170 M M 0 21 160
8 92 59 76 2 0 11 0.00 0.0 0 10.7 20 150 M M 0 26 160
9 90 62 76 3 0 11 0.00 0.0 0 11.5 18 170 M M 0 26 170
10 73 55 64 -9 1 0 T 0.0 0 15.9 23 20 M M 6 31 360
11 76 52 64 -9 1 0 T 0.0 0 9.5 21 30 M M 7 27 30
12 90 56 73 1 0 8 0.00 0.0 0 11.7 21 200 M M 1 27 220
13 94 63 79 7 0 14 0.00 0.0 0 12.5 24 200 M M 0 34 170
14 84 66 75 3 0 10 0.08 0.0 0 16.1 39 220 M M 2 3 49 230
15 87 61 74 3 0 9 1.46 T 0 16.1 38 100 M M 2 1235 47 110
16 92 65 79 8 0 14 0.00 0.0 0 13.6 24 240 M M 1 31 180
17 95 68 82 11 0 17 0.00 0.0 0 18.8 26 220 M M 2 34 230
18 91 65 78 8 0 13 0.00 0.0 0 14.9 24 200 M M 0 33 200
19 89 66 78 8 0 13 0.00 0.0 0 14.7 25 210 M M 1 36 160
20 90 65 78 8 0 13 0.00 0.0 0 13.2 25 210 M M 0 37 160
21 91 60 76 7 0 11 0.00 0.0 0 15.7 26 30 M M 1 37 30
22 79 53 66 -3 0 1 0.00 0.0 0 12.4 22 140 M M 4 29 40
23 91 56 74 6 0 9 0.00 0.0 0 16.9 29 220 M M 0 38 230
24 87 65 76 8 0 11 0.00 0.0 0 9.1 22 230 M M 1 30 240
25 83 58 71 3 0 6 0.00 0.0 0 12.3 26 40 M M 0 35 40
26 83 54 69 2 0 4 0.00 0.0 0 11.1 18 190 M M 0 27 190
27 90 55 73 6 0 8 0.00 0.0 0 10.4 21 240 M M 0 29 230
28 87 58 73 7 0 8 0.00 0.0 0 9.2 17 120 M M 0 24 180
29 89 55 72 6 0 7 0.00 0.0 0 11.6 20 210 M M 0 28 210
30 86 55 71 5 0 6 0.00 0.0 0 13.9 29 190 M M 0 37 210
================================================================================
SM 2646 1808 2 288 1.57 T 359.0 M 31
================================================================================
AV 88.2 60.3 12.0 FASTST M M 1 MAX(MPH)
MISC ----> 39 220 49 230
================================================================================
NOTES:
# LAST OF SEVERAL OCCURRENCES
COLUMN 17 PEAK WIND IN M.P.H.
PRELIMINARY LOCAL CLIMATOLOGICAL DATA (WS FORM: F-6) , PAGE 2
STATION: AMARILLO
MONTH: SEPTEMBER
YEAR: 2022
LATITUDE: 35 13 N
LONGITUDE: 101 42 W
[TEMPERATURE DATA] [PRECIPITATION DATA] SYMBOLS USED IN COLUMN 16
AVERAGE MONTHLY: 74.2 TOTAL FOR MONTH: 1.57 1 = FOG OR MIST
DPTR FM NORMAL: 3.3 DPTR FM NORMAL: -0.12 2 = FOG REDUCING VISIBILITY
HIGHEST: 95 ON 17 GRTST 24HR 1.46 ON 15-15 TO 1/4 MILE OR LESS
LOWEST: 52 ON 11 3 = THUNDER
SNOW, ICE PELLETS, HAIL 4 = ICE PELLETS
TOTAL MONTH: T 5 = HAIL
GRTST 24HR T ON 15-15 6 = FREEZING RAIN OR DRIZZLE
GRTST DEPTH: 0 7 = DUSTSTORM OR SANDSTORM:
VSBY 1/2 MILE OR LESS
8 = SMOKE OR HAZE
[NO. OF DAYS WITH] [WEATHER - DAYS WITH] 9 = BLOWING SNOW
X = TORNADO
MAX 32 OR BELOW: 0 0.01 INCH OR MORE: 3
MAX 90 OR ABOVE: 16 0.10 INCH OR MORE: 1
MIN 32 OR BELOW: 0 0.50 INCH OR MORE: 1
MIN 0 OR BELOW: 0 1.00 INCH OR MORE: 1
[HDD (BASE 65) ]
TOTAL THIS MO. 2 CLEAR (SCALE 0-3) 27
DPTR FM NORMAL -29 PTCLDY (SCALE 4-7) 3
TOTAL FM JUL 1 2 CLOUDY (SCALE 8-10) 0
DPTR FM NORMAL -28
[CDD (BASE 65) ]
TOTAL THIS MO. 288
DPTR FM NORMAL 80 [PRESSURE DATA]
TOTAL FM JAN 1 1986 HIGHEST SLP M ON M
DPTR FM NORMAL 420 LOWEST SLP 29.67 ON 9
[REMARKS]
#FINAL-09-22#