000
CXUS52 KJAX 011314
CLMAMG
CLIMATE REPORT
NATIONAL WEATHER SERVICE JACKSONVILLE FL
914 AM EDT MON MAY 01 2023
...................................
...THE ALMA CLIMATE SUMMARY FOR THE MONTH OF APRIL 2023...
CLIMATE NORMAL PERIOD: 1991 TO 2020
CLIMATE RECORD PERIOD: 1938 TO 2023
WEATHER OBSERVED NORMAL DEPART LAST YEAR`S
VALUE DATE(S) VALUE FROM VALUE DATE(S)
NORMAL
................................................................
TEMPERATURE (F)
RECORD
HIGH 96 04/27/1986
LOW 30 04/08/2007
HIGHEST 90 04/05 89 1 87 04/26
LOWEST 44 04/18 39 5 37 04/10
AVG. MAXIMUM 80.4 79.7 0.7 79.1
AVG. MINIMUM 56.7 53.3 3.4 52.5
MEAN 68.5 66.5 2.0 65.8
DAYS MAX >= 90 1 1.0 0.0 0
DAYS MIN <= 32 0 0.0 0.0 0
PRECIPITATION (INCHES)
RECORD
MAXIMUM 8.15 1949
MINIMUM 0.05 2007
TOTALS 5.30 2.85 2.45 2.23
DAILY AVG. 0.18 0.10 0.08 0.07
DAYS >= .01 12 6.5 5.5 5
DAYS >= .10 10 4.4 5.6 2
DAYS >= .50 5 2.1 2.9 2
DAYS >= 1.00 2 0.8 1.2 1
GREATEST
24 HR. TOTAL 1.30 04/07 TO 04/08
SNOWFALL (INCHES)
RECORDS
TOTAL T 1996
TOTALS 0.0 0.0 0.0 0.0
DEGREE DAYS
HEATING TOTAL 32 60 -28 59
SINCE 7/1 1156 1640 -484 MM
COOLING TOTAL 147 106 41 93
SINCE 1/1 339 164 175 MM
................................................................
WIND (MPH)
AVERAGE WIND SPEED 4.7
HIGHEST WIND SPEED/DIRECTION 29/320 DATE 04/03
HIGHEST GUST SPEED/DIRECTION 41/300 DATE 04/03
SKY COVER
AVERAGE SKY COVER 0.41
AVERAGE RH (PERCENT) 68
WEATHER CONDITIONS. NUMBER OF DAYS WITH
THUNDERSTORM 8 MIXED PRECIP 0
HEAVY RAIN 10 RAIN 12
LIGHT RAIN 13 FREEZING RAIN 0
LT FREEZING RAIN 0 HAIL 0
HEAVY SNOW 0 SNOW 0
LIGHT SNOW 0 SLEET 0
FOG 19 FOG W/VIS <= 1/4 MILE 8
HAZE 0
- INDICATES NEGATIVE NUMBERS.
R INDICATES RECORD WAS SET OR TIED.
MM INDICATES DATA IS MISSING.
T INDICATES TRACE AMOUNT.
$$