000
CXUS54 KBMX 011110
CF6ANB
PRELIMINARY LOCAL CLIMATOLOGICAL DATA (WS FORM: F-6)
STATION: ANNISTON
MONTH: DECEMBER
YEAR: 2022
LATITUDE: 33 35 N
LONGITUDE: 85 51 W
TEMPERATURE IN F: :PCPN: SNOW: WIND :SUNSHINE: SKY :PK WND
================================================================================
1 2 3 4 5 6A 6B 7 8 9 10 11 12 13 14 15 16 17 18
12Z AVG MX 2MIN
DY MAX MIN AVG DEP HDD CDD WTR SNW DPTH SPD SPD DIR MIN PSBL S-S WX SPD DR
================================================================================
1 56 34 45 -4 20 0 0.00 0.0 0 5.8 12 30 M M 0 14 20
2 67 43 55 6 10 0 0.00 0.0 0 6.4 13 180 M M 1 20 210
3 64 56 60 11 5 0 0.18 0.0 0 3.1 12 360 M M 10 12 16 310
4 60 50 55 6 10 0 T 0.0 0 3.2 10 260 M M 9 13 220
5 59 50 55 7 10 0 0.51 0.0 0 6.0 12 50 M M 10 1 16 40
6 75 59 67 19 0 2 0.01 0.0 0 3.3 16 230 M M 7 1 23 210
7 77 61 69 21 0 4 T 0.0 0 4.6 18 220 M M 9 12 23 210
8 79 53 66 18 0 1 0.00 0.0 0 3.4 15 240 M M 5 128 20 240
9 74 60 67 19 0 2 0.23 0.0 0 4.5 12 250 M M 9 1 15 250
10 70 55 63 15 2 0 0.06 0.0 0 4.5 13 70 M M 7 12 16 60
11 58 56 57 9 8 0 0.67 0.0 0 4.4 8 80 M M 10 1 12 180
12 62 54 58 11 7 0 0.00 0.0 0 4.6 12 60 M M 8 1 14 50
13 55 50 53 6 12 0 0.00 0.0 0 9.9 17 100 M M 10 25 80
14 62 50 56 9 9 0 0.89 0.0 M 8.9 15 70 M M 10 13 21 100
15 62 37 50 3 15 0 0.01 0.0 0 7.9 17 250 M M 3 23 240
16 53 30 42 -5 23 0 0.00 0.0 0 4.8 20 260 M M 2 1 26 280
17 48 29 39 -7 26 0 0.00 0.0 0 5.3 17 230 M M 5 22 220
18 46 25 36 -10 29 0 0.00 0.0 0 3.8 13 280 M M 0 16 360
19 50 24 37 -9 28 0 0.00 0.0 0 3.2 13 80 M M 3 17 90
20 47 41 44 -2 21 0 0.14 0.0 0 7.5 13 60 M M 10 1 16 60
21 53 39 46 0 19 0 0.00 0.0 M 6.9 14 70 M M 10 1 19 70
22 52 43 48 2 17 0 0.09 0.0 M 7.0 26 250 M M 10 1 36 250
23 47 11 29 -17 36 0 T 0.0 0 12.7 28 270 M M 2 39 280
24 28 9 19 -27 46 0 0.00 0.0 0 8.1 15 250 M M 0 22 250
25 37 14 26 -19 39 0 0.00 0.0 0 4.5 14 240 M M 0 17 260
26 43 15 29 -16 36 0 0.00 0.0 0 2.5 10 240 M M 3 12 250
27 53 26 40 -5 25 0 0.00 0.0 0 3.2 10 250 M M 3 8 14 250
28 60 23 42 -3 23 0 0.00 0.0 0 5.0 12 110 M M 3 16 110
29 72 46 59 14 6 0 0.00 0.0 0 8.3 15 150 M M 1 20 180
30 69 49 59 14 6 0 0.05 M 0 6.6 22 110 M M 4 36 110
31 66 47 57 12 8 0 0.01 0.0 0 1.7 9 240 M M 7 12 11 240
================================================================================
SM 1804 1239 496 9 2.85 0.0 171.6 M 171
================================================================================
AV 58.2 40.0 5.5 FASTST M M 6 MAX(MPH)
MISC ----> 28 270 39 280
================================================================================
NOTES:
# LAST OF SEVERAL OCCURRENCES
COLUMN 17 PEAK WIND IN M.P.H.
PRELIMINARY LOCAL CLIMATOLOGICAL DATA (WS FORM: F-6) , PAGE 2
STATION: ANNISTON
MONTH: DECEMBER
YEAR: 2022
LATITUDE: 33 35 N
LONGITUDE: 85 51 W
[TEMPERATURE DATA] [PRECIPITATION DATA] SYMBOLS USED IN COLUMN 16
AVERAGE MONTHLY: 49.1 TOTAL FOR MONTH: 2.85 1 = FOG OR MIST
DPTR FM NORMAL: 2.3 DPTR FM NORMAL: -1.75 2 = FOG REDUCING VISIBILITY
HIGHEST: 79 ON 8 GRTST 24HR 0.90 ON 14-15 TO 1/4 MILE OR LESS
LOWEST: 9 ON 24 3 = THUNDER
SNOW, ICE PELLETS, HAIL 4 = ICE PELLETS
TOTAL MONTH: 0.0 INCH 5 = HAIL
GRTST 24HR 0.0 6 = FREEZING RAIN OR DRIZZLE
GRTST DEPTH: 0 7 = DUSTSTORM OR SANDSTORM:
VSBY 1/2 MILE OR LESS
8 = SMOKE OR HAZE
[NO. OF DAYS WITH] [WEATHER - DAYS WITH] 9 = BLOWING SNOW
X = TORNADO
MAX 32 OR BELOW: 1 0.01 INCH OR MORE: 12
MAX 90 OR ABOVE: 0 0.10 INCH OR MORE: 6
MIN 32 OR BELOW: 10 0.50 INCH OR MORE: 3
MIN 0 OR BELOW: 0 1.00 INCH OR MORE: 0
[HDD (BASE 65) ]
TOTAL THIS MO. 496 CLEAR (SCALE 0-3) 12
DPTR FM NORMAL -71 PTCLDY (SCALE 4-7) 7
TOTAL FM JUL 1 1006 CLOUDY (SCALE 8-10) 12
DPTR FM NORMAL -50
[CDD (BASE 65) ]
TOTAL THIS MO. 9
DPTR FM NORMAL 7 [PRESSURE DATA]
TOTAL FM JAN 1 2035 HIGHEST SLP 30.53 ON 1
DPTR FM NORMAL 64 LOWEST SLP 29.67 ON 14
[REMARKS]
#FINAL-12-22#