000
CXUS52 KGSP 240817
CF6AND
PRELIMINARY LOCAL CLIMATOLOGICAL DATA (WS FORM: F-6)
STATION: ANDERSON SC
MONTH: APRIL
YEAR: 2024
LATITUDE: 34 30 N
LONGITUDE: 82 43 W
TEMPERATURE IN F: :PCPN: SNOW: WIND :SUNSHINE: SKY :PK WND
================================================================================
1 2 3 4 5 6A 6B 7 8 9 10 11 12 13 14 15 16 17 18
12Z AVG MX 2MIN
DY MAX MIN AVG DEP HDD CDD WTR SNW DPTH SPD SPD DIR MIN PSBL S-S WX SPD DR
================================================================================
1 78 61 70 13 0 5 0.00 M M 10.3 22 240 M M 3 28 240
2 82 63 73 15 0 8 0.13 M M 11.2 21 210 M M 5 13 29 200
3 68 51 60 2 5 0 0.62 M M 14.0 28 260 M M 4 13 39 260
4 61 45 53 -5 12 0 0.00 M M 13.1 25 280 M M 5 34 270
5 66 41 54 -4 11 0 0.00 M M 9.4 20 270 M M 1 29 300
6 65 33 49 -10 16 0 0.00 M M 4.3 12 230 M M 0 16 290
7 69 43 56 -3 9 0 0.00 M M 5.1 14 250 M M 0 18 80
8 76 47 62 3 3 0 0.00 M M 4.6 15 250 M M 3 22 260
9 62 57 60 0 5 0 0.34 M M 5.5 13 210 M M 8 1 15 250
10 75 58 67 7 0 2 0.07 M M 6.6 24 120 M M 9 36 110
11 81 58 70 10 0 5 0.06 M M 14.7 30 240 M M 9 43 260
12 70 50 60 0 5 0 T M M 16.3 31 290 M M 1 47 290
13 78 44 61 0 4 0 0.00 M M 9.8 20 300 M M 0 28 260
14 85 46 66 5 0 1 0.00 M M 6.4 21 230 M M 0 29 240
15 85 53 69 8 0 4 0.00 M M 6.9 20 220 M M 0 26 230
16 84 58 71 10 0 6 0.00 M M 3.6 12 190 M M 0 16 190
17 81 59 70 8 0 5 T M M 5.3 17 220 M M 3 22 240
18 88 53 71 9 0 6 0.00 M M 1.5 10 210 M M 0 14 170
19 87 60 74 12 0 9 T M M 7.3 18 250 M M 2 26 300
20 85 62 74 12 0 9 0.00 M M 7.2 17 270 M M 2 22 240
21 67 52 60 -3 5 0 0.66 M M 4.9 13 70 M M 10 1 18 50
22 64 49 57 -6 8 0 0.00 M M 4.8 15 70 M M 4 20 230
23 72 42 57 -6 8 0 0.00 M M 7.2 20 220 M M 0 29 200
================================================================================
SM 1729 1185 91 60 1.88 M 180.0 M 69
================================================================================
AV 75.2 51.5 7.8 FASTST M M 3 MAX(MPH)
MISC ----> 31 290 47 290
================================================================================
NOTES:
# LAST OF SEVERAL OCCURRENCES
COLUMN 17 PEAK WIND IN M.P.H.
PRELIMINARY LOCAL CLIMATOLOGICAL DATA (WS FORM: F-6) , PAGE 2
STATION: ANDERSON SC
MONTH: APRIL
YEAR: 2024
LATITUDE: 34 30 N
LONGITUDE: 82 43 W
[TEMPERATURE DATA] [PRECIPITATION DATA] SYMBOLS USED IN COLUMN 16
AVERAGE MONTHLY: 63.3 TOTAL FOR MONTH: 1.88 1 = FOG OR MIST
DPTR FM NORMAL: 3.0 DPTR FM NORMAL: -0.88 2 = FOG REDUCING VISIBILITY
HIGHEST: 88 ON 18 GRTST 24HR 0.75 ON 2- 3 TO 1/4 MILE OR LESS
LOWEST: 33 ON 6 3 = THUNDER
SNOW, ICE PELLETS, HAIL 4 = ICE PELLETS
TOTAL MONTH: M 5 = HAIL
GRTST 24HR M ON M 6 = FREEZING RAIN OR DRIZZLE
GRTST DEPTH: M ON M 7 = DUSTSTORM OR SANDSTORM:
VSBY 1/2 MILE OR LESS
8 = SMOKE OR HAZE
[NO. OF DAYS WITH] [WEATHER - DAYS WITH] 9 = BLOWING SNOW
X = TORNADO
MAX 32 OR BELOW: 0 0.01 INCH OR MORE: 6
MAX 90 OR ABOVE: 0 0.10 INCH OR MORE: 4
MIN 32 OR BELOW: 0 0.50 INCH OR MORE: 2
MIN 0 OR BELOW: 0 1.00 INCH OR MORE: 0
[HDD (BASE 65) ]
TOTAL THIS MO. 91 CLEAR (SCALE 0-3) 14
DPTR FM NORMAL -43 PTCLDY (SCALE 4-7) 6
TOTAL FM JUL 1 2464 CLOUDY (SCALE 8-10) 3
DPTR FM NORMAL -394
[CDD (BASE 65) ]
TOTAL THIS MO. 60
DPTR FM NORMAL 34 [PRESSURE DATA]
TOTAL FM JAN 1 60 HIGHEST SLP M ON M
DPTR FM NORMAL 25 LOWEST SLP 29.36 ON 3
[REMARKS]