000
CXUS53 KAPX 010830
CF6ANJ
PRELIMINARY LOCAL CLIMATOLOGICAL DATA (WS FORM: F-6)
STATION: SAULT STE MARIE MI
MONTH: DECEMBER
YEAR: 2021
LATITUDE: 46 28 N
LONGITUDE: 84 21 W
TEMPERATURE IN F: :PCPN: SNOW: WIND :SUNSHINE: SKY :PK WND
================================================================================
1 2 3 4 5 6A 6B 7 8 9 10 11 12 13 14 15 16 17 18
12Z AVG MX 2MIN
DY MAX MIN AVG DEP HDD CDD WTR SNW DPTH SPD SPD DIR MIN PSBL S-S WX SPD DR
================================================================================
1 39 22 31 2 34 0 0.13 0.2 5 6.8 15 160 M M 7 18 23 320
2 42 26 34 5 31 0 0.39 0.0 3 15.1 26 290 M M 10 18 40 350
3 32 19 26 -2 39 0 0.03 0.4 2 3.1 12 240 M M 9 18 17 250
4 34 27 31 3 34 0 0.44 5.1 4 13.2 25 290 M M 10 128 41 270
5 29 22 26 -2 39 0 0.14 2.0 6 8.1 20 90 M M 10 36 100
6 33 16 25 -2 40 0 0.19 3.0 7 13.8 26 310 M M 10 128 45 310
7 18 6 12 -15 53 0 0.15 1.9 10 6.6 16 240 M M 6 8 23 200
8 25 10 18 -8 47 0 0.09 1.8 11 2.4 15 320 M M 9 18 22 330
9 33 19 26 0 39 0 0.18 2.0 10 9.5 22 140 M M 9 18 33 120
10 39 32 36 10 29 0 0.06 T 11 5.9 15 70 M M 8 18 24 270
11 35 29 32 7 33 0 0.94 6.6 13 13.2 29 320 M M 8 1268 48 320
12 40 24 32 7 33 0 0.00 0.0 16 11.6 24 230 M M 0 35 200
13 44 32 38 13 27 0 0.00 0.0 14 8.8 17 310 M M 1 31 310
14 36 27 32 8 33 0 0.00 0.0 13 7.0 17 120 M M 3 27 130
15 45 35 40 16 25 0 0.15 0.0 12 9.0 16 110 M M 10 12 26 90
16 52 30 41 17 24 0 0.05 T 6 20.0 37 230 M M 10 128 58 230
17 31 24 28 5 37 0 0.01 0.5 3 11.6 26 280 M M 10 38 260
18 25 17 21 -2 44 0 0.04 0.3 4 5.7 12 350 M M 9 8 18 340
19 30 12 21 -2 44 0 T T 4 6.1 16 170 M M 10 26 170
20 35 23 29 7 36 0 0.12 1.6 4 12.2 26 300 M M 10 8 40 310
21 29 21 25 3 40 0 0.47 6.9 7 8.0 26 280 M M 10 128 40 290
22 28 12 20 -2 45 0 0.15 1.9 12 7.9 22 260 M M 10 18 33 270
23 30 12 21 0 44 0 0.02 T 12 4.6 14 120 M M 9 20 120
24 38 26 32 11 33 0 0.31 0.0 12 9.3 16 120 M M 10 18 27 120
25 39 31 35 14 30 0 0.00 0.0 7 11.4 22 310 M M 10 12 34 320
26 31 19 25 5 40 0 0.00 0.0 6 6.5 16 310 M M 4 26 60
27 28 16 22 2 43 0 0.23 1.3 6 9.5 17 110 M M 8 168 30 100
28 30 25 28 8 37 0 0.05 1.1 9 7.4 21 280 M M 10 18 32 270
29 34 26 30 10 35 0 0.12 0.8 8 9.6 20 300 M M 10 18 32 300
30 28 17 23 4 42 0 T T 9 4.7 12 230 M M 8 16 220
31 33 27 30 11 35 0 0.05 0.7 9 5.6 14 320 M M 10 18 21 320
================================================================================
SM 1045 684 1145 0 4.51 38.1 274.2 M 258
================================================================================
AV 33.7 22.1 8.8 FASTST M M 8 MAX(MPH)
MISC ----> 37 230 58 230
================================================================================
NOTES:
# LAST OF SEVERAL OCCURRENCES
COLUMN 17 PEAK WIND IN M.P.H.
PRELIMINARY LOCAL CLIMATOLOGICAL DATA (WS FORM: F-6) , PAGE 2
STATION: SAULT STE MARIE MI
MONTH: DECEMBER
YEAR: 2021
LATITUDE: 46 28 N
LONGITUDE: 84 21 W
[TEMPERATURE DATA] [PRECIPITATION DATA] SYMBOLS USED IN COLUMN 16
AVERAGE MONTHLY: 27.9 TOTAL FOR MONTH: 4.51 1 = FOG OR MIST
DPTR FM NORMAL: 4.1 DPTR FM NORMAL: 1.71 2 = FOG REDUCING VISIBILITY
HIGHEST: 52 ON 16 GRTST 24HR 1.00 ON 10-11 TO 1/4 MILE OR LESS
LOWEST: 6 ON 7 3 = THUNDER
SNOW, ICE PELLETS, HAIL 4 = ICE PELLETS
TOTAL MONTH: 39.1 INCHES 5 = HAIL
GRTST 24HR 6.9 ON 21-21 6 = FREEZING RAIN OR DRIZZLE
GRTST DEPTH: 16 ON 12 7 = DUSTSTORM OR SANDSTORM:
VSBY 1/2 MILE OR LESS
8 = SMOKE OR HAZE
[NO. OF DAYS WITH] [WEATHER - DAYS WITH] 9 = BLOWING SNOW
X = TORNADO
MAX 32 OR BELOW: 14 0.01 INCH OR MORE: 24
MAX 90 OR ABOVE: 0 0.10 INCH OR MORE: 15
MIN 32 OR BELOW: 30 0.50 INCH OR MORE: 1
MIN 0 OR BELOW: 0 1.00 INCH OR MORE: 0
[HDD (BASE 65) ]
TOTAL THIS MO. 1145 CLEAR (SCALE 0-3) 3
DPTR FM NORMAL -132 PTCLDY (SCALE 4-7) 5
TOTAL FM JUL 1 2483 CLOUDY (SCALE 8-10) 23
DPTR FM NORMAL -628
[CDD (BASE 65) ]
TOTAL THIS MO. 0
DPTR FM NORMAL 0 [PRESSURE DATA]
TOTAL FM JAN 1 433 HIGHEST SLP 30.57 ON 14
DPTR FM NORMAL 197 LOWEST SLP 28.95 ON 11
[REMARKS]
#FINAL-12-21#