000
CXUS54 KEWX 011010
CF6AQO
PRELIMINARY LOCAL CLIMATOLOGICAL DATA (WS FORM: F-6)
STATION: LLANO MUNICIPAL AIRPORT
MONTH: APRIL
YEAR: 2022
LATITUDE: 30 47 N
LONGITUDE: 98 40 W
TEMPERATURE IN F: :PCPN: SNOW: WIND :SUNSHINE: SKY :PK WND
================================================================================
1 2 3 4 5 6A 6B 7 8 9 10 11 12 13 14 15 16 17 18
12Z AVG MX 2MIN
DY MAX MIN AVG DEP HDD CDD WTR SNW DPTH SPD SPD DIR MIN PSBL S-S WX SPD DR
================================================================================
1 82 43 63 M 2 0 0.00 M M 8.4 17 160 M M 4 35 130
2 84 52 68 M 0 3 0.00 M M 6.1 13 360 M M 2 20 10
3 90 46 68 M 0 3 0.00 M M 6.2 14 150 M M 3 22 160
4 79 59 69 M 0 4 0.00 M M 7.9 14 110 M M 8 23 110
5 97 55 76 M 0 11 0.00 M M 7.0 16 230 M M 2 18 27 250
6 77 52 65 M 0 0 0.00 M M 12.9 27 330 M M 4 33 320
7 73 43 58 M 7 0 0.00 M M 9.0 21 350 M M 4 28 340
8 77 36 57 M 8 0 0.00 M M 5.9 15 330 M M 4 28 330
9 90 34 62 M 3 0 0.00 M M 7.4 20 190 M M 4 29 200
10 88 63 76 M 0 11 0.00 M M 10.6 16 140 M M 5 25 170
11 91 64 78 M 0 13 0.00 M M 8.2 14 140 M M 6 24 130
12 97 72 85 M 0 20 0.00 M M 12.0 23 210 M M 6 3 32 180
13 88 50 69 M 0 4 0.00 M M 11.5 21 320 M M 5 33 300
14 82 52 67 M 0 2 0.00 M M 9.1 15 130 M M 4 24 130
15 88 59 74 M 0 9 0.00 M M 6.9 12 160 M M 8 21 180
16 91 68 80 M 0 15 0.00 M M 5.8 12 50 M M 8 18 17 100
17 91 66 79 M 0 14 0.00 M M 7.1 14 360 M M 7 20 360
18 81 54 68 M 0 3 0.00 M M 7.7 14 60 M M 4 18 110
19 73 52 63 M 2 0 0.00 M M 8.6 16 130 M M 8 1 23 130
20 88 66 77 M 0 12 0.00 M M 11.8 22 190 M M 7 29 190
21 84 72 78 M 0 13 0.00 M M 9.2 15 160 M M 10 25 150
22 88 72 80 M 0 15 0.00 M M 12.9 18 150 M M 8 31 150
23 90 70 80 M 0 15 0.00 M M 13.0 17 170 M M 9 29 170
24 88 72 80 M 0 15 0.00 M M 9.4 14 160 M M 10 26 170
25 70 61 66 M 0 1 0.00 M M 9.5 18 340 M M 10 13 26 340
26 81 59 70 M 0 5 0.00 M M 7.3 15 90 M M 6 17 70
27 79 52 66 M 0 1 0.00 M M 4.8 9 150 M M 9 18 150
28 90 68 79 M 0 14 0.00 M M 10.7 21 200 M M 8 29 180
29 86 70 78 M 0 13 0.00 M M 10.4 18 200 M M 8 24 200
30 91 72 82 M 0 17 M M M 7.5 13 190 M M 6 24 210
================================================================================
SM 2554 1754 22 233 0.00 M 264.8 M 187
================================================================================
AV 85.1 58.5 8.8 FASTST M M 6 MAX(MPH)
MISC ----> 27 330 35 130
================================================================================
NOTES:
# LAST OF SEVERAL OCCURRENCES
COLUMN 17 PEAK WIND IN M.P.H.
PRELIMINARY LOCAL CLIMATOLOGICAL DATA (WS FORM: F-6) , PAGE 2
STATION: LLANO MUNICIPAL AIRPORT
MONTH: APRIL
YEAR: 2022
LATITUDE: 30 47 N
LONGITUDE: 98 40 W
[TEMPERATURE DATA] [PRECIPITATION DATA] SYMBOLS USED IN COLUMN 16
AVERAGE MONTHLY: 71.8 TOTAL FOR MONTH: 0.00 1 = FOG OR MIST
DPTR FM NORMAL: 0.0 DPTR FM NORMAL: M 2 = FOG REDUCING VISIBILITY
HIGHEST: 97 ON 12, 5 GRTST 24HR 0.00 ON 1- 1 TO 1/4 MILE OR LESS
LOWEST: 34 ON 9 3 = THUNDER
SNOW, ICE PELLETS, HAIL 4 = ICE PELLETS
TOTAL MONTH: M 5 = HAIL
GRTST 24HR M ON M 6 = FREEZING RAIN OR DRIZZLE
GRTST DEPTH: M ON M 7 = DUSTSTORM OR SANDSTORM:
VSBY 1/2 MILE OR LESS
8 = SMOKE OR HAZE
[NO. OF DAYS WITH] [WEATHER - DAYS WITH] 9 = BLOWING SNOW
X = TORNADO
MAX 32 OR BELOW: 0 0.01 INCH OR MORE: 0
MAX 90 OR ABOVE: 10 0.10 INCH OR MORE: 0
MIN 32 OR BELOW: 0 0.50 INCH OR MORE: 0
MIN 0 OR BELOW: 0 1.00 INCH OR MORE: 0
[HDD (BASE 65) ]
TOTAL THIS MO. 22 CLEAR (SCALE 0-3) 2
DPTR FM NORMAL M PTCLDY (SCALE 4-7) 21
TOTAL FM JUL 1 1881 CLOUDY (SCALE 8-10) 7
DPTR FM NORMAL M
[CDD (BASE 65) ]
TOTAL THIS MO. 233
DPTR FM NORMAL M [PRESSURE DATA]
TOTAL FM JAN 1 275 HIGHEST SLP M ON M
DPTR FM NORMAL M LOWEST SLP M ON M
[REMARKS]
#FINAL-04-22#