000
CXUS55 KGJT 010910
CF6ASE
PRELIMINARY LOCAL CLIMATOLOGICAL DATA (WS FORM: F-6)
STATION: ASPEN CO
MONTH: JUNE
YEAR: 2022
LATITUDE: 39 13 N
LONGITUDE: 106 52 W
TEMPERATURE IN F: :PCPN: SNOW: WIND :SUNSHINE: SKY :PK WND
================================================================================
1 2 3 4 5 6A 6B 7 8 9 10 11 12 13 14 15 16 17 18
12Z AVG MX 2MIN
DY MAX MIN AVG DEP HDD CDD WTR SNW DPTH SPD SPD DIR MIN PSBL S-S WX SPD DR
================================================================================
1 68 36 52 -3 13 0 0.00 M M 7.6 15 360 M M 2 23 340
2 72 35 54 -2 11 0 0.00 M M 7.0 14 320 M M 0 24 310
3 74 36 55 -1 10 0 0.00 M M 7.5 20 340 M M 0 30 340
4 76 39 58 2 7 0 0.00 M M 6.8 17 350 M M 1 31 340
5 73 43 58 2 7 0 0.00 M M 5.8 15 230 M M 6 22 220
6 73 43 58 1 7 0 0.02 M M 6.9 26 230 M M 6 3 38 320
7 77 41 59 2 6 0 0.00 M M 7.6 25 170 M M 3 39 160
8 79 38 59 2 6 0 0.00 M M 7.6 17 350 M M 0 29 320
9 81 49 65 7 0 0 T M M 7.8 22 350 M M 2 36 10
10 85 44 65 7 0 0 0.00 M M 7.4 20 360 M M 1 28 360
11 87 49 68 10 0 3 T M M 8.4 26 250 M M 0 3 45 250
12 84 53 69 10 0 4 0.00 M M 7.2 21 200 M M 1 36 260
13 82 49 66 7 0 1 T M M 11.6 43 190 M M 2 8 62 190
14 70 40 55 -4 10 0 T M M 6.4 26 240 M M 4 8 46 280
15 76 35 56 -4 9 0 0.00 M M 7.6 17 350 M M 0 26 330
16 86 35 61 1 4 0 0.00 M M 6.3 15 360 M M 0 24 250
17 85 51 68 8 0 3 0.02 M M 9.0 31 190 M M 2 3 49 190
18 76 52 64 4 1 0 0.11 M M 6.8 28 180 M M 9 35 180
19 74 49 62 1 3 0 T M M 10.2 25 160 M M 5 3 37 170
20 72 41 57 -4 8 0 0.00 M M 9.5 28 180 M M 0 44 180
21 77 31 54 -7 11 0 0.00 M M 6.5 16 340 M M 0 23 320
22 75 43 59 -3 6 0 0.00 M M 7.2 22 170 M M 1 29 160
23 77 42 60 -2 5 0 0.11 M M 6.6 15 100 M M 3 3 24 60
24 70 41 56 -6 9 0 0.01 M M 6.5 22 340 M M 3 34 340
25 78 41 60 -2 5 0 T M M 6.9 17 360 M M 1 26 250
26 72 46 59 -4 6 0 0.13 M M 7.3 22 170 M M 3 3 30 150
27 78 41 60 -3 5 0 0.00 M M 6.5 18 350 M M 1 3 28 340
28 80 49 65 2 0 0 T M M 7.0 18 190 M M 1 3 26 170
29 81 48 65 2 0 0 T M M 6.6 30 340 M M 3 3 45 330
30 64 50 57 -7 8 0 0.54 M M 5.6 17 170 M M 6 13 27 320
================================================================================
SM 2302 1290 157 11 0.94 M 221.7 M 66
================================================================================
AV 76.7 43.0 7.4 FASTST M M 2 MAX(MPH)
MISC ----> 43 190 62 190
================================================================================
NOTES:
# LAST OF SEVERAL OCCURRENCES
COLUMN 17 PEAK WIND IN M.P.H.
PRELIMINARY LOCAL CLIMATOLOGICAL DATA (WS FORM: F-6) , PAGE 2
STATION: ASPEN CO
MONTH: JUNE
YEAR: 2022
LATITUDE: 39 13 N
LONGITUDE: 106 52 W
[TEMPERATURE DATA] [PRECIPITATION DATA] SYMBOLS USED IN COLUMN 16
AVERAGE MONTHLY: 59.9 TOTAL FOR MONTH: 0.94 1 = FOG OR MIST
DPTR FM NORMAL: 0.3 DPTR FM NORMAL: 0.06 2 = FOG REDUCING VISIBILITY
HIGHEST: 87 ON 11 GRTST 24HR 0.54 ON 30-30 TO 1/4 MILE OR LESS
LOWEST: 31 ON 21 3 = THUNDER
SNOW, ICE PELLETS, HAIL 4 = ICE PELLETS
TOTAL MONTH: M 5 = HAIL
GRTST 24HR M ON M 6 = FREEZING RAIN OR DRIZZLE
GRTST DEPTH: M ON M 7 = DUSTSTORM OR SANDSTORM:
VSBY 1/2 MILE OR LESS
8 = SMOKE OR HAZE
[NO. OF DAYS WITH] [WEATHER - DAYS WITH] 9 = BLOWING SNOW
X = TORNADO
MAX 32 OR BELOW: 0 0.01 INCH OR MORE: 7
MAX 90 OR ABOVE: 0 0.10 INCH OR MORE: 4
MIN 32 OR BELOW: 1 0.50 INCH OR MORE: 1
MIN 0 OR BELOW: 0 1.00 INCH OR MORE: 0
[HDD (BASE 65) ]
TOTAL THIS MO. 157 CLEAR (SCALE 0-3) 22
DPTR FM NORMAL -18 PTCLDY (SCALE 4-7) 7
TOTAL FM JUL 1 7953 CLOUDY (SCALE 8-10) 1
DPTR FM NORMAL -191
[CDD (BASE 65) ]
TOTAL THIS MO. 11
DPTR FM NORMAL -2 [PRESSURE DATA]
TOTAL FM JAN 1 11 HIGHEST SLP M ON M
DPTR FM NORMAL -2 LOWEST SLP 29.38 ON 13
[REMARKS]
#FINAL-06-22#