915
CXUS55 KGJT 011010
CF6ASE
PRELIMINARY LOCAL CLIMATOLOGICAL DATA (WS FORM: F-6)
STATION: ASPEN CO
MONTH: FEBRUARY
YEAR: 2021
LATITUDE: 39 13 N
LONGITUDE: 106 52 W
TEMPERATURE IN F: :PCPN: SNOW: WIND :SUNSHINE: SKY :PK WND
================================================================================
1 2 3 4 5 6A 6B 7 8 9 10 11 12 13 14 15 16 17 18
12Z AVG MX 2MIN
DY MAX MIN AVG DEP HDD CDD WTR SNW DPTH SPD SPD DIR MIN PSBL S-S WX SPD DR
================================================================================
1 40 8 24 4 41 0 0.00 M M 3.9 10 170 M M 1 13 170
2 48 17 33 13 32 0 0.00 M M 5.6 12 360 M M 3 15 360
3 44 23 34 14 31 0 0.50 M M 7.1 22 330 M M 9 18 37 340
4 24 7 16 -4 49 0 0.02 M M 4.3 12 210 M M 8 18 17 350
5 23 15 19 -1 46 0 0.06 M M 2.8 12 330 M M 10 18 19 340
6 35 19 27 6 38 0 T M M 5.1 14 300 M M 9 18 24 240
7 41 19 30 9 35 0 0.00 M M 7.5 18 250 M M 3 30 250
8 43 18 31 10 34 0 0.00 M M 6.6 22 350 M M 2 34 360
9 41 28 35 14 30 0 0.00 M M 4.3 16 10 M M 10 25 250
10 38 20 29 8 36 0 0.01 M M 3.7 12 360 M M 8 1 15 10
11 43 15 29 8 36 0 0.00 M M 5.8 13 20 M M 7 18 330
12 39 28 34 13 31 0 0.12 M M 3.9 15 320 M M 10 18 20 360
13 37 21 29 7 36 0 0.10 M M 4.8 16 190 M M 9 18 25 220
14 26 10 18 -4 47 0 0.02 M M 6.5 16 320 M M 7 1 19 330
15 27 4 16 -6 49 0 0.04 M M 2.4 12 320 M M 9 18 14 310
16 30 14 22 0 43 0 0.09 M M 3.8 13 330 M M 9 18 21 350
17 28 6 17 -5 48 0 0.01 M M 4.1 13 310 M M 6 18 19 350
18 25 5 15 -8 50 0 T M M 5.6 15 350 M M 6 18 20 340
19 34 3 19 -4 46 0 0.00 M M 4.3 13 220 M M 7 17 220
20 42 18 30 7 35 0 0.13 M M 5.6 20 320 M M 7 18 27 310
21 27 4 16 -8 49 0 0.00 M M 5.8 17 340 M M 7 8 26 320
22 42 6 24 0 41 0 0.00 M M 5.8 12 10 M M 2 20 360
23 43 9 26 2 39 0 0.00 M M 7.5 23 340 M M 1 37 330
24 40 10 25 1 40 0 T M M 6.9 14 10 M M 3 1 19 20
25 34 9 22 -3 43 0 0.03 M M 3.7 12 330 M M 5 1 16 320
26 37 8 23 -2 42 0 0.00 M M 7.5 22 330 M M 4 36 340
27 36 3 20 -5 45 0 0.14 M M 5.0 24 200 M M 10 128 33 350
28 26 2 14 -12 51 0 0.00 M M 5.8 13 210 M M 5 1 18 220
================================================================================
SM 993 349 1143 0 1.27 M 145.7 M 177
================================================================================
AV 35.5 12.5 5.2 FASTST M M 6 MAX(MPH)
MISC ----> 24 200 # 37 340
================================================================================
NOTES:
# LAST OF SEVERAL OCCURRENCES
COLUMN 17 PEAK WIND IN M.P.H.
PRELIMINARY LOCAL CLIMATOLOGICAL DATA (WS FORM: F-6) , PAGE 2
STATION: ASPEN CO
MONTH: FEBRUARY
YEAR: 2021
LATITUDE: 39 13 N
LONGITUDE: 106 52 W
[TEMPERATURE DATA] [PRECIPITATION DATA] SYMBOLS USED IN COLUMN 16
AVERAGE MONTHLY: 24.0 TOTAL FOR MONTH: 1.27 1 = FOG OR MIST
DPTR FM NORMAL: 1.8 DPTR FM NORMAL: 0.06 2 = FOG REDUCING VISIBILITY
HIGHEST: 48 ON 2 GRTST 24HR 0.52 ON 3- 4 TO 1/4 MILE OR LESS
LOWEST: 2 ON 28 3 = THUNDER
SNOW, ICE PELLETS, HAIL 4 = ICE PELLETS
TOTAL MONTH: M 5 = HAIL
GRTST 24HR M ON M 6 = FREEZING RAIN OR DRIZZLE
GRTST DEPTH: M ON M 7 = DUSTSTORM OR SANDSTORM:
VSBY 1/2 MILE OR LESS
8 = SMOKE OR HAZE
[NO. OF DAYS WITH] [WEATHER - DAYS WITH] 9 = BLOWING SNOW
X = TORNADO
MAX 32 OR BELOW: 9 0.01 INCH OR MORE: 13
MAX 90 OR ABOVE: 0 0.10 INCH OR MORE: 5
MIN 32 OR BELOW: 28 0.50 INCH OR MORE: 1
MIN 0 OR BELOW: 0 1.00 INCH OR MORE: 0
[HDD (BASE 65) ]
TOTAL THIS MO. 1143 CLEAR (SCALE 0-3) 6
DPTR FM NORMAL -54 PTCLDY (SCALE 4-7) 13
TOTAL FM JUL 1 5683 CLOUDY (SCALE 8-10) 9
DPTR FM NORMAL -637
[CDD (BASE 65) ]
TOTAL THIS MO. 0
DPTR FM NORMAL 0 [PRESSURE DATA]
TOTAL FM JAN 1 0 HIGHEST SLP 30.53 ON 22
DPTR FM NORMAL 0 LOWEST SLP 29.29 ON 14
[REMARKS]
#FINAL-02-21#