000
CXUS55 KGJT 011537
CLMASE
CLIMATE REPORT
NATIONAL WEATHER SERVICE GRAND JUNCTION CO
837 AM MST THU FEB 01 2024
...................................
...THE ASPEN CO CLIMATE SUMMARY FOR THE MONTH OF JANUARY 2024...
CLIMATE NORMAL PERIOD 1991 TO 2020
CLIMATE RECORD PERIOD 9999 TO 9999
WEATHER OBSERVED NORMAL DEPART LAST YEAR`S
VALUE DATE(S) VALUE FROM VALUE DATE(S)
NORMAL
................................................................
TEMPERATURE (F)
HIGHEST 48 01/31 MM MM 46 01/14
LOWEST -7 01/16 MM MM -9 01/31
AVG. MAXIMUM 33.8 34.6 -0.8 30.9
AVG. MINIMUM 10.9 8.7 2.2 9.6
MEAN 22.4 21.7 0.7 20.3
DAYS MAX >= 90 0 0.0 0.0 0
DAYS MAX <= 32 13 13.3 -0.3 15
DAYS MIN <= 32 31 31.0 0.0 30
DAYS MIN <= 0 4 6.1 -2.1 4
PRECIPITATION (INCHES)
TOTALS 0.58 1.05 -0.47 0.73
DAILY AVG. 0.02 0.03 -0.01 0.02
DAYS >= .01 8 10.6 -2.6 14
DAYS >= .10 2 3.4 -1.4 1
DAYS >= .50 0 0.2 -0.2 0
DAYS >= 1.00 0 0.0 0.0 0
GREATEST
24 HR. TOTAL 0.28 01/14 TO 01/14 0.15
SNOWFALL (INCHES)
TOTALS MM MM MM MM
SINCE 7/1 MM MM MM MM
SNOWDEPTH AVG. MM MM
DAYS >= 1.0 MM MM MM MM
GREATEST
SNOW DEPTH MM MM MM
24 HR TOTAL MM MM
DEGREE DAYS
HEATING TOTAL 1314 1344 -30 1380
SINCE 7/1 4481 4701 -220 4808
COOLING TOTAL 0 0 0 0
SINCE 1/1 0 0 0 0
................................................................
WIND (MPH)
AVERAGE WIND SPEED 5.0
HIGHEST WIND SPEED/DIRECTION 29/330 DATE 01/13
HIGHEST GUST SPEED/DIRECTION 53/310 DATE 01/13
SKY COVER
POSSIBLE SUNSHINE (PERCENT) MM
AVERAGE SKY COVER 0.56
NUMBER OF DAYS FAIR 10
NUMBER OF DAYS PC 7
NUMBER OF DAYS CLOUDY 14
AVERAGE RH (PERCENT) 64
WEATHER CONDITIONS. NUMBER OF DAYS WITH
THUNDERSTORM 0 MIXED PRECIP 0
HEAVY RAIN 0 RAIN 0
LIGHT RAIN 0 FREEZING RAIN 0
LT FREEZING RAIN 0 HAIL 0
HEAVY SNOW 2 SNOW 4
LIGHT SNOW 14 SLEET 0
FOG 13 FOG W/VIS <= 1/4 MILE 2
HAZE 16
- INDICATES NEGATIVE NUMBERS.
R INDICATES RECORD WAS SET OR TIED.
MM INDICATES DATA IS MISSING.
T INDICATES TRACE AMOUNT.
$$