000
CXUS56 KPQR 011155
CF6AST
PRELIMINARY LOCAL CLIMATOLOGICAL DATA (WS FORM: F-6)
STATION: ASTORIA OR
MONTH: OCTOBER
YEAR: 2021
LATITUDE: 46 9 N
LONGITUDE: 123 53 W
TEMPERATURE IN F: :PCPN: SNOW: WIND :SUNSHINE: SKY :PK WND
================================================================================
1 2 3 4 5 6A 6B 7 8 9 10 11 12 13 14 15 16 17 18
12Z AVG MX 2MIN
DY MAX MIN AVG DEP HDD CDD WTR SNW DPTH SPD SPD DIR MIN PSBL S-S WX SPD DR
================================================================================
1 64 42 53 -3 12 0 0.00 M M 5.2 16 330 M M 4 12 19 340
2 64 41 53 -3 12 0 0.00 M M 4.8 13 310 M M 2 12 17 300
3 62 45 54 -2 11 0 0.11 M M 6.6 16 330 M M 6 1 22 320
4 62 46 54 -2 11 0 0.00 M M 3.7 12 210 M M 4 18 17 200
5 60 49 55 0 10 0 0.13 M M 9.0 22 200 M M 6 1 33 190
6 60 42 51 -4 14 0 0.05 M M 6.5 15 280 M M 5 1 19 280
7 59 39 49 -6 16 0 0.00 M M 5.5 15 320 M M 4 12 19 310
8 57 43 50 -5 15 0 T M M 3.7 12 250 M M 8 16 240
9 61 48 55 1 10 0 0.27 M M 9.1 22 200 M M 9 1 33 190
10 58 44 51 -3 14 0 0.09 M M 8.1 24 320 M M 6 1 35 320
11 56 38 47 -7 18 0 0.01 M M 5.0 15 290 M M 2 1 19 300
12 55 33 44 -10 21 0 0.13 M M 5.1 25 340 M M 7 1 31 180
13 56 40 48 -5 17 0 0.11 M M 5.6 15 220 M M 8 1 19 220
14 61 51 56 3 9 0 0.16 M M 5.9 14 230 M M 10 1 18 210
15 63 53 58 5 7 0 0.00 M M 7.3 18 190 M M 9 26 190
16 66 54 60 7 5 0 0.00 M M 6.8 17 190 M M 10 23 180
17 57 45 51 -1 14 0 0.74 M M 8.3 16 330 M M 9 1 20 340
18 56 41 49 -3 16 0 0.00 M M 3.1 9 260 M M 5 12 260
19 61 43 52 0 13 0 0.11 M M 6.0 13 90 M M 2 18 16 90
20 58 52 55 3 10 0 0.40 M M 8.0 22 190 M M 9 1 32 190
21 65 51 58 6 7 0 0.32 M M 10.3 22 210 M M 9 1 30 220
22 59 51 55 4 10 0 0.20 M M 5.8 14 220 M M 7 18 18 220
23 58 48 53 2 12 0 0.31 M M 5.1 13 150 M M 9 18 19 170
24 60 51 56 5 9 0 0.12 M M 16.8 39 180 M M 10 1 57 170
25 56 50 53 2 12 0 1.15 M M 16.3 33 170 M M 10 18 50 170
26 57 49 53 2 12 0 0.92 M M 11.4 25 180 M M 10 18 37 220
27 57 50 54 4 11 0 0.69 M M 7.3 20 180 M M 9 18 28 180
28 60 51 56 6 9 0 1.07 M M 16.0 28 200 M M 10 1 41 200
29 55 38 47 -3 18 0 0.27 M M 8.1 16 60 M M 5 1 23 310
30 60 44 52 2 13 0 0.00 M M 12.9 24 70 M M 0 30 70
31 63 41 52 2 13 0 0.00 M M 6.3 18 120 M M 0 26 120
================================================================================
SM 1846 1413 381 0 7.36 M 239.6 M 204
================================================================================
AV 59.5 45.6 7.7 FASTST M M 7 MAX(MPH)
MISC ----> 39 180 57 170
================================================================================
NOTES:
# LAST OF SEVERAL OCCURRENCES
COLUMN 17 PEAK WIND IN M.P.H.
PRELIMINARY LOCAL CLIMATOLOGICAL DATA (WS FORM: F-6) , PAGE 2
STATION: ASTORIA OR
MONTH: OCTOBER
YEAR: 2021
LATITUDE: 46 9 N
LONGITUDE: 123 53 W
[TEMPERATURE DATA] [PRECIPITATION DATA] SYMBOLS USED IN COLUMN 16
AVERAGE MONTHLY: 52.6 TOTAL FOR MONTH: 7.36 1 = FOG OR MIST
DPTR FM NORMAL: -0.2 DPTR FM NORMAL: 0.62 2 = FOG REDUCING VISIBILITY
HIGHEST: 66 ON 16 GRTST 24HR 1.20 ON 28-29 TO 1/4 MILE OR LESS
LOWEST: 33 ON 12 3 = THUNDER
SNOW, ICE PELLETS, HAIL 4 = ICE PELLETS
TOTAL MONTH: M 5 = HAIL
GRTST 24HR M ON M 6 = FREEZING RAIN OR DRIZZLE
GRTST DEPTH: M ON M 7 = DUSTSTORM OR SANDSTORM:
VSBY 1/2 MILE OR LESS
8 = SMOKE OR HAZE
[NO. OF DAYS WITH] [WEATHER - DAYS WITH] 9 = BLOWING SNOW
X = TORNADO
MAX 32 OR BELOW: 0 0.01 INCH OR MORE: 21
MAX 90 OR ABOVE: 0 0.10 INCH OR MORE: 18
MIN 32 OR BELOW: 0 0.50 INCH OR MORE: 5
MIN 0 OR BELOW: 0 1.00 INCH OR MORE: 2
[HDD (BASE 65) ]
TOTAL THIS MO. 381 CLEAR (SCALE 0-3) 5
DPTR FM NORMAL 3 PTCLDY (SCALE 4-7) 12
TOTAL FM JUL 1 804 CLOUDY (SCALE 8-10) 14
DPTR FM NORMAL -21
[CDD (BASE 65) ]
TOTAL THIS MO. 0
DPTR FM NORMAL 0 [PRESSURE DATA]
TOTAL FM JAN 1 41 HIGHEST SLP 30.32 ON 1
DPTR FM NORMAL 19 LOWEST SLP 28.97 ON 24
[REMARKS]
#FINAL-10-21#