000
CXUS54 KMAF 011110
CF6ATS
PRELIMINARY LOCAL CLIMATOLOGICAL DATA (WS FORM: F-6)
STATION: ARTESIA
MONTH: SEPTEMBER
YEAR: 2021
LATITUDE: 32 54 N
LONGITUDE: 104 30 W
TEMPERATURE IN F: :PCPN: SNOW: WIND :SUNSHINE: SKY :PK WND
================================================================================
1 2 3 4 5 6A 6B 7 8 9 10 11 12 13 14 15 16 17 18
12Z AVG MX 2MIN
DY MAX MIN AVG DEP HDD CDD WTR SNW DPTH SPD SPD DIR MIN PSBL S-S WX SPD DR
================================================================================
1 91 68 80 M 0 15 0.00 M M 7.4 16 230 M M 1 3 33 190
2 88 70 79 M 0 14 0.03 M M 6.3 12 240 M M 2 17 170
3 91 70 81 M 0 16 0.00 M M 5.1 16 300 M M 0 30 99
4 91 70 81 M 0 16 0.02 M M 6.2 29 250 M M 2 35 250
5 84 70 77 M 0 12 0.00 M M 4.6 9 330 M M 2 14 99
6 91 64 78 M 0 13 0.00 M M 5.8 13 150 M M 0 16 150
7 95 64 80 M 0 15 0.00 M M 4.4 12 240 M M 0 12 99
8 91 66 79 M 0 14 0.00 M M 9.4 21 340 M M 0 28 350
9 95 64 80 M 0 15 0.00 M M 8.4 15 150 M M 0 22 170
10 97 61 79 M 0 14 0.00 M M 8.1 15 230 M M 0 26 190
11 95 57 76 M 0 11 0.00 M M 6.7 15 180 M M 0 20 180
12 90 55 73 M 0 8 0.00 M M 6.9 14 160 M M 0 20 160
13 90 54 72 M 0 7 0.00 M M 7.4 10 190 M M 0 17 140
14 93 59 76 M 0 11 0.00 M M 8.0 13 170 M M 0 16 170
15 88 66 77 M 0 12 0.00 M M 8.5 15 160 M M 0 20 170
16 91 63 77 M 0 12 0.00 M M 11.0 16 150 M M 0 24 160
17 99 63 81 M 0 16 0.00 M M 6.9 16 340 M M 0 8 22 360
18 91 63 77 M 0 12 0.00 M M 9.7 17 340 M M 0 22 340
19 97 59 78 M 0 13 0.00 M M 9.0 17 170 M M 0 28 230
20 95 64 80 M 0 15 0.00 M M 5.5 13 280 M M 0 16 99
21 79 59 69 M 0 4 0.00 M M 11.1 20 350 M M 0 8 25 350
22 81 50 66 M 0 1 0.00 M M 11.5 22 150 M M 0 30 160
23 88 50 69 M 0 4 0.00 M M 10.4 16 140 M M 0 23 140
24 88 61 75 M 0 10 0.00 M M 6.8 13 140 M M 0 14 99
25 84 59 72 M 0 7 0.00 M M 6.1 14 160 M M 0 21 160
26 88 63 76 M 0 11 0.00 M M 9.4 20 140 M M 1 24 140
27 86 61 74 M 0 9 0.00 M M 10.9 23 250 M M 1 35 240
28 84 61 73 M 0 8 0.00 M M 13.7 24 230 M M 1 33 230
29 86 61 74 M 0 9 0.00 M M 6.8 13 270 M M 0 16 270
30 68 55 62 M 3 0 0.22 M M 10.5 26 290 M M 4 35 290
================================================================================
SM 2675 1850 3 324 0.27 M 242.4 M 14
================================================================================
AV 89.2 61.7 8.1 FASTST M M 0 MAX(MPH)
MISC ----> 29 250 # 35 250
================================================================================
NOTES:
# LAST OF SEVERAL OCCURRENCES
COLUMN 17 PEAK WIND IN M.P.H.
PRELIMINARY LOCAL CLIMATOLOGICAL DATA (WS FORM: F-6) , PAGE 2
STATION: ARTESIA
MONTH: SEPTEMBER
YEAR: 2021
LATITUDE: 32 54 N
LONGITUDE: 104 30 W
[TEMPERATURE DATA] [PRECIPITATION DATA] SYMBOLS USED IN COLUMN 16
AVERAGE MONTHLY: 75.4 TOTAL FOR MONTH: 0.27 1 = FOG OR MIST
DPTR FM NORMAL: 0.0 DPTR FM NORMAL: M 2 = FOG REDUCING VISIBILITY
HIGHEST: 99 ON 17 GRTST 24HR 0.22 ON 30-30 TO 1/4 MILE OR LESS
LOWEST: 50 ON 23,22 3 = THUNDER
SNOW, ICE PELLETS, HAIL 4 = ICE PELLETS
TOTAL MONTH: M 5 = HAIL
GRTST 24HR M ON M 6 = FREEZING RAIN OR DRIZZLE
GRTST DEPTH: M ON M 7 = DUSTSTORM OR SANDSTORM:
VSBY 1/2 MILE OR LESS
8 = SMOKE OR HAZE
[NO. OF DAYS WITH] [WEATHER - DAYS WITH] 9 = BLOWING SNOW
X = TORNADO
MAX 32 OR BELOW: 0 0.01 INCH OR MORE: 3
MAX 90 OR ABOVE: 17 0.10 INCH OR MORE: 1
MIN 32 OR BELOW: 0 0.50 INCH OR MORE: 0
MIN 0 OR BELOW: 0 1.00 INCH OR MORE: 0
[HDD (BASE 65) ]
TOTAL THIS MO. 3 CLEAR (SCALE 0-3) 29
DPTR FM NORMAL M PTCLDY (SCALE 4-7) 1
TOTAL FM JUL 1 3 CLOUDY (SCALE 8-10) 0
DPTR FM NORMAL M
[CDD (BASE 65) ]
TOTAL THIS MO. 324
DPTR FM NORMAL M [PRESSURE DATA]
TOTAL FM JAN 1 1950 HIGHEST SLP M ON M
DPTR FM NORMAL M LOWEST SLP M ON M
[REMARKS]
#FINAL-09-21#