000
CXUS54 KMAF 011110
CF6ATS
PRELIMINARY LOCAL CLIMATOLOGICAL DATA (WS FORM: F-6)
STATION: ARTESIA
MONTH: APRIL
YEAR: 2021
LATITUDE: 32 54 N
LONGITUDE: 104 30 W
TEMPERATURE IN F: :PCPN: SNOW: WIND :SUNSHINE: SKY :PK WND
================================================================================
1 2 3 4 5 6A 6B 7 8 9 10 11 12 13 14 15 16 17 18
12Z AVG MX 2MIN
DY MAX MIN AVG DEP HDD CDD WTR SNW DPTH SPD SPD DIR MIN PSBL S-S WX SPD DR
================================================================================
1 64 34 49 M 16 0 0.00 M M 13.5 25 160 M M 0 30 160
2 77 43 60 M 5 0 0.00 M M 11.7 24 150 M M 0 33 150
3 77 50 64 M 1 0 0.00 M M 7.8 14 150 M M 1 20 60
4 75 48 62 M 3 0 0.00 M M 12.9 20 160 M M 2 25 130
5 91 54 73 M 0 8 0.00 M M 14.8 23 230 M M 3 1 33 230
6 90 55 73 M 0 8 0.00 M M 15.2 31 230 M M 0 43 230
7 81 43 62 M 3 0 0.00 M M 10.0 21 360 M M 0 28 360
8 90 43 67 M 0 2 0.00 M M 11.5 32 300 M M 0 40 300
9 86 57 72 M 0 7 0.00 M M 16.1 29 300 M M 0 37 300
10 75 39 57 M 8 0 0.00 M M 11.5 18 140 M M 0 26 150
11 86 46 66 M 0 1 0.00 M M 8.7 16 220 M M 0 26 220
12 72 50 61 M 4 0 0.00 M M 12.5 33 350 M M 0 44 350
13 68 43 56 M 9 0 0.00 M M 9.7 16 150 M M 3 23 150
14 72 50 61 M 4 0 0.00 M M 10.7 17 100 M M 6 25 110
15 63 50 57 M 8 0 0.00 M M 12.8 20 160 M M 6 1 24 140
16 70 45 58 M 7 0 0.00 M M 7.7 21 60 M M 4 1 26 60
17 55 43 49 M 16 0 0.00 M M 8.2 15 140 M M 7 17 170
18 54 43 49 M 16 0 0.02 M M 4.8 9 250 M M 7 15 190
19 72 39 56 M 9 0 0.00 M M 8.8 15 230 M M 1 23 99
20 57 36 47 M 18 0 0.00 M M 12.9 36 350 M M 1 43 350
21 61 34 48 M 17 0 0.00 M M 13.6 21 140 M M 0 27 150
22 79 37 58 M 7 0 0.00 M M 12.8 23 200 M M 0 32 210
23 79 48 64 M 1 0 0.00 M M 14.1 32 290 M M 0 1 43 290
24 81 43 62 M 3 0 0.00 M M 12.6 25 150 M M 0 32 150
25 91 50 71 M 0 6 0.00 M M 16.3 28 220 M M 0 39 220
26 86 54 70 M 0 5 0.00 M M 14.5 31 230 M M 0 38 230
27 82 61 72 M 0 7 0.00 M M 18.3 28 240 M M 0 36 250
28 70 52 61 M 4 0 0.00 M M 14.2 24 290 M M 3 32 310
29 54 50 52 M 13 0 0.49 M M 11.2 16 360 M M 8 23 320
30 66 52 59 M 6 0 0.13 M M 6.3 12 300 M M 5 15 90
================================================================================
SM 2224 1392 178 44 0.64 M 355.7 M 57
================================================================================
AV 74.1 46.4 11.9 FASTST M M 2 MAX(MPH)
MISC ----> 36 350 44 350
================================================================================
NOTES:
# LAST OF SEVERAL OCCURRENCES
COLUMN 17 PEAK WIND IN M.P.H.
PRELIMINARY LOCAL CLIMATOLOGICAL DATA (WS FORM: F-6) , PAGE 2
STATION: ARTESIA
MONTH: APRIL
YEAR: 2021
LATITUDE: 32 54 N
LONGITUDE: 104 30 W
[TEMPERATURE DATA] [PRECIPITATION DATA] SYMBOLS USED IN COLUMN 16
AVERAGE MONTHLY: 60.3 TOTAL FOR MONTH: 0.64 1 = FOG OR MIST
DPTR FM NORMAL: 0.0 DPTR FM NORMAL: M 2 = FOG REDUCING VISIBILITY
HIGHEST: 91 ON 25, 5 GRTST 24HR 0.49 ON 29-29 TO 1/4 MILE OR LESS
LOWEST: 34 ON 21, 1 3 = THUNDER
SNOW, ICE PELLETS, HAIL 4 = ICE PELLETS
TOTAL MONTH: M 5 = HAIL
GRTST 24HR M ON M 6 = FREEZING RAIN OR DRIZZLE
GRTST DEPTH: M ON M 7 = DUSTSTORM OR SANDSTORM:
VSBY 1/2 MILE OR LESS
8 = SMOKE OR HAZE
[NO. OF DAYS WITH] [WEATHER - DAYS WITH] 9 = BLOWING SNOW
X = TORNADO
MAX 32 OR BELOW: 0 0.01 INCH OR MORE: 3
MAX 90 OR ABOVE: 4 0.10 INCH OR MORE: 2
MIN 32 OR BELOW: 0 0.50 INCH OR MORE: 0
MIN 0 OR BELOW: 0 1.00 INCH OR MORE: 0
[HDD (BASE 65) ]
TOTAL THIS MO. 178 CLEAR (SCALE 0-3) 21
DPTR FM NORMAL M PTCLDY (SCALE 4-7) 8
TOTAL FM JUL 1 3066 CLOUDY (SCALE 8-10) 1
DPTR FM NORMAL M
[CDD (BASE 65) ]
TOTAL THIS MO. 44
DPTR FM NORMAL M [PRESSURE DATA]
TOTAL FM JAN 1 48 HIGHEST SLP M ON M
DPTR FM NORMAL M LOWEST SLP M ON M
[REMARKS]
#FINAL-04-21#