000
CXUS54 KEWX 261044
CF6ATT
PRELIMINARY LOCAL CLIMATOLOGICAL DATA (WS FORM: F-6)
STATION: AUSTIN CAMP MABRY
MONTH: JANUARY
YEAR: 2021
LATITUDE: 30 17 N
LONGITUDE: 97 42 W
TEMPERATURE IN F: :PCPN: SNOW: WIND :SUNSHINE: SKY :PK WND
================================================================================
1 2 3 4 5 6A 6B 7 8 9 10 11 12 13 14 15 16 17 18
12Z AVG MX 2MIN
DY MAX MIN AVG DEP HDD CDD WTR SNW DPTH SPD SPD DIR MIN PSBL S-S WX SPD DR
================================================================================
1 53 37 45 -6 20 0 0.00 0.0 0 5.7 15 300 M M 4 26 300
2 64 37 51 0 14 0 0.00 0.0 0 2.5 9 320 M M 0 17 290
3 72 37 55 4 10 0 0.00 0.0 0 3.5 13 230 M M 0 24 210
4 78 39 59 8 6 0 0.00 0.0 0 2.4 8 20 M M 0 16 40
5 73 44 59 8 6 0 0.00 0.0 0 4.5 12 150 M M 3 20 150
6 71 49 60 9 5 0 0.03 0.0 0 5.5 18 290 M M 6 1 41 320
7 63 42 53 2 12 0 0.00 0.0 0 5.8 16 340 M M 0 31 330
8 54 37 46 -5 19 0 0.00 0.0 0 3.8 12 20 M M 2 20 10
9 54 32 43 -8 22 0 0.01 0.0 0 1.9 9 110 M M 3 15 70
10 45 34 40 -11 25 0 1.07 1.5 0 5.3 12 20 M M 10 124 21 20
11 50 32 41 -10 24 0 0.00 0.0 1 4.4 10 360 M M 4 18 360
12 53 31 42 -9 23 0 0.00 0.0 0 1.1 7 180 M M 4 12 13 200
13 67 32 50 -1 15 0 0.00 0.0 0 2.8 9 230 M M 0 16 240
14 69 38 54 3 11 0 0.00 0.0 0 5.0 18 350 M M 0 32 350
15 60 39 50 -1 15 0 0.00 0.0 0 6.2 18 290 M M 0 32 280
16 65 37 51 0 14 0 0.00 0.0 0 3.2 8 290 M M 4 14 330
17 69 39 54 3 11 0 0.00 0.0 0 2.1 10 290 M M 0 19 280
18 75 37 56 4 9 0 T 0.0 0 4.6 14 210 M M 4 26 210
19 69 50 60 8 5 0 0.35 0.0 0 6.3 14 10 M M 10 1 25 360
20 55 48 52 0 13 0 0.06 0.0 0 3.2 10 20 M M 10 1 21 10
21 66 50 58 6 7 0 T 0.0 0 1.0 6 160 M M 6 1 10 150
22 78 52 65 13 0 0 0.01 0.0 0 3.9 15 20 M M 5 1 24 30
23 61 50 56 4 9 0 0.01 0.0 0 3.2 8 20 M M 10 18 14 50
24 71 60 66 14 0 1 0.03 0.0 0 4.5 15 150 M M 10 12 27 170
25 76 49 63 11 2 0 0.06 0.0 0 4.7 15 290 M M 5 1 30 280
26 73 46 60 8 5 0 0.00 0.0 0 4.5 15 10 M M 1 28 360
27 65 45 55 3 10 0 0.00 0.0 0 6.7 15 360 M M 2 29 340
28 56 38 47 -5 18 0 0.00 0.0 0 3.4 8 90 M M 0 17 80
29 69 36 53 1 12 0 0.00 0.0 0 4.3 13 160 M M 5 27 180
30 80 53 67 15 0 2 T 0.0 0 5.0 13 160 M M 6 26 190
31 69 49 59 6 6 0 0.00 0.0 0 7.0 15 10 M M 1 31 320
================================================================================
SM 2023 1299 348 3 1.63 1.5 128.0 M 115
================================================================================
AV 65.3 41.9 4.1 FASTST M M 4 MAX(MPH)
MISC ----> # 18 290 41 320
================================================================================
NOTES:
# LAST OF SEVERAL OCCURRENCES
COLUMN 17 PEAK WIND IN M.P.H.
PRELIMINARY LOCAL CLIMATOLOGICAL DATA (WS FORM: F-6) , PAGE 2
STATION: AUSTIN CAMP MABRY
MONTH: JANUARY
YEAR: 2021
LATITUDE: 30 17 N
LONGITUDE: 97 42 W
[TEMPERATURE DATA] [PRECIPITATION DATA] SYMBOLS USED IN COLUMN 16
AVERAGE MONTHLY: 53.6 TOTAL FOR MONTH: 1.63 1 = FOG OR MIST
DPTR FM NORMAL: 2.1 DPTR FM NORMAL: -0.59 2 = FOG REDUCING VISIBILITY
HIGHEST: 80 ON 30 GRTST 24HR 1.08 ON 9-10 TO 1/4 MILE OR LESS
LOWEST: 31 ON 12 3 = THUNDER
SNOW, ICE PELLETS, HAIL 4 = ICE PELLETS
TOTAL MONTH: 1.5 INCHES 5 = HAIL
GRTST 24HR 1.5 ON 10-10 6 = FREEZING RAIN OR DRIZZLE
GRTST DEPTH: 1 ON 11 7 = DUSTSTORM OR SANDSTORM:
VSBY 1/2 MILE OR LESS
8 = SMOKE OR HAZE
[NO. OF DAYS WITH] [WEATHER - DAYS WITH] 9 = BLOWING SNOW
X = TORNADO
MAX 32 OR BELOW: 0 0.01 INCH OR MORE: 9
MAX 90 OR ABOVE: 0 0.10 INCH OR MORE: 2
MIN 32 OR BELOW: 4 0.50 INCH OR MORE: 1
MIN 0 OR BELOW: 0 1.00 INCH OR MORE: 1
[HDD (BASE 65) ]
TOTAL THIS MO. 348 CLEAR (SCALE 0-3) 15
DPTR FM NORMAL -80 PTCLDY (SCALE 4-7) 11
TOTAL FM JUL 1 807 CLOUDY (SCALE 8-10) 5
DPTR FM NORMAL -230
[CDD (BASE 65) ]
TOTAL THIS MO. 3
DPTR FM NORMAL -6 [PRESSURE DATA]
TOTAL FM JAN 1 3 HIGHEST SLP 30.62 ON 28
DPTR FM NORMAL -6 LOWEST SLP 29.63 ON 25
[REMARKS]
#FINAL-01-21#