000
CXUS53 KGRB 240647
CF6ATW
PRELIMINARY LOCAL CLIMATOLOGICAL DATA (WS FORM: F-6)
STATION: APPLETON WI
MONTH: JUNE
YEAR: 2022
LATITUDE: 44 16 N
LONGITUDE: 88 31 W
TEMPERATURE IN F: :PCPN: SNOW: WIND :SUNSHINE: SKY :PK WND
================================================================================
1 2 3 4 5 6A 6B 7 8 9 10 11 12 13 14 15 16 17 18
12Z AVG MX 2MIN
DY MAX MIN AVG DEP HDD CDD WTR SNW DPTH SPD SPD DIR MIN PSBL S-S WX SPD DR
================================================================================
1 72 55 64 1 1 0 M M M 8.1 13 310 M M 4 16 300
2 75 46 61 -2 4 0 M M M 8.2 15 260 M M 3 23 280
3 68 48 58 -5 7 0 M M M 12.5 25 270 M M 0 35 270
4 70 45 58 -6 7 0 M M M 7.8 14 230 M M 5 20 240
5 61 48 55 -9 10 0 0.09 M M 4.2 8 60 M M 8 M M
6 63 52 58 -6 7 0 0.46 M M 8.3 15 30 M M 9 1 18 50
7 72 50 61 -4 4 0 M M M 4.6 8 190 M M 6 1 M M
8 61 52 57 -8 8 0 M M M 4.2 8 210 M M 8 M M
9 73 50 62 -3 3 0 M M M 7.7 15 290 M M 6 12 28 270
10 79 54 67 1 0 2 M M M 4.9 13 280 M M 5 17 270
11 66 55 61 -5 4 0 0.14 M M 6.7 10 10 M M 8 M M
12 70 52 61 -5 4 0 M M M 7.0 12 20 M M 5 M M
13 72 54 63 -4 2 0 M M M 6.8 15 50 M M 6 13 18 110
14 93 63 78 11 0 13 M M M 8.7 17 180 M M 5 1 23 180
15 88 66 77 10 0 12 M M M 10.8 43 260 M M 5 3 59 260
16 82 61 72 4 0 7 M M M 15.4 25 270 M M 3 38 270
17 81 57 69 1 0 4 M M M 10.5 18 300 M M 1 25 310
18 72 48 60 -8 5 0 M M M 5.6 10 50 M M 2 16 70
19 79 52 66 -2 0 1 M M M 7.0 13 190 M M 4 M M
20 90 64 77 8 0 12 M M M 10.9 17 220 M M 0 23 220
21 91 70 81 12 0 16 M M M 11.8 21 230 M M 3 26 230
22 81 61 71 2 0 6 M M M 10.0 15 300 M M 0 21 300
23 82 59 71 1 0 6 M M M 6.5 10 210 M M 1 M M
================================================================================
SM 1741 1262 66 79 0.69 M 188.0 M 97
================================================================================
AV 75.7 54.9 8.2 FASTST M M 4 MAX(MPH)
MISC ----> 43 260 59 260
================================================================================
NOTES:
# LAST OF SEVERAL OCCURRENCES
COLUMN 17 PEAK WIND IN M.P.H.
PRELIMINARY LOCAL CLIMATOLOGICAL DATA (WS FORM: F-6) , PAGE 2
STATION: APPLETON WI
MONTH: JUNE
YEAR: 2022
LATITUDE: 44 16 N
LONGITUDE: 88 31 W
[TEMPERATURE DATA] [PRECIPITATION DATA] SYMBOLS USED IN COLUMN 16
AVERAGE MONTHLY: 65.3 TOTAL FOR MONTH: 0.69 1 = FOG OR MIST
DPTR FM NORMAL: -1.0 DPTR FM NORMAL: -2.44 2 = FOG REDUCING VISIBILITY
HIGHEST: 93 ON 14 GRTST 24HR 0.46 ON 6- 6 TO 1/4 MILE OR LESS
LOWEST: 45 ON 4 3 = THUNDER
SNOW, ICE PELLETS, HAIL 4 = ICE PELLETS
TOTAL MONTH: M 5 = HAIL
GRTST 24HR M ON M 6 = FREEZING RAIN OR DRIZZLE
GRTST DEPTH: M ON M 7 = DUSTSTORM OR SANDSTORM:
VSBY 1/2 MILE OR LESS
8 = SMOKE OR HAZE
[NO. OF DAYS WITH] [WEATHER - DAYS WITH] 9 = BLOWING SNOW
X = TORNADO
MAX 32 OR BELOW: 0 0.01 INCH OR MORE: 3
MAX 90 OR ABOVE: 3 0.10 INCH OR MORE: 2
MIN 32 OR BELOW: 0 0.50 INCH OR MORE: 0
MIN 0 OR BELOW: 0 1.00 INCH OR MORE: 0
[HDD (BASE 65) ]
TOTAL THIS MO. 66 CLEAR (SCALE 0-3) 8
DPTR FM NORMAL 11 PTCLDY (SCALE 4-7) 14
TOTAL FM JUL 1 7391 CLOUDY (SCALE 8-10) 1
DPTR FM NORMAL -230
[CDD (BASE 65) ]
TOTAL THIS MO. 79
DPTR FM NORMAL -7 [PRESSURE DATA]
TOTAL FM JAN 1 140 HIGHEST SLP M ON M
DPTR FM NORMAL 19 LOWEST SLP M ON M
[REMARKS]