000
CXUS53 KGID 110407 CCA
CF6AUH
PRELIMINARY LOCAL CLIMATOLOGICAL DATA (WS FORM: F-6)
STATION: AURORA NE
MONTH: FEBRUARY
YEAR: 2022
LATITUDE: 40 54 N
LONGITUDE: 97 59 W
TEMPERATURE IN F: :PCPN: SNOW: WIND :SUNSHINE: SKY :PK WND
================================================================================
1 2 3 4 5 6A 6B 7 8 9 10 11 12 13 14 15 16 17 18
12Z AVG MX 2MIN
DY MAX MIN AVG DEP HDD CDD WTR SNW DPTH SPD SPD DIR MIN PSBL S-S WX SPD DR
================================================================================
1 36 20 28 M 37 0 0.00 M M 17.4 27 360 M M 3 33 360
2 20 8 14 M 51 0 0.00 M M 18.1 22 360 M M 9 29 10
3 21 -2 10 M 55 0 0.00 M M 7.0 15 40 M M 1 M M
4 33 8 21 M 44 0 0.00 M M 10.5 18 340 M M 2 25 330
5 57 16 37 M 28 0 0.00 M M 9.1 20 230 M M 0 25 220
6 45 20 33 M 32 0 0.00 M M 13.8 30 340 M M 2 36 340
7 62 25 44 M 21 0 0.00 M M 11.1 15 300 M M 3 24 290
8 59 27 43 M 22 0 0.00 M M 15.3 27 330 M M 0 33 330
9 52 30 41 M 24 0 0.00 M M 14.4 29 330 M M 3 37 320
10 60 17 39 M 26 0 T M M 12.9 27 230 M M 3 33 230
11 51 15 33 M 32 0 T M M 21.1 37 330 M M 3 45 330
12 43 4 24 M 41 0 0.00 M M 8.2 17 310 M M 5 28 310
13 38 10 24 M 41 0 0.00 M M 9.9 18 210 M M 1 23 210
14 45 22 34 M 31 0 0.00 M M 8.8 17 360 M M 0 22 350
15 58 24 41 M 24 0 0.00 M M 11.2 17 200 M M 0 24 170
16 40 25 33 M 32 0 0.00 M M 20.8 29 20 M M 4 36 20
17 31 13 22 M 43 0 0.00 M M 15.3 31 360 M M 2 37 360
18 62 22 42 M 23 0 0.00 M M 17.0 27 360 M M 2 33 360
19 43 18 31 M 34 0 0.00 M M 13.2 22 190 M M 3 30 190
20 67 32 50 M 15 0 0.00 M M 10.4 17 360 M M 0 24 210
21 42 6 24 M 41 0 M M M 19.2 30 350 M M 6 18 37 350
22 12 -2 5 M 60 0 M M M 25.0 29 340 M M 8 8 39 340
23 15 -2 7 M 58 0 0.00 M M 13.8 23 340 M M 4 28 340
24 19 -3 8 M 57 0 0.00 M M 8.8 16 10 M M 6 18 10
25 32 -6 13 M 52 0 0.00 M M 5.3 10 230 M M 0 16 220
26 49 9 29 M 36 0 0.00 M M 9.1 18 230 M M 0 22 230
27 60 15 38 M 27 0 0.00 M M 9.3 16 240 M M 0 22 260
28 68 25 47 M 18 0 0.00 M M 7.4 12 230 M M 0 M M
================================================================================
SM 1220 396 1005 0 M M 363.4 M 70
================================================================================
AV 43.6 14.1 13.0 FASTST M M 3 MAX(MPH)
MISC ----> 37 330 M M
================================================================================
NOTES:
# LAST OF SEVERAL OCCURRENCES
COLUMN 17 PEAK WIND IN M.P.H.
PRELIMINARY LOCAL CLIMATOLOGICAL DATA (WS FORM: F-6) , PAGE 2
STATION: AURORA NE
MONTH: FEBRUARY
YEAR: 2022
LATITUDE: 40 54 N
LONGITUDE: 97 59 W
[TEMPERATURE DATA] [PRECIPITATION DATA] SYMBOLS USED IN COLUMN 16
AVERAGE MONTHLY: 28.9 TOTAL FOR MONTH: M 1 = FOG OR MIST
DPTR FM NORMAL: M DPTR FM NORMAL: M 2 = FOG REDUCING VISIBILITY
HIGHEST: 68 ON 28 GRTST 24HR M ON M TO 1/4 MILE OR LESS
LOWEST: -6 ON 25 3 = THUNDER
SNOW, ICE PELLETS, HAIL 4 = ICE PELLETS
TOTAL MONTH: M 5 = HAIL
GRTST 24HR M ON M 6 = FREEZING RAIN OR DRIZZLE
GRTST DEPTH: M ON M 7 = DUSTSTORM OR SANDSTORM:
VSBY 1/2 MILE OR LESS
8 = SMOKE OR HAZE
[NO. OF DAYS WITH] [WEATHER - DAYS WITH] 9 = BLOWING SNOW
X = TORNADO
MAX 32 OR BELOW: 7 0.01 INCH OR MORE: M
MAX 90 OR ABOVE: 0 0.10 INCH OR MORE: M
MIN 32 OR BELOW: 28 0.50 INCH OR MORE: M
MIN 0 OR BELOW: 5 1.00 INCH OR MORE: M
[HDD (BASE 65) ]
TOTAL THIS MO. 1005 CLEAR (SCALE 0-3) 21
DPTR FM NORMAL M PTCLDY (SCALE 4-7) 5
TOTAL FM JUL 1 4029 CLOUDY (SCALE 8-10) 2
DPTR FM NORMAL M
[CDD (BASE 65) ]
TOTAL THIS MO. 0
DPTR FM NORMAL M [PRESSURE DATA]
TOTAL FM JAN 1 0 HIGHEST SLP M ON M
DPTR FM NORMAL M LOWEST SLP M ON M
[REMARKS]
#FINAL-02-22#