000
CXUS54 KBMX 011010
CF6AUO
PRELIMINARY LOCAL CLIMATOLOGICAL DATA (WS FORM: F-6)
STATION: AUBURN AWOS
MONTH: JULY
YEAR: 2022
LATITUDE: 32 34 N
LONGITUDE: 85 30 W
TEMPERATURE IN F: :PCPN: SNOW: WIND :SUNSHINE: SKY :PK WND
================================================================================
1 2 3 4 5 6A 6B 7 8 9 10 11 12 13 14 15 16 17 18
12Z AVG MX 2MIN
DY MAX MIN AVG DEP HDD CDD WTR SNW DPTH SPD SPD DIR MIN PSBL S-S WX SPD DR
================================================================================
1 88 72 80 M 0 15 0.12 0.0 0 4.4 13 20 M M 3 3 M M
2 90 70 80 M 0 15 0.01 0.0 0 3.3 12 240 M M 2 M M
3 92 72 82 M 0 17 1.34 0.0 0 5.6 16 80 M M 6 13 24 80
4 90 72 81 M 0 16 0.20 0.0 0 4.0 9 300 M M 4 13 M M
5 91 73 82 M 0 17 0.00 0.0 0 2.3 8 190 M M 3 128 M M
6 93 75 84 M 0 19 0.00 0.0 0 5.0 9 220 M M 2 M M
7 94 77 86 M 0 21 0.00 0.0 0 4.5 10 230 M M 2 M M
8 94 75 85 M 0 20 M 0.0 M 6.0 14 310 M M 2 3 20 310
9 81 72 77 M 0 12 0.50 0.0 0 6.2 16 310 M M 4 138 27 310
10 86 71 79 M 0 14 0.01 0.0 0 5.3 9 310 M M 5 M M
11 85 74 80 M 0 15 T 0.0 M 6.2 10 60 M M 5 8 M M
12 87 73 80 M 0 15 T 0.0 M 3.8 8 180 M M 6 3 M M
13 88 71 80 M 0 15 0.49 0.0 0 4.1 10 330 M M 8 13 29 330
14 85 69 77 M 0 12 3.39 0.0 0 5.4 13 160 M M 7 13 M M
15 91 69 80 M 0 15 0.00 0.0 0 5.0 13 170 M M 1 M M
16 88 70 79 M 0 14 0.00 0.0 0 4.5 8 160 M M 2 128 M M
17 89 71 80 M 0 15 0.00 0.0 M 4.5 13 180 M M 1 M M
18 90 72 81 M 0 16 T 0.0 M 6.4 23 320 M M 3 35 310
19 90 72 81 M 0 16 0.01 0.0 M 7.0 14 180 M M 4 8 M M
20 91 75 83 M 0 18 M 0.0 M 8.2 14 230 M M 5 M M
21 90 70 80 M 0 15 M 0.0 M 9.0 20 90 M M 5 3 28 90
22 88 70 79 M 0 14 0.02 0.0 0 5.3 22 160 M M 3 3 33 150
23 87 71 79 M 0 14 0.06 0.0 0 3.6 13 160 M M 4 13 17 160
24 91 73 82 M 0 17 0.27 0.0 0 4.0 8 210 M M 1 M M
25 90 71 81 M 0 16 M 0.0 0 5.0 10 220 M M 3 M M
26 90 72 81 M 0 16 0.00 0.0 0 4.6 9 200 M M 2 M M
27 92 73 83 M 0 18 0.00 0.0 0 4.4 10 180 M M 1 M M
28 91 73 82 M 0 17 0.11 0.0 0 6.2 13 170 M M 4 M M
29 91 73 82 M 0 17 0.00 0.0 0 6.4 17 220 M M 3 21 220
30 90 73 82 M 0 17 0.02 0.0 0 6.3 16 270 M M 5 M M
31 93 71 82 M 0 17 M 0.0 M 5.6 10 260 M M 2 M M
================================================================================
SM 2776 2235 0 495 6.55 0.0 162.1 M 108
================================================================================
AV 89.5 72.1 5.2 FASTST M M 3 MAX(MPH)
MISC ----> 23 320 35 310
================================================================================
NOTES:
# LAST OF SEVERAL OCCURRENCES
COLUMN 17 PEAK WIND IN M.P.H.
PRELIMINARY LOCAL CLIMATOLOGICAL DATA (WS FORM: F-6) , PAGE 2
STATION: AUBURN AWOS
MONTH: JULY
YEAR: 2022
LATITUDE: 32 34 N
LONGITUDE: 85 30 W
[TEMPERATURE DATA] [PRECIPITATION DATA] SYMBOLS USED IN COLUMN 16
AVERAGE MONTHLY: 80.8 TOTAL FOR MONTH: 6.55 1 = FOG OR MIST
DPTR FM NORMAL: 0.0 DPTR FM NORMAL: M 2 = FOG REDUCING VISIBILITY
HIGHEST: 94 ON 8, 7 GRTST 24HR 3.39 ON 14-14 TO 1/4 MILE OR LESS
LOWEST: 69 ON 15,14 3 = THUNDER
SNOW, ICE PELLETS, HAIL 4 = ICE PELLETS
TOTAL MONTH: 0.0 INCH 5 = HAIL
GRTST 24HR 0.0 6 = FREEZING RAIN OR DRIZZLE
GRTST DEPTH: 0 7 = DUSTSTORM OR SANDSTORM:
VSBY 1/2 MILE OR LESS
8 = SMOKE OR HAZE
[NO. OF DAYS WITH] [WEATHER - DAYS WITH] 9 = BLOWING SNOW
X = TORNADO
MAX 32 OR BELOW: 0 0.01 INCH OR MORE: 14
MAX 90 OR ABOVE: 20 0.10 INCH OR MORE: 8
MIN 32 OR BELOW: 0 0.50 INCH OR MORE: 3
MIN 0 OR BELOW: 0 1.00 INCH OR MORE: 2
[HDD (BASE 65) ]
TOTAL THIS MO. 0 CLEAR (SCALE 0-3) 16
DPTR FM NORMAL M PTCLDY (SCALE 4-7) 15
TOTAL FM JUL 1 0 CLOUDY (SCALE 8-10) 0
DPTR FM NORMAL M
[CDD (BASE 65) ]
TOTAL THIS MO. 495
DPTR FM NORMAL M [PRESSURE DATA]
TOTAL FM JAN 1 1167 HIGHEST SLP M ON M
DPTR FM NORMAL M LOWEST SLP M ON M
[REMARKS]
#FINAL-07-22#