000
CXUS54 KBMX 011110
CF6AUO
PRELIMINARY LOCAL CLIMATOLOGICAL DATA (WS FORM: F-6)
STATION: AUBURN AWOS
MONTH: DECEMBER
YEAR: 2021
LATITUDE: 32 34 N
LONGITUDE: 85 30 W
TEMPERATURE IN F: :PCPN: SNOW: WIND :SUNSHINE: SKY :PK WND
================================================================================
1 2 3 4 5 6A 6B 7 8 9 10 11 12 13 14 15 16 17 18
12Z AVG MX 2MIN
DY MAX MIN AVG DEP HDD CDD WTR SNW DPTH SPD SPD DIR MIN PSBL S-S WX SPD DR
================================================================================
1 M M M M M M 0.00 0.0 0 M M M M M 0 M M
2 M M M M M M M M M M M M M M 0 M M
3 72 M M M M M 0.00 0.0 0 3.5 7 240 M M 0 M M
4 72 50 61 M 4 0 0.00 0.0 0 3.2 9 200 M M 1 12 M M
5 72 58 65 M 0 0 0.00 0.0 0 5.2 12 170 M M 6 M M
6 70 51 61 M 4 0 0.85 0.0 0 7.1 23 320 M M 9 123 31 310
7 53 42 48 M 17 0 0.13 0.0 0 5.2 10 360 M M 9 1 M M
8 57 40 49 M 16 0 1.03 0.0 0 6.1 12 330 M M 6 123 16 320
9 59 39 49 M 16 0 0.34 0.0 0 6.5 9 100 M M 3 1 M M
10 69 51 60 M 5 0 0.23 0.0 0 7.7 14 170 M M 10 12 18 160
11 78 47 63 M 2 0 0.68 0.0 0 11.7 22 300 M M 10 1 40 300
12 60 39 50 M 15 0 0.00 0.0 0 7.2 13 330 M M 0 16 20
13 65 37 51 M 14 0 0.00 0.0 0 4.7 9 60 M M 0 M M
14 68 36 52 M 13 0 0.00 0.0 M 4.5 7 90 M M 0 M M
15 69 45 57 M 8 0 0.00 0.0 0 7.8 13 100 M M 5 17 90
16 69 52 61 M 4 0 0.00 0.0 0 4.9 8 100 M M 4 1 M M
17 66 57 62 M 3 0 0.00 0.0 0 4.1 8 180 M M 5 12 M M
18 68 60 64 M 1 0 1.80 0.0 0 6.8 14 230 M M 8 13 18 230
19 61 37 49 M 16 0 0.01 0.0 0 8.4 15 350 M M 6 12 23 350
20 48 37 43 M 22 0 T M M 8.3 14 90 M M 6 1 M M
21 42 38 40 M 25 0 0.38 M M 7.8 13 30 M M 8 1 M M
22 58 35 47 M 18 0 M M M 7.6 14 320 M M 0 20 330
23 61 32 47 M 18 0 M M M 5.9 9 350 M M 0 M M
24 68 39 54 M 11 0 0.00 0.0 0 7.5 16 170 M M 1 17 190
25 71 51 61 M 4 0 0.00 0.0 0 8.0 17 240 M M 6 12 25 240
26 70 59 65 M 0 0 0.00 0.0 M 4.1 7 99 M M 6 12 M M
27 72 M M M M M 0.00 0.0 0 7.2 13 230 M M 4 12 18 220
28 76 62 69 M 0 4 0.00 0.0 0 9.4 18 210 M M 7 25 210
29 M M M M M M M 0.0 0 8.7 14 210 M M 4 1 M M
30 79 61 70 M 0 5 M 0.0 0 9.2 18 330 M M 8 12 25 330
31 79 60 70 M 0 5 0.01 0.0 0 8.4 20 190 M M 8 12 M M
================================================================================
SM 1852 1215 236 14 5.46 0.0 196.7 M 140
================================================================================
AV 66.1 46.7 6.8 FASTST M M 5 MAX(MPH)
MISC ----> 23 320 40 300
================================================================================
NOTES:
# LAST OF SEVERAL OCCURRENCES
COLUMN 17 PEAK WIND IN M.P.H.
PRELIMINARY LOCAL CLIMATOLOGICAL DATA (WS FORM: F-6) , PAGE 2
STATION: AUBURN AWOS
MONTH: DECEMBER
YEAR: 2021
LATITUDE: 32 34 N
LONGITUDE: 85 30 W
[TEMPERATURE DATA] [PRECIPITATION DATA] SYMBOLS USED IN COLUMN 16
AVERAGE MONTHLY: 56.4 TOTAL FOR MONTH: 5.46 1 = FOG OR MIST
DPTR FM NORMAL: 0.0 DPTR FM NORMAL: M 2 = FOG REDUCING VISIBILITY
HIGHEST: 79 ON 31,30 GRTST 24HR 1.80 ON 18-18 TO 1/4 MILE OR LESS
LOWEST: 32 ON 23 3 = THUNDER
SNOW, ICE PELLETS, HAIL 4 = ICE PELLETS
TOTAL MONTH: 0.0 INCH 5 = HAIL
GRTST 24HR 0.0 6 = FREEZING RAIN OR DRIZZLE
GRTST DEPTH: 0 7 = DUSTSTORM OR SANDSTORM:
VSBY 1/2 MILE OR LESS
8 = SMOKE OR HAZE
[NO. OF DAYS WITH] [WEATHER - DAYS WITH] 9 = BLOWING SNOW
X = TORNADO
MAX 32 OR BELOW: 0 0.01 INCH OR MORE: 10
MAX 90 OR ABOVE: 0 0.10 INCH OR MORE: 8
MIN 32 OR BELOW: 1 0.50 INCH OR MORE: 4
MIN 0 OR BELOW: 0 1.00 INCH OR MORE: 2
[HDD (BASE 65) ]
TOTAL THIS MO. 236 CLEAR (SCALE 0-3) 11
DPTR FM NORMAL M PTCLDY (SCALE 4-7) 15
TOTAL FM JUL 1 658 CLOUDY (SCALE 8-10) 5
DPTR FM NORMAL M
[CDD (BASE 65) ]
TOTAL THIS MO. 14
DPTR FM NORMAL M [PRESSURE DATA]
TOTAL FM JAN 1 1952 HIGHEST SLP M ON M
DPTR FM NORMAL M LOWEST SLP M ON M
[REMARKS]
#FINAL-12-21#