000
CXUS54 KEWX 011352
CF6AUS
PRELIMINARY LOCAL CLIMATOLOGICAL DATA (WS FORM: F-6)
STATION: AUSTIN BERGSTROM
MONTH: SEPTEMBER
YEAR: 2021
LATITUDE: 30 13 N
LONGITUDE: 97 40 W
TEMPERATURE IN F: :PCPN: SNOW: WIND :SUNSHINE: SKY :PK WND
================================================================================
1 2 3 4 5 6A 6B 7 8 9 10 11 12 13 14 15 16 17 18
12Z AVG MX 2MIN
DY MAX MIN AVG DEP HDD CDD WTR SNW DPTH SPD SPD DIR MIN PSBL S-S WX SPD DR
================================================================================
1 97 73 85 3 0 20 0.00 0.0 0 6.7 21 140 M M 3 1 28 130
2 97 74 86 4 0 21 0.00 0.0 0 5.9 21 110 M M 4 1 27 130
3 96 73 85 3 0 20 0.01 0.0 0 5.2 23 170 M M 3 27 170
4 96 71 84 2 0 19 0.00 0.0 0 6.8 16 220 M M 2 24 200
5 99 70 85 3 0 20 0.00 0.0 0 5.8 28 360 M M 3 37 360
6 98 74 86 5 0 21 0.11 0.0 0 4.2 31 80 M M 7 13 40 80
7 95 70 83 2 0 18 0.00 0.0 0 3.7 12 50 M M 5 18 50
8 98 64 81 0 0 16 0.00 0.0 0 5.0 22 30 M M 3 30 60
9 95 62 79 -2 0 14 0.00 0.0 0 6.9 20 20 M M 1 27 360
10 93 59 76 -4 0 11 0.00 0.0 0 3.3 13 100 M M 1 19 70
11 91 56 74 -6 0 9 0.00 0.0 0 3.1 13 90 M M 1 22 80
12 92 63 78 -2 0 13 0.00 0.0 0 3.7 12 50 M M 5 20 120
13 88 69 79 -1 0 14 T 0.0 0 8.2 22 110 M M 8 30 130
14 86 69 78 -2 0 13 0.00 0.0 0 12.2 21 10 M M 7 28 40
15 92 68 80 1 0 15 0.00 0.0 0 9.1 20 20 M M 7 28 80
16 93 64 79 0 0 14 0.00 0.0 0 5.3 16 30 M M 3 24 350
17 95 64 80 1 0 15 0.00 0.0 0 2.3 10 50 M M 2 22 90
18 97 67 82 4 0 17 0.00 0.0 0 4.1 17 90 M M 2 26 70
19 98 67 83 5 0 18 0.00 0.0 0 3.5 13 180 M M 2 18 300
20 99 73 86 8 0 21 0.00 0.0 0 8.8 15 180 M M 2 24 180
21 94 73 84 6 0 19 0.00 0.0 0 9.0 24 10 M M 5 1 32 10
22 85 53 69 -9 0 4 0.00 0.0 0 11.8 24 30 M M 3 32 10
23 86 48 67 -10 0 2 0.00 0.0 0 2.2 10 70 M M 1 15 70
24 87 50 69 -8 0 4 0.00 0.0 0 2.6 13 120 M M 1 22 80
25 89 52 71 -6 0 6 0.00 0.0 0 2.2 13 70 M M 3 19 140
26 90 52 71 -5 0 6 0.00 0.0 0 3.5 14 120 M M 3 19 120
27 91 57 74 -2 0 9 0.00 0.0 0 3.3 14 150 M M 5 18 150
28 96 67 82 6 0 17 0.29 0.0 0 7.6 28 20 M M 6 13 37 20
29 87 67 77 1 0 12 0.31 0.0 0 7.9 26 40 M M 5 3 35 50
30 92 72 82 7 0 17 0.00 0.0 0 5.2 24 120 M M 7 1 33 110
================================================================================
SM 2792 1941 0 425 0.72 0.0 169.1 M 110
================================================================================
AV 93.1 64.7 5.6 FASTST M M 4 MAX(MPH)
MISC ----> 31 80 40 80
================================================================================
NOTES:
# LAST OF SEVERAL OCCURRENCES
COLUMN 17 PEAK WIND IN M.P.H.
PRELIMINARY LOCAL CLIMATOLOGICAL DATA (WS FORM: F-6) , PAGE 2
STATION: AUSTIN BERGSTROM
MONTH: SEPTEMBER
YEAR: 2021
LATITUDE: 30 13 N
LONGITUDE: 97 40 W
[TEMPERATURE DATA] [PRECIPITATION DATA] SYMBOLS USED IN COLUMN 16
AVERAGE MONTHLY: 78.9 TOTAL FOR MONTH: 0.72 1 = FOG OR MIST
DPTR FM NORMAL: -0.2 DPTR FM NORMAL: -2.31 2 = FOG REDUCING VISIBILITY
HIGHEST: 99 ON 20, 5 GRTST 24HR 0.60 ON 28-29 TO 1/4 MILE OR LESS
LOWEST: 48 ON 23 3 = THUNDER
SNOW, ICE PELLETS, HAIL 4 = ICE PELLETS
TOTAL MONTH: 0.0 INCH 5 = HAIL
GRTST 24HR 0.0 6 = FREEZING RAIN OR DRIZZLE
GRTST DEPTH: 0 7 = DUSTSTORM OR SANDSTORM:
VSBY 1/2 MILE OR LESS
8 = SMOKE OR HAZE
[NO. OF DAYS WITH] [WEATHER - DAYS WITH] 9 = BLOWING SNOW
X = TORNADO
MAX 32 OR BELOW: 0 0.01 INCH OR MORE: 4
MAX 90 OR ABOVE: 23 0.10 INCH OR MORE: 3
MIN 32 OR BELOW: 0 0.50 INCH OR MORE: 0
MIN 0 OR BELOW: 0 1.00 INCH OR MORE: 0
[HDD (BASE 65) ]
TOTAL THIS MO. 0 CLEAR (SCALE 0-3) 16
DPTR FM NORMAL -1 PTCLDY (SCALE 4-7) 14
TOTAL FM JUL 1 0 CLOUDY (SCALE 8-10) 0
DPTR FM NORMAL 0
[CDD (BASE 65) ]
TOTAL THIS MO. 425
DPTR FM NORMAL 2 [PRESSURE DATA]
TOTAL FM JAN 1 2366 HIGHEST SLP 30.29 ON 22
DPTR FM NORMAL -373 LOWEST SLP 29.69 ON 28
[REMARKS]
#FINAL-09-21#