000
CXUS53 KGRB 061905
CF6AUW
PRELIMINARY LOCAL CLIMATOLOGICAL DATA (WS FORM: F-6)
STATION: WAUSAU WI
MONTH: JUNE
YEAR: 2023
LATITUDE: 44 55 N
LONGITUDE: 89 37 W
TEMPERATURE IN F: :PCPN: SNOW: WIND :SUNSHINE: SKY :PK WND
================================================================================
1 2 3 4 5 6A 6B 7 8 9 10 11 12 13 14 15 16 17 18
12Z AVG MX 2MIN
DY MAX MIN AVG DEP HDD CDD WTR SNW DPTH SPD SPD DIR MIN PSBL S-S WX SPD DR
================================================================================
1 91 62 77 15 0 12 T 0.0 0 5.2 17 170 M M 2 26 180
2 88 65 77 15 0 12 0.06 0.0 0 4.4 20 50 M M 2 13 29 60
3 92 58 75 13 0 10 0.12 0.0 0 5.7 25 50 M M 1 3 36 60
4 85 60 73 11 0 8 0.00 0.0 0 4.9 10 50 M M 1 8 16 110
5 88 61 75 12 0 10 0.00 0.0 0 3.8 14 60 M M 3 8 18 50
6 79 59 69 6 0 4 0.00 0.0 0 6.6 16 80 M M 5 8 23 90
7 78 51 65 2 0 0 0.00 0.0 0 7.1 15 50 M M 1 24 60
8 78 43 61 -3 4 0 0.00 0.0 0 3.6 12 50 M M 0 16 30
9 83 47 65 1 0 0 0.00 0.0 0 5.1 16 260 M M 0 22 290
10 79 52 66 2 0 1 0.63 0.0 0 5.7 17 250 M M 7 13 29 260
11 67 46 57 -7 8 0 0.01 0.0 0 8.9 17 40 M M 8 27 60
12 70 42 56 -9 9 0 0.01 0.0 0 9.4 25 290 M M 7 34 290
13 69 53 61 -4 4 0 0.34 0.0 0 8.1 15 300 M M 8 1 23 320
14 81 56 69 4 0 4 0.00 0.0 0 4.7 14 340 M M 3 8 20 350
15 61 52 57 -8 8 0 0.00 0.0 0 8.8 16 340 M M 9 24 360
16 78 49 64 -2 1 0 0.00 0.0 0 3.5 9 150 M M 2 8 15 120
17 81 52 67 1 0 2 0.00 0.0 0 4.3 13 170 M M 1 18 19 140
18 82 58 70 4 0 5 0.00 0.0 0 8.2 18 130 M M 4 8 27 130
19 86 62 74 8 0 9 0.04 0.0 0 6.2 14 90 M M 5 8 20 70
20 87 60 74 7 0 9 0.00 0.0 0 6.4 16 90 M M 0 21 100
21 89 60 75 8 0 10 0.00 0.0 0 2.3 5 330 M M 0 M M
22 90 62 76 9 0 11 0.00 0.0 0 4.1 14 130 M M 3 18 19 60
23 90 61 76 9 0 11 0.05 0.0 0 4.2 15 70 M M 4 8 19 300
24 90 62 76 8 0 11 0.02 0.0 0 6.3 18 140 M M 2 1 23 130
25 73 64 69 1 0 4 0.83 0.0 0 6.2 22 290 M M 8 138 29 280
26 72 59 66 -2 0 1 0.00 0.0 0 12.1 21 330 M M 10 18 30 340
27 83 56 70 2 0 5 0.00 0.0 0 5.2 10 310 M M 5 18 16 350
28 82 58 70 2 0 5 T 0.0 0 8.8 20 130 M M 7 18 28 130
29 85 64 75 7 0 10 T 0.0 0 5.5 17 140 M M 4 8 26 140
30 85 62 74 6 0 9 0.00 0.0 0 6.8 15 270 M M 1 20 280
================================================================================
SM 2442 1696 34 163 2.11 0.0 182.1 M 113
================================================================================
AV 81.4 56.5 6.1 FASTST M M 4 MAX(MPH)
MISC ----> # 25 50 36 60
================================================================================
NOTES:
# LAST OF SEVERAL OCCURRENCES
COLUMN 17 PEAK WIND IN M.P.H.
PRELIMINARY LOCAL CLIMATOLOGICAL DATA (WS FORM: F-6) , PAGE 2
STATION: WAUSAU WI
MONTH: JUNE
YEAR: 2023
LATITUDE: 44 55 N
LONGITUDE: 89 37 W
[TEMPERATURE DATA] [PRECIPITATION DATA] SYMBOLS USED IN COLUMN 16
AVERAGE MONTHLY: 69.0 TOTAL FOR MONTH: 2.11 1 = FOG OR MIST
DPTR FM NORMAL: 3.6 DPTR FM NORMAL: -2.56 2 = FOG REDUCING VISIBILITY
HIGHEST: 92 ON 3 GRTST 24HR 0.85 ON 24-25 TO 1/4 MILE OR LESS
LOWEST: 42 ON 12 3 = THUNDER
SNOW, ICE PELLETS, HAIL 4 = ICE PELLETS
TOTAL MONTH: 0.0 INCH 5 = HAIL
GRTST 24HR 0.0 6 = FREEZING RAIN OR DRIZZLE
GRTST DEPTH: 0 7 = DUSTSTORM OR SANDSTORM:
VSBY 1/2 MILE OR LESS
8 = SMOKE OR HAZE
[NO. OF DAYS WITH] [WEATHER - DAYS WITH] 9 = BLOWING SNOW
X = TORNADO
MAX 32 OR BELOW: 0 0.01 INCH OR MORE: 10
MAX 90 OR ABOVE: 5 0.10 INCH OR MORE: 4
MIN 32 OR BELOW: 0 0.50 INCH OR MORE: 2
MIN 0 OR BELOW: 0 1.00 INCH OR MORE: 0
[HDD (BASE 65) ]
TOTAL THIS MO. 34 CLEAR (SCALE 0-3) 15
DPTR FM NORMAL -44 PTCLDY (SCALE 4-7) 13
TOTAL FM JUL 1 7351 CLOUDY (SCALE 8-10) 2
DPTR FM NORMAL -824
[CDD (BASE 65) ]
TOTAL THIS MO. 163
DPTR FM NORMAL 75 [PRESSURE DATA]
TOTAL FM JAN 1 195 HIGHEST SLP 30.16 ON 21
DPTR FM NORMAL 85 LOWEST SLP 29.51 ON 25
[REMARKS]
#FINAL-06-23#