000
CXUS53 KGRB 031621
CLAAUW
CLIMATE REPORT
NATIONAL WEATHER SERVICE GREEN BAY
1021 AM CST TUE JAN 03 2023
...................................
...THE WAUSAU WI CLIMATE SUMMARY FOR THE YEAR OF 2022...
CLIMATE NORMAL PERIOD: 1991 TO 2020
CLIMATE RECORD PERIOD: 1896 TO 2023
WEATHER OBSERVED NORMAL DEPART LAST YEAR`S
VALUE DATE(S) VALUE FROM VALUE DATE(S)
NORMAL
................................................................
TEMPERATURE (F)
RECORD
HIGH 107 07/13/1936
LOW -40 01/30/1951
02/10/1899
HIGHEST 96 06/14 95 06/05
06/08
LOWEST -22 01/26 -21 02/07
AVG. MAXIMUM 54.0 53.2 0.8 57.2
AVG. MINIMUM 35.1 34.0 1.1 37.6
MEAN 44.5 43.6 0.9 47.4
DAYS MAX >= 90 7 5.0 2.0 8
DAYS MAX <= 32 79 78.3 0.7 61
DAYS MIN <= 32 161 163.1 -2.1 155
DAYS MIN <= 0 31 24.7 6.3 19
PRECIPITATION (INCHES)
RECORD
MAXIMUM 48.72 1938
MINIMUM 21.43 1976
TOTALS 32.46 33.91 -1.45 42.73
DAILY AVG. 0.09
DAYS >= .01 123 131.1 -8.1 119
DAYS >= .10 63 70.8 -7.8 71
DAYS >= .50 17 20.6 -3.6 31
DAYS >= 1.00 5 6.7 -1.7 8
SNOWFALL (INCHES)
RECORDS
TOTAL 115.2 2019
TOTALS 62.4 64.3 -1.9 51.7
SINCE 7/1 27.5 21.8 5.7 30.8
SNOWDEPTH AVG. 2
DAYS >= TRACE 78 47.1 30.9 54
DAYS >= 1.0 24 20.2 3.8 14
GREATEST
SNOW DEPTH 13 12/19 14 02/09
02/10
02/11
24 HR TOTAL MM
DEGREE DAYS
HEATING TOTAL 8002 8174 -172 7040
SINCE 7/1 2924 3190 -266 2498
COOLING TOTAL 665 422 243 777
SINCE 1/1 662 422 240 777
FREEZE DATES
RECORD
EARLIEST 08/30/1915
LATEST 06/12/1903
EARLIEST 10/08
LATEST 05/04
................................................................
WIND (MPH)
AVERAGE WIND SPEED 8.1
HIGHEST WIND SPEED/DIRECTION 43/270 DATE 02/18
HIGHEST GUST SPEED/DIRECTION 69/250 DATE 06/15
SKY COVER
POSSIBLE SUNSHINE (PERCENT) MM
AVERAGE SKY COVER 0.44
NUMBER OF DAYS FAIR 165
NUMBER OF DAYS PC 103
NUMBER OF DAYS CLOUDY 90
AVERAGE RH (PERCENT) 64
WEATHER CONDITIONS. NUMBER OF DAYS WITH
THUNDERSTORM 41 MIXED PRECIP 1
HEAVY RAIN 28 RAIN 49
LIGHT RAIN 110 FREEZING RAIN 4
LT FREEZING RAIN 5 HAIL 0
HEAVY SNOW 6 SNOW 17
LIGHT SNOW 80 SLEET 0
FOG 122 FOG W/VIS <= 1/4 MILE 13
HAZE 133
- INDICATES NEGATIVE NUMBERS.
R INDICATES RECORD WAS SET OR TIED.
MM INDICATES DATA IS MISSING.
T INDICATES TRACE AMOUNT.
$$