000
CXUS53 KGRB 031240
CLSAUW
CLIMATE REPORT
NATIONAL WEATHER SERVICE GREEN BAY
640 AM CST THU DEC 03 2020
...TIED 42ND COLDEST...
...THE WAUSAU WI FALL CLIMATE SUMMARY FROM 9/1/2020 TO
11/30/2020...
CLIMATE NORMAL PERIOD: 1981 TO 2010
CLIMATE RECORD PERIOD: 1896 TO 2020
WEATHER OBSERVED NORMAL DEPART LAST YEAR`S
VALUE DATE(S) VALUE FROM VALUE DATE(S)
NORMAL
................................................................
TEMPERATURE (F)
RECORD
HIGH 99 09/10/1931
LOW -15 11/25/1950
HIGHEST 81 09/23 84 84 81 09/17
LOWEST 14 11/17 6 8 2 11/12
AVG. MAXIMUM 54.0 54.7 -0.7 51.6
AVG. MINIMUM 36.2 36.5 -0.3 37.2
MEAN 45.1 45.6 -0.5 44.4
DAYS MAX >= 90 0 0.0 0.0 0
DAYS MAX <= 32 4 7.1 -3.1 13
DAYS MIN <= 32 41 33.8 7.2 42
DAYS MIN <= 0 0 0.3 -0.3 0
PRECIPITATION (INCHES)
RECORD
MAXIMUM 19.70 1900
MINIMUM 1.40 1976
TOTALS 7.80 8.84 -1.04 14.25
DAILY AVG. 0.09 0.10 -0.01 0.16
DAYS >= .01 27 33.7 -6.7 38
DAYS >= .10 14 18.5 -4.5 22
DAYS >= .50 6 5.3 0.7 8
DAYS >= 1.00 3 1.7 1.3 6
SNOWFALL (INCHES)
RECORDS
TOTAL 22.6 1991
24 HR TOTAL 2.1
TOTALS 6.6 8.3 -1.7 9.6
SINCE 7/1 6.6 8.3 -1.7 MM
DAYS >= TRACE 17 6.6 10.4 19
DAYS >= 1.0 2 2.4 -0.4 3
GREATEST
SNOW DEPTH 2R 10/20 8 11/30
11/16
24 HR TOTAL 2.8R
DEGREE DAYS
HEATING TOTAL 1773 1793 -20 1888
SINCE 7/1 1845 1862 -17 1936
COOLING TOTAL 0 32 -32 40
SINCE 1/1 520 407 113 363
FREEZE DATES
RECORD
EARLIEST 08/30/1915
LATEST 06/12/1903
EARLIEST 10/04
LATEST 05/13
................................................................
WIND (MPH)
AVERAGE WIND SPEED 8.2
RESULTANT WIND SPEED/DIRECTION 3/250
HIGHEST WIND SPEED/DIRECTION 33/270 DATE 11/01
HIGHEST GUST SPEED/DIRECTION 49/250 DATE 11/15
SKY COVER
POSSIBLE SUNSHINE (PERCENT) MM
AVERAGE SKY COVER 0.46
NUMBER OF DAYS FAIR 23
NUMBER OF DAYS PC 23
NUMBER OF DAYS CLOUDY 13
AVERAGE RH (PERCENT) MM
WEATHER CONDITIONS. NUMBER OF DAYS WITH
THUNDERSTORM 5 MIXED PRECIP 0
HEAVY RAIN 6 RAIN 12
LIGHT RAIN 34 FREEZING RAIN 0
LT FREEZING RAIN 0 HAIL 0
HEAVY SNOW 1 SNOW 2
LIGHT SNOW 15 SLEET 1
FOG 33 FOG W/VIS <= 1/4 MILE 3
HAZE 6
- INDICATES NEGATIVE NUMBERS.
R INDICATES RECORD WAS SET OR TIED.
MM INDICATES DATA IS MISSING.
T INDICATES TRACE AMOUNT.
$$
ECKBERG