000
CXUS52 KGSP 010817
CF6AVL
PRELIMINARY LOCAL CLIMATOLOGICAL DATA (WS FORM: F-6)
STATION: ASHEVILLE NC
MONTH: AUGUST
YEAR: 2020
LATITUDE: 35 25 N
LONGITUDE: 82 33 W
TEMPERATURE IN F: :PCPN: SNOW: WIND :SUNSHINE: SKY :PK WND
================================================================================
1 2 3 4 5 6A 6B 7 8 9 10 11 12 13 14 15 16 17 18
12Z AVG MX 2MIN
DY MAX MIN AVG DEP HDD CDD WTR SNW DPTH SPD SPD DIR MIN PSBL S-S WX SPD DR
================================================================================
1 88 69 79 5 0 14 0.00 0.0 0 5.1 18 200 M M 5 1 25 180
2 87 67 77 3 0 12 0.01 0.0 0 5.4 18 190 M M 2 3 23 190
3 75 65 70 -4 0 5 0.80 0.0 0 2.2 16 330 M M 7 13 22 320
4 83 63 73 -1 0 8 0.42 0.0 0 2.8 16 330 M M 8 13 21 330
5 82 64 73 -1 0 8 2.55 0.0 0 2.8 18 320 M M 7 123 21 320
6 84 65 75 1 0 10 0.04 0.0 0 2.7 15 340 M M 7 138 19 130
7 81 67 74 0 0 9 0.14 0.0 0 2.7 13 310 M M 6 13 16 300
8 88 66 77 3 0 12 T 0.0 0 4.7 15 170 M M 6 13 19 160
9 88 64 76 2 0 11 0.01 0.0 0 3.1 13 330 M M 5 128 17 350
10 84 65 75 1 0 10 T 0.0 0 4.5 14 330 M M 3 18 330
11 86 67 77 3 0 12 0.00 0.0 0 3.5 12 200 M M 3 138 14 330
12 88 68 78 4 0 13 1.53 0.0 0 3.9 14 310 M M 4 138 18 320
13 86 67 77 4 0 12 0.03 0.0 0 3.2 12 180 M M 5 1238 16 20
14 82 68 75 2 0 10 0.22 0.0 0 3.0 13 160 M M 7 18 15 160
15 79 67 73 0 0 8 0.84 0.0 0 3.8 14 340 M M 7 13 22 320
16 84 66 75 2 0 10 0.00 0.0 0 7.2 18 330 M M 2 26 340
17 84 64 74 1 0 9 0.00 0.0 0 5.8 17 340 M M 1 26 340
18 83 59 71 -2 0 6 0.21 0.0 0 4.1 14 320 M M 2 138 20 270
19 82 64 73 0 0 8 0.18 0.0 0 5.6 16 300 M M 6 138 23 290
20 80 63 72 -1 0 7 0.00 0.0 0 2.6 10 160 M M 7 138 14 160
21 73 66 70 -3 0 5 0.92 0.0 0 2.2 8 120 M M 9 138 11 20
22 81 65 73 1 0 8 0.09 0.0 0 4.0 14 230 M M 6 1238 20 150
23 82 65 74 2 0 9 0.06 0.0 0 4.3 14 170 M M 5 128 19 160
24 83 66 75 3 0 10 0.15 0.0 0 2.8 14 190 M M 7 1 17 180
25 79 69 74 2 0 9 0.06 0.0 0 4.4 15 200 M M 6 1 18 210
26 87 67 77 5 0 12 0.00 0.0 0 4.0 10 180 M M 2 1 14 160
27 88 67 78 6 0 13 0.13 0.0 0 2.3 12 310 M M 4 128 14 310
28 86 70 78 6 0 13 0.03 0.0 0 5.6 16 210 M M 2 1 21 190
29 85 70 78 7 0 13 0.13 0.0 0 7.2 22 330 M M 5 1 27 330
30 85 69 77 6 0 12 0.17 0.0 0 6.8 15 220 M M 3 13 22 210
31 80 67 74 3 0 9 0.31 0.0 0 3.5 13 210 M M 7 13 19 210
================================================================================
SM 2583 2049 0 307 9.03 0.0 125.8 M 156
================================================================================
AV 83.3 66.1 4.1 FASTST M M 5 MAX(MPH)
MISC ----> 22 330 27 330
================================================================================
NOTES:
# LAST OF SEVERAL OCCURRENCES
COLUMN 17 PEAK WIND IN M.P.H.
PRELIMINARY LOCAL CLIMATOLOGICAL DATA (WS FORM: F-6) , PAGE 2
STATION: ASHEVILLE NC
MONTH: AUGUST
YEAR: 2020
LATITUDE: 35 25 N
LONGITUDE: 82 33 W
[TEMPERATURE DATA] [PRECIPITATION DATA] SYMBOLS USED IN COLUMN 16
AVERAGE MONTHLY: 74.7 TOTAL FOR MONTH: 9.03 1 = FOG OR MIST
DPTR FM NORMAL: 1.8 DPTR FM NORMAL: 4.63 2 = FOG REDUCING VISIBILITY
HIGHEST: 88 ON 27,12 GRTST 24HR 2.92 ON 4- 5 TO 1/4 MILE OR LESS
LOWEST: 59 ON 18 3 = THUNDER
SNOW, ICE PELLETS, HAIL 4 = ICE PELLETS
TOTAL MONTH: 0.0 INCH 5 = HAIL
GRTST 24HR 0.0 6 = FREEZING RAIN OR DRIZZLE
GRTST DEPTH: 0 7 = DUSTSTORM OR SANDSTORM:
VSBY 1/2 MILE OR LESS
8 = SMOKE OR HAZE
[NO. OF DAYS WITH] [WEATHER - DAYS WITH] 9 = BLOWING SNOW
X = TORNADO
MAX 32 OR BELOW: 0 0.01 INCH OR MORE: 23
MAX 90 OR ABOVE: 0 0.10 INCH OR MORE: 15
MIN 32 OR BELOW: 0 0.50 INCH OR MORE: 5
MIN 0 OR BELOW: 0 1.00 INCH OR MORE: 2
[HDD (BASE 65) ]
TOTAL THIS MO. 0 CLEAR (SCALE 0-3) 7
DPTR FM NORMAL -2 PTCLDY (SCALE 4-7) 23
TOTAL FM JUL 1 0 CLOUDY (SCALE 8-10) 1
DPTR FM NORMAL 0
[CDD (BASE 65) ]
TOTAL THIS MO. 307
DPTR FM NORMAL 60 [PRESSURE DATA]
TOTAL FM JAN 1 982 HIGHEST SLP 30.20 ON 9
DPTR FM NORMAL 225 LOWEST SLP 29.75 ON 29
[REMARKS]
#FINAL-08-20#