000
CXUS52 KGSP 011743
CF6AVL
PRELIMINARY LOCAL CLIMATOLOGICAL DATA (WS FORM: F-6)
STATION: ASHEVILLE NC
MONTH: MARCH
YEAR: 2020
LATITUDE: 35 25 N
LONGITUDE: 82 33 W
TEMPERATURE IN F: :PCPN: SNOW: WIND :SUNSHINE: SKY :PK WND
================================================================================
1 2 3 4 5 6A 6B 7 8 9 10 11 12 13 14 15 16 17 18
12Z AVG MX 2MIN
DY MAX MIN AVG DEP HDD CDD WTR SNW DPTH SPD SPD DIR MIN PSBL S-S WX SPD DR
================================================================================
1 59 23 41 -2 24 0 0.00 0.0 0 3.8 13 180 M M 0 17 180
2 54 44 49 5 16 0 T 0.0 0 9.7 23 210 M M 5 8 34 210
3 67 47 57 13 8 0 0.70 0.0 0 5.4 17 290 M M 6 1 24 300
4 58 47 53 9 12 0 0.00 0.0 0 5.1 14 340 M M 3 18 340
5 53 38 46 2 19 0 0.01 0.0 0 3.5 14 160 M M 3 12 18 170
6 47 34 41 -4 24 0 T T 0 15.0 33 330 M M 9 12 43 340
7 50 31 41 -4 24 0 0.00 0.0 0 16.1 39 340 M M 4 50 330
8 60 25 43 -2 22 0 0.00 0.0 0 4.4 14 170 M M 0 18 140
9 63 29 46 1 19 0 0.00 0.0 0 5.8 20 190 M M 1 8 25 180
10 63 51 57 11 8 0 0.02 0.0 0 9.2 21 210 M M 8 25 210
11 72 48 60 14 5 0 0.00 0.0 0 4.9 18 340 M M 5 128 22 340
12 68 40 54 8 11 0 0.00 0.0 0 5.2 20 210 M M 4 31 200
13 65 55 60 14 5 0 0.03 0.0 0 8.1 22 210 M M 6 1 29 210
14 64 50 57 11 8 0 T 0.0 0 5.7 13 120 M M 9 8 17 120
15 67 49 58 11 7 0 T 0.0 0 8.7 20 340 M M 8 23 340
16 49 43 46 -1 19 0 0.06 0.0 0 7.4 13 180 M M 10 18 16 160
17 68 44 56 9 9 0 0.06 0.0 0 5.9 18 330 M M 8 1 21 340
18 59 47 53 5 12 0 0.06 0.0 0 3.8 15 130 M M 9 128 22 140
19 73 55 64 16 1 0 0.00 0.0 0 6.3 24 200 M M 4 18 33 200
20 79 58 69 21 0 4 0.09 0.0 0 7.0 21 360 M M 4 18 29 350
21 69 46 58 10 7 0 T 0.0 0 11.8 29 340 M M 4 35 340
22 53 42 48 -1 17 0 0.06 0.0 0 5.9 14 160 M M 7 1 19 160
23 57 45 51 2 14 0 0.64 0.0 0 5.7 14 330 M M 7 1 18 330
24 55 50 53 4 12 0 1.24 0.0 0 3.9 12 170 M M 9 138 13 170
25 65 50 58 9 7 0 0.13 0.0 0 7.7 24 340 M M 6 18 30 340
26 67 41 54 4 11 0 0.00 0.0 0 6.4 16 130 M M 3 8 21 150
27 85 48 67 17 0 2 0.00 0.0 0 5.6 17 210 M M 0 8 23 210
28 85 52 69 19 0 4 0.00 0.0 0 6.5 21 200 M M 0 8 26 200
29 81 54 68 18 0 3 0.19 0.0 0 3.1 10 190 M M 1 18 M M
30 69 54 62 11 3 0 0.00 0.0 0 8.6 21 340 M M 0 18 27 340
31 57 42 50 -1 15 0 0.10 T 0 5.6 20 340 M M 9 4 28 340
================================================================================
SM 1981 1382 339 13 3.39 T 211.8 M 152
================================================================================
AV 63.9 44.6 6.8 FASTST M M 5 MAX(MPH)
MISC ----> # 39 340 # 50 330
================================================================================
NOTES:
# LAST OF SEVERAL OCCURRENCES
COLUMN 17 PEAK WIND IN M.P.H.
PRELIMINARY LOCAL CLIMATOLOGICAL DATA (WS FORM: F-6) , PAGE 2
STATION: ASHEVILLE NC
MONTH: MARCH
YEAR: 2020
LATITUDE: 35 25 N
LONGITUDE: 82 33 W
[TEMPERATURE DATA] [PRECIPITATION DATA] SYMBOLS USED IN COLUMN 16
AVERAGE MONTHLY: 54.2 TOTAL FOR MONTH: 3.39 1 = FOG OR MIST
DPTR FM NORMAL: 7.1 DPTR FM NORMAL: -0.44 2 = FOG REDUCING VISIBILITY
HIGHEST: 85 ON 28,27 GRTST 24HR 1.37 ON 24-25 TO 1/4 MILE OR LESS
LOWEST: 23 ON 1 3 = THUNDER
SNOW, ICE PELLETS, HAIL 4 = ICE PELLETS
TOTAL MONTH: T 5 = HAIL
GRTST 24HR T ON 6,31 6 = FREEZING RAIN OR DRIZZLE
GRTST DEPTH: 0 7 = DUSTSTORM OR SANDSTORM:
VSBY 1/2 MILE OR LESS
8 = SMOKE OR HAZE
[NO. OF DAYS WITH] [WEATHER - DAYS WITH] 9 = BLOWING SNOW
X = TORNADO
MAX 32 OR BELOW: 0 0.01 INCH OR MORE: 14
MAX 90 OR ABOVE: 0 0.10 INCH OR MORE: 6
MIN 32 OR BELOW: 4 0.50 INCH OR MORE: 3
MIN 0 OR BELOW: 0 1.00 INCH OR MORE: 1
[HDD (BASE 65) ]
TOTAL THIS MO. 339 CLEAR (SCALE 0-3) 8
DPTR FM NORMAL -216 PTCLDY (SCALE 4-7) 15
TOTAL FM JUL 1 2942 CLOUDY (SCALE 8-10) 8
DPTR FM NORMAL -830
[CDD (BASE 65) ]
TOTAL THIS MO. 13
DPTR FM NORMAL 12 [PRESSURE DATA]
TOTAL FM JAN 1 13 HIGHEST SLP 30.62 ON 8
DPTR FM NORMAL 12 LOWEST SLP 29.61 ON 31
[REMARKS]
#FINAL-03-20#