000
CXUS51 KBGM 010810
CF6AVP
PRELIMINARY LOCAL CLIMATOLOGICAL DATA (WS FORM: F-6)
STATION: AVOCA PA
MONTH: JULY
YEAR: 2023
LATITUDE: 41 19 N
LONGITUDE: 75 44 W
TEMPERATURE IN F: :PCPN: SNOW: WIND :SUNSHINE: SKY :PK WND
================================================================================
1 2 3 4 5 6A 6B 7 8 9 10 11 12 13 14 15 16 17 18
12Z AVG MX 2MIN
DY MAX MIN AVG DEP HDD CDD WTR SNW DPTH SPD SPD DIR MIN PSBL S-S WX SPD DR
================================================================================
1 81 67 74 1 0 9 0.02 0.0 M 4.0 13 200 M M 8 18 22 190
2 81 67 74 1 0 9 1.04 0.0 M 6.0 15 230 M M 8 123 19 250
3 87 68 78 5 0 13 T 0.0 M 4.1 17 250 M M 4 12 22 250
4 87 69 78 5 0 13 0.06 0.0 M 4.2 13 10 M M 6 13 17 340
5 91 66 79 6 0 14 0.00 0.0 M 4.4 9 280 M M 0 18 13 280
6 91 67 79 6 0 14 0.00 0.0 M 5.1 13 220 M M 1 3 19 220
7 88 68 78 4 0 13 0.37 0.0 M 3.3 17 280 M M 3 13 22 50
8 86 66 76 2 0 11 0.00 0.0 M 2.8 10 270 M M 2 1 14 230
9 77 66 72 -2 0 7 1.71 0.0 M 3.4 18 360 M M 7 123 27 350
10 82 61 72 -2 0 7 T 0.0 M 5.3 16 310 M M 6 13 21 340
11 85 57 71 -3 0 6 0.00 0.0 M 4.2 14 260 M M 0 1 19 270
12 86 62 74 0 0 9 T 0.0 M 4.4 15 340 M M 3 13 21 240
13 89 67 78 4 0 13 T 0.0 M 6.2 17 190 M M 3 13 24 200
14 88 68 78 4 0 13 0.16 0.0 M 4.6 16 340 M M 4 13 18 330
15 88 67 78 4 0 13 0.02 0.0 M 3.0 10 160 M M 3 13 25 200
16 82 69 76 2 0 11 0.53 0.0 M 3.2 17 20 M M 6 13 22 270
17 84 65 75 1 0 10 0.97 0.0 M 4.0 31 250 M M 3 138 43 250
18 81 66 74 0 0 9 0.01 0.0 M 5.0 17 250 M M 5 18 21 260
19 83 62 73 -1 0 8 0.00 0.0 M 3.9 9 330 M M 4 18 11 330
20 84 63 74 0 0 9 0.00 0.0 M 3.5 14 230 M M 2 138 19 180
21 79 63 71 -3 0 6 0.71 0.0 M 5.2 20 340 M M 7 13 26 340
22 82 61 72 -2 0 7 0.00 0.0 M 6.7 15 320 M M 1 1 20 280
23 85 60 73 -1 0 8 0.00 0.0 M 5.1 14 260 M M 2 17 260
24 82 64 73 -1 0 8 0.12 0.0 M 4.2 20 240 M M 4 13 26 250
25 77 63 70 -4 0 5 0.25 0.0 M 2.6 14 250 M M 4 13 18 260
26 86 60 73 -1 0 8 0.00 0.0 M 5.1 14 260 M M 1 18 19 240
27 89 71 80 6 0 15 0.58 0.0 M 8.0 25 330 M M 4 123 36 340
28 88 70 79 5 0 14 T 0.0 M 3.3 14 260 M M 5 12 19 260
29 86 66 76 2 0 11 0.30 0.0 M 8.1 21 300 M M 6 138 25 290
30 76 59 68 -6 0 3 0.00 0.0 M 7.2 16 290 M M 4 22 350
31 80 54 67 -6 0 2 T 0.0 M 5.5 15 40 M M 3 19 30
================================================================================
SM 2611 2002 0 298 6.85 0.0 145.6 M 119
================================================================================
AV 84.2 64.6 4.7 FASTST M M 4 MAX(MPH)
MISC ----> 31 250 43 250
================================================================================
NOTES:
# LAST OF SEVERAL OCCURRENCES
COLUMN 17 PEAK WIND IN M.P.H.
PRELIMINARY LOCAL CLIMATOLOGICAL DATA (WS FORM: F-6) , PAGE 2
STATION: AVOCA PA
MONTH: JULY
YEAR: 2023
LATITUDE: 41 19 N
LONGITUDE: 75 44 W
[TEMPERATURE DATA] [PRECIPITATION DATA] SYMBOLS USED IN COLUMN 16
AVERAGE MONTHLY: 74.4 TOTAL FOR MONTH: 6.85 1 = FOG OR MIST
DPTR FM NORMAL: 0.7 DPTR FM NORMAL: 3.24 2 = FOG REDUCING VISIBILITY
HIGHEST: 91 ON 6, 5 GRTST 24HR 1.71 ON 9- 9 TO 1/4 MILE OR LESS
LOWEST: 54 ON 31 3 = THUNDER
SNOW, ICE PELLETS, HAIL 4 = ICE PELLETS
TOTAL MONTH: 0.0 INCH 5 = HAIL
GRTST 24HR 0.0 6 = FREEZING RAIN OR DRIZZLE
GRTST DEPTH: M ON M 7 = DUSTSTORM OR SANDSTORM:
VSBY 1/2 MILE OR LESS
8 = SMOKE OR HAZE
[NO. OF DAYS WITH] [WEATHER - DAYS WITH] 9 = BLOWING SNOW
X = TORNADO
MAX 32 OR BELOW: 0 0.01 INCH OR MORE: 15
MAX 90 OR ABOVE: 2 0.10 INCH OR MORE: 11
MIN 32 OR BELOW: 0 0.50 INCH OR MORE: 6
MIN 0 OR BELOW: 0 1.00 INCH OR MORE: 2
[HDD (BASE 65) ]
TOTAL THIS MO. 0 CLEAR (SCALE 0-3) 13
DPTR FM NORMAL -3 PTCLDY (SCALE 4-7) 18
TOTAL FM JUL 1 0 CLOUDY (SCALE 8-10) 0
DPTR FM NORMAL 0
[CDD (BASE 65) ]
TOTAL THIS MO. 298
DPTR FM NORMAL 27 [PRESSURE DATA]
TOTAL FM JAN 1 463 HIGHEST SLP 30.15 ON 26
DPTR FM NORMAL -19 LOWEST SLP 29.67 ON 29
[REMARKS]
#FINAL-07-23#