000
CXUS53 KGRR 011010
CF6AZO
PRELIMINARY LOCAL CLIMATOLOGICAL DATA (WS FORM: F-6)
STATION: KALAMAZOO
MONTH: JANUARY
YEAR: 2023
LATITUDE: 42 13 N
LONGITUDE: 85 33 W
TEMPERATURE IN F: :PCPN: SNOW: WIND :SUNSHINE: SKY :PK WND
================================================================================
1 2 3 4 5 6A 6B 7 8 9 10 11 12 13 14 15 16 17 18
12Z AVG MX 2MIN
DY MAX MIN AVG DEP HDD CDD WTR SNW DPTH SPD SPD DIR MIN PSBL S-S WX SPD DR
================================================================================
1 45 35 40 13 25 0 0.15 0.0 0 6.0 15 250 M M 8 128 21 250
2 43 37 40 14 25 0 T 0.0 0 2.4 8 60 M M 9 128 13 50
3 58 42 50 24 15 0 0.55 0.0 0 4.6 10 170 M M 10 12 16 90
4 57 35 46 20 19 0 0.06 T 0 7.9 18 220 M M 10 1 25 210
5 37 33 35 9 30 0 0.05 T 0 7.1 13 260 M M 10 1 19 220
6 36 31 34 8 31 0 0.03 T 0 7.2 14 250 M M 10 168 19 260
7 35 30 33 7 32 0 0.00 0.0 0 4.8 14 360 M M 10 1 18 330
8 34 29 32 7 33 0 0.00 0.0 0 3.9 12 290 M M 10 16 290
9 43 29 36 11 29 0 0.00 0.0 0 9.1 16 250 M M 4 22 250
10 40 32 36 11 29 0 0.16 T 0 4.6 10 90 M M 6 18 14 140
11 51 31 41 16 24 0 0.02 0.0 0 4.5 12 140 M M 6 128 18 130
12 45 36 41 16 24 0 T 0.0 0 10.2 20 350 M M 10 128 26 350
13 36 27 32 7 33 0 T T 0 13.5 22 340 M M 10 28 360
14 34 20 27 2 38 0 0.00 0.0 0 3.9 13 330 M M 4 16 330
15 41 24 33 9 32 0 0.00 0.0 0 7.7 14 140 M M 0 8 23 150
16 43 33 38 14 27 0 0.19 0.0 0 8.5 14 160 M M 8 1 23 140
17 48 38 43 19 22 0 0.11 0.0 0 11.1 22 260 M M 10 18 29 250
18 42 36 39 15 26 0 0.14 0.0 0 7.2 16 90 M M 10 1 24 270
19 44 37 41 17 24 0 0.42 0.0 0 9.0 18 230 M M 10 1 31 80
20 37 31 34 10 31 0 0.07 0.1 T 10.0 18 300 M M 10 18 25 280
21 32 31 32 8 33 0 0.00 0.0 0 7.1 13 180 M M 10 18 180
22 34 30 32 8 33 0 0.06 1.4 M 3.0 10 200 M M 10 18 13 210
23 32 27 30 6 35 0 T T 1 9.5 20 230 M M 8 1 27 230
24 33 29 31 7 34 0 T T T 6.8 17 270 M M 10 18 24 230
25 34 32 33 9 32 0 0.14 4.7 T 7.2 14 340 M M 10 12 19 10
26 34 23 29 5 36 0 0.21 2.1 5 8.9 20 240 M M 10 18 27 250
27 36 15 26 2 39 0 0.05 0.5 6 14.5 26 250 M M 8 128 38 250
28 32 24 28 4 37 0 T M 6 7.0 20 270 M M 9 18 31 270
29 30 26 28 4 37 0 T M M 6.1 14 350 M M 10 1 17 350
30 26 10 18 -6 47 0 T 0.2 4 9.7 18 310 M M 10 18 26 320
31 19 7 13 -11 52 0 T T 4 5.4 15 280 M M 7 18 19 240
================================================================================
SM 1191 900 964 0 2.41 9.0 228.4 M 267
================================================================================
AV 38.4 29.0 7.4 FASTST M M 9 MAX(MPH)
MISC ----> 26 250 38 250
================================================================================
NOTES:
# LAST OF SEVERAL OCCURRENCES
COLUMN 17 PEAK WIND IN M.P.H.
PRELIMINARY LOCAL CLIMATOLOGICAL DATA (WS FORM: F-6) , PAGE 2
STATION: KALAMAZOO
MONTH: JANUARY
YEAR: 2023
LATITUDE: 42 13 N
LONGITUDE: 85 33 W
[TEMPERATURE DATA] [PRECIPITATION DATA] SYMBOLS USED IN COLUMN 16
AVERAGE MONTHLY: 33.7 TOTAL FOR MONTH: 2.41 1 = FOG OR MIST
DPTR FM NORMAL: 8.9 DPTR FM NORMAL: 0.71 2 = FOG REDUCING VISIBILITY
HIGHEST: 58 ON 3 GRTST 24HR 0.55 ON 3- 3 TO 1/4 MILE OR LESS
LOWEST: 7 ON 31 3 = THUNDER
SNOW, ICE PELLETS, HAIL 4 = ICE PELLETS
TOTAL MONTH: 9.0 INCHES 5 = HAIL
GRTST 24HR 4.7 ON 25-25 6 = FREEZING RAIN OR DRIZZLE
GRTST DEPTH: 6 ON 28,27 7 = DUSTSTORM OR SANDSTORM:
VSBY 1/2 MILE OR LESS
8 = SMOKE OR HAZE
[NO. OF DAYS WITH] [WEATHER - DAYS WITH] 9 = BLOWING SNOW
X = TORNADO
MAX 32 OR BELOW: 6 0.01 INCH OR MORE: 16
MAX 90 OR ABOVE: 0 0.10 INCH OR MORE: 9
MIN 32 OR BELOW: 21 0.50 INCH OR MORE: 1
MIN 0 OR BELOW: 0 1.00 INCH OR MORE: 0
[HDD (BASE 65) ]
TOTAL THIS MO. 964 CLEAR (SCALE 0-3) 1
DPTR FM NORMAL -282 PTCLDY (SCALE 4-7) 7
TOTAL FM JUL 1 3150 CLOUDY (SCALE 8-10) 23
DPTR FM NORMAL -483
[CDD (BASE 65) ]
TOTAL THIS MO. 0
DPTR FM NORMAL 0 [PRESSURE DATA]
TOTAL FM JAN 1 0 HIGHEST SLP 30.44 ON 31
DPTR FM NORMAL 0 LOWEST SLP 29.47 ON 19
[REMARKS]
#FINAL-01-23#