000
CXUS54 KEWX 011110
CF6BAZ
PRELIMINARY LOCAL CLIMATOLOGICAL DATA (WS FORM: F-6)
STATION: NEW BRAUNFELS
MONTH: FEBRUARY
YEAR: 2021
LATITUDE: 29 43 N
LONGITUDE: 98 3 W
TEMPERATURE IN F: :PCPN: SNOW: WIND :SUNSHINE: SKY :PK WND
================================================================================
1 2 3 4 5 6A 6B 7 8 9 10 11 12 13 14 15 16 17 18
12Z AVG MX 2MIN
DY MAX MIN AVG DEP HDD CDD WTR SNW DPTH SPD SPD DIR MIN PSBL S-S WX SPD DR
================================================================================
1 69 42 56 3 9 0 0.00 M M 7.9 16 10 M M 0 23 10
2 69 37 53 0 12 0 0.00 M M 4.7 16 190 M M 0 21 170
3 78 40 59 6 6 0 0.00 M M 9.1 21 180 M M 1 128 29 190
4 83 54 69 16 0 4 0.00 M M 11.8 25 20 M M 5 34 360
5 57 47 52 -1 13 0 0.04 M M 9.9 21 50 M M 8 3 30 40
6 80 49 65 12 0 0 0.00 M M 8.2 28 330 M M 5 18 35 320
7 73 35 54 0 11 0 0.00 M M 9.7 20 190 M M 0 28 170
8 80 48 64 10 1 0 0.00 M M 7.0 20 190 M M 5 12 25 190
9 71 51 61 7 4 0 0.00 M M 10.4 18 60 M M 8 18 24 60
10 51 40 46 -8 19 0 T M M 14.1 22 30 M M 10 18 29 30
11 40 34 37 -17 28 0 0.64 M M 17.7 29 40 M M 10 13 41 20
12 35 29 32 -22 33 0 T M M 17.5 25 10 M M 10 68 34 360
13 32 30 31 -23 34 0 T M M 15.3 23 30 M M 10 168 34 20
14 31 14 23 -32 42 0 T M M 18.1 31 10 M M 10 168 41 10
15 15 11 13 -42 52 0 T M M 17.5 21 340 M M 6 8 32 360
16 M M M M M M M M M M M M M M M M M
17 M M M M M M M M M M M M M M M M M
18 M M M M M M M M M M M M M M M M M
19 47 21 34 -22 31 0 0.00 M M 5.0 10 150 M M 0 16 40
20 63 23 43 -13 22 0 0.00 M M 8.4 21 170 M M 0 18 26 180
21 75 37 56 0 9 0 0.00 M M 7.1 30 200 M M 4 12 39 190
22 76 47 62 6 3 0 T M M 5.8 17 30 M M 3 23 40
23 79 44 62 6 3 0 0.00 M M 11.3 23 180 M M 1 29 180
24 81 61 71 14 0 6 0.00 M M 7.9 17 220 M M 6 22 210
25 66 53 60 3 5 0 0.03 M M 11.1 18 50 M M 10 18 24 50
26 61 49 55 -2 10 0 0.01 M M 8.2 15 10 M M 10 1 19 10
27 79 57 68 11 0 3 0.00 M M 11.5 29 170 M M 10 128 38 160
28 80 62 71 13 0 6 T M M 10.5 21 30 M M 9 18 27 40
================================================================================
SM 1571 1015 347 19 0.72 M 265.7 M 141
================================================================================
AV 62.8 40.6 10.6 FASTST M M 6 MAX(MPH)
MISC ----> 31 10 # 41 20
================================================================================
NOTES:
# LAST OF SEVERAL OCCURRENCES
COLUMN 17 PEAK WIND IN M.P.H.
PRELIMINARY LOCAL CLIMATOLOGICAL DATA (WS FORM: F-6) , PAGE 2
STATION: NEW BRAUNFELS
MONTH: FEBRUARY
YEAR: 2021
LATITUDE: 29 43 N
LONGITUDE: 98 3 W
[TEMPERATURE DATA] [PRECIPITATION DATA] SYMBOLS USED IN COLUMN 16
AVERAGE MONTHLY: 51.7 TOTAL FOR MONTH: 0.72 1 = FOG OR MIST
DPTR FM NORMAL: -3.2 DPTR FM NORMAL: -1.30 2 = FOG REDUCING VISIBILITY
HIGHEST: 83 ON 4 GRTST 24HR 0.64 ON 10-11 TO 1/4 MILE OR LESS
LOWEST: 11 ON 15 3 = THUNDER
SNOW, ICE PELLETS, HAIL 4 = ICE PELLETS
TOTAL MONTH: M 5 = HAIL
GRTST 24HR M ON M 6 = FREEZING RAIN OR DRIZZLE
GRTST DEPTH: M ON M 7 = DUSTSTORM OR SANDSTORM:
VSBY 1/2 MILE OR LESS
8 = SMOKE OR HAZE
[NO. OF DAYS WITH] [WEATHER - DAYS WITH] 9 = BLOWING SNOW
X = TORNADO
MAX 32 OR BELOW: 3 0.01 INCH OR MORE: 4
MAX 90 OR ABOVE: 0 0.10 INCH OR MORE: 1
MIN 32 OR BELOW: 6 0.50 INCH OR MORE: 1
MIN 0 OR BELOW: 0 1.00 INCH OR MORE: 0
[HDD (BASE 65) ]
TOTAL THIS MO. 347 CLEAR (SCALE 0-3) 8
DPTR FM NORMAL 46 PTCLDY (SCALE 4-7) 7
TOTAL FM JUL 1 1082 CLOUDY (SCALE 8-10) 13
DPTR FM NORMAL -274
[CDD (BASE 65) ]
TOTAL THIS MO. 19
DPTR FM NORMAL 0 [PRESSURE DATA]
TOTAL FM JAN 1 27 HIGHEST SLP 30.58 ON 19
DPTR FM NORMAL -1 LOWEST SLP 29.72 ON 4
[REMARKS]
#FINAL-02-21#