000
CXUS51 KBOX 011512
CF6BDL
PRELIMINARY LOCAL CLIMATOLOGICAL DATA (WS FORM: F-6)
STATION: HARTFORD CT
MONTH: NOVEMBER
YEAR: 2022
LATITUDE: 41 55 N
LONGITUDE: 72 41 W
TEMPERATURE IN F: :PCPN: SNOW: WIND :SUNSHINE: SKY :PK WND
================================================================================
1 2 3 4 5 6A 6B 7 8 9 10 11 12 13 14 15 16 17 18
12Z AVG MX 2MIN
DY MAX MIN AVG DEP HDD CDD WTR SNW DPTH SPD SPD DIR MIN PSBL S-S WX SPD DR
================================================================================
1 68 56 62 15 3 0 0.11 0.0 0 5.4 10 320 M M 8 1 15 320
2 72 42 57 10 8 0 0.00 0.0 0 6.2 18 30 M M 2 22 10
3 70 37 54 7 11 0 0.00 0.0 0 5.4 14 180 M M 1 17 170
4 73 42 58 12 7 0 0.00 0.0 0 6.5 20 210 M M 5 12 25 210
5 78 53 66 20 0 1 0.00 0.0 0 8.4 20 170 M M 7 1 26 170
6 76 64 70 24 0 5 T 0.0 0 11.8 22 220 M M 8 29 220
7 78 50 64 19 1 0 0.04 0.0 0 10.4 24 310 M M 4 1 36 300
8 58 36 47 2 18 0 0.00 0.0 0 10.2 20 340 M M 1 8 26 350
9 52 30 41 -3 24 0 0.00 0.0 0 5.3 10 180 M M 1 14 10
10 69 39 54 10 11 0 0.00 0.0 0 9.7 22 210 M M 2 28 200
11 72 46 59 15 6 0 1.81 0.0 0 5.4 22 190 M M 9 1 31 190
12 71 53 62 18 3 0 0.32 0.0 0 11.1 25 290 M M 8 1 32 300
13 54 38 46 3 19 0 0.10 0.0 0 10.1 25 300 M M 7 1 35 300
14 44 30 37 -6 28 0 0.00 0.0 0 11.6 30 300 M M 2 39 290
15 42 24 33 -9 32 0 0.27 0.8 0 5.1 12 10 M M 7 1 16 20
16 49 33 41 -1 24 0 0.61 0.0 0 9.0 21 300 M M 8 1 28 290
17 48 32 40 -2 25 0 0.00 0.0 0 10.7 22 290 M M 5 29 270
18 45 29 37 -4 28 0 0.00 0.0 0 9.0 20 250 M M 4 23 230
19 42 25 34 -7 31 0 0.00 0.0 0 7.2 16 210 M M 1 21 220
20 38 22 30 -11 35 0 0.00 0.0 0 12.4 30 280 M M 4 40 270
21 39 21 30 -10 35 0 0.00 0.0 0 10.2 23 220 M M 3 28 220
22 49 27 38 -2 27 0 0.00 0.0 0 6.5 13 240 M M 2 17 190
23 52 29 41 1 24 0 0.00 0.0 0 6.7 18 310 M M 2 27 290
24 50 24 37 -2 28 0 0.00 0.0 0 4.1 12 190 M M 3 15 210
25 54 36 45 6 20 0 0.01 0.0 0 11.1 26 310 M M 8 1 35 300
26 55 39 47 8 18 0 0.00 0.0 0 10.9 23 300 M M 3 31 300
27 55 32 44 6 21 0 0.49 0.0 0 5.2 25 260 M M 8 1 34 250
28 53 36 45 7 20 0 0.00 0.0 0 11.5 24 300 M M 5 31 310
29 43 25 34 -4 31 0 0.00 0.0 0 2.8 10 10 M M 5 13 30
30 58 30 44 7 21 0 0.63 0.0 0 8.6 32 200 M M 9 1 43 200
================================================================================
SM 1707 1080 559 6 4.39 0.8 248.5 M 142
================================================================================
AV 56.9 36.0 8.3 FASTST M M 5 MAX(MPH)
MISC ----> 32 200 43 200
================================================================================
NOTES:
# LAST OF SEVERAL OCCURRENCES
COLUMN 17 PEAK WIND IN M.P.H.
PRELIMINARY LOCAL CLIMATOLOGICAL DATA (WS FORM: F-6) , PAGE 2
STATION: HARTFORD CT
MONTH: NOVEMBER
YEAR: 2022
LATITUDE: 41 55 N
LONGITUDE: 72 41 W
[TEMPERATURE DATA] [PRECIPITATION DATA] SYMBOLS USED IN COLUMN 16
AVERAGE MONTHLY: 46.5 TOTAL FOR MONTH: 4.39 1 = FOG OR MIST
DPTR FM NORMAL: 4.2 DPTR FM NORMAL: 0.88 2 = FOG REDUCING VISIBILITY
HIGHEST: 78 ON 7, 5 GRTST 24HR 2.13 ON 11-12 TO 1/4 MILE OR LESS
LOWEST: 21 ON 21 3 = THUNDER
SNOW, ICE PELLETS, HAIL 4 = ICE PELLETS
TOTAL MONTH: 0.8 INCH 5 = HAIL
GRTST 24HR 0.8 ON 15-15 6 = FREEZING RAIN OR DRIZZLE
GRTST DEPTH: 0 7 = DUSTSTORM OR SANDSTORM:
VSBY 1/2 MILE OR LESS
8 = SMOKE OR HAZE
[NO. OF DAYS WITH] [WEATHER - DAYS WITH] 9 = BLOWING SNOW
X = TORNADO
MAX 32 OR BELOW: 0 0.01 INCH OR MORE: 10
MAX 90 OR ABOVE: 0 0.10 INCH OR MORE: 8
MIN 32 OR BELOW: 14 0.50 INCH OR MORE: 3
MIN 0 OR BELOW: 0 1.00 INCH OR MORE: 1
[HDD (BASE 65) ]
TOTAL THIS MO. 559 CLEAR (SCALE 0-3) 11
DPTR FM NORMAL -124 PTCLDY (SCALE 4-7) 15
TOTAL FM JUL 1 968 CLOUDY (SCALE 8-10) 4
DPTR FM NORMAL -197
[CDD (BASE 65) ]
TOTAL THIS MO. 6
DPTR FM NORMAL 6 [PRESSURE DATA]
TOTAL FM JAN 1 1074 HIGHEST SLP 30.69 ON 9
DPTR FM NORMAL 255 LOWEST SLP 29.28 ON 27
[REMARKS]
#FINAL-11-22#