000
CXUS51 KOKX 011430
CLMBDR
CLIMATE REPORT
NATIONAL WEATHER SERVICE NEW YORK, NY
929 AM EST FRI DEC 01 2023
...................................
...THE BRIDGEPORT CT CLIMATE SUMMARY FOR THE MONTH OF NOVEMBER 2023...
CLIMATE NORMAL PERIOD 1991 TO 2020
CLIMATE RECORD PERIOD 1948 TO 2023
WEATHER OBSERVED NORMAL DEPART LAST YEAR`S
VALUE DATE(S) VALUE FROM VALUE DATE(S)
NORMAL
................................................................
TEMPERATURE (F)
RECORD
HIGH 79 11/07/2022
LOW 13 11/23/2018
HIGHEST 63 11/05 MM MM 79 11/07
11/17
LOWEST 24 11/25 MM MM 24 11/21
AVG. MAXIMUM 52.2 53.6 -1.4 56.7
AVG. MINIMUM 34.9 38.4 -3.5 39.8
MEAN 43.6 46.0 -2.4 48.2
DAYS MAX >= 90 0 0.0 0.0 0
DAYS MAX <= 32 0 0.1 -0.1 0
DAYS MIN <= 32 14 7.4 6.6 7
DAYS MIN <= 0 0 0.0 0.0 0
PRECIPITATION (INCHES)
RECORD
MAXIMUM 10.22 1972
MINIMUM 0.36 1976
TOTALS 3.07 3.11 -0.04 2.54
DAILY AVG. 0.10 0.10 -0.00 0.08
DAYS >= .01 7 9.4 -2.4 8
DAYS >= .10 4 5.8 -1.8 6
DAYS >= .50 1 2.4 -1.4 2
DAYS >= 1.00 1 0.5 0.5 0
GREATEST
24 HR. TOTAL 2.61 11/21 TO 11/22 0.76 11/11 TO 11/11
STORM TOTAL 2.37 0.76
(MM/DD(HH)) MM
SNOWFALL (INCHES)
TOTALS T 0.9 -0.9 T
LIQUID EQUIV T 0.00 0.00 T
SINCE 7/1 T 1.0 -1.0 MM
LIQUID 7/1 -0.10 0.10 -0.20 MM
SNOWDEPTH AVG. 0 0
DAYS >= TRACE 1 0.4 0.6 1
DAYS >= 1.0 0 0.2 -0.2 0
GREATEST
SNOW DEPTH 0 0 MM
24 HR TOTAL T MM
STORM TOTAL 0.0 0.0
(MM/DD(HH)) MM
DEGREE DAYS
HEATING TOTAL 635 570 65 497
SINCE 7/1 902 899 3 MM
COOLING TOTAL 0 0 0 3
SINCE 1/1 913 954 -41 MM
................................................................
WIND (MPH)
AVERAGE WIND SPEED 8.1
HIGHEST WIND SPEED/DIRECTION 31/120 DATE 11/26
HIGHEST GUST SPEED/DIRECTION 42/110 DATE 11/26
WEATHER CONDITIONS. NUMBER OF DAYS WITH
THUNDERSTORM 0 MIXED PRECIP 0
HEAVY RAIN 1 RAIN 2
LIGHT RAIN 8 FREEZING RAIN 0
LT FREEZING RAIN 0 HAIL 0
HEAVY SNOW 0 SNOW 0
LIGHT SNOW 1 SLEET 0
FOG 6 FOG W/VIS <= 1/4 MILE 0
HAZE 0
- INDICATES NEGATIVE NUMBERS.
R INDICATES RECORD WAS SET OR TIED.
MM INDICATES DATA IS MISSING.
T INDICATES TRACE AMOUNT.
$$