000
CXUS55 KBOU 011000
CF6BDU
PRELIMINARY LOCAL CLIMATOLOGICAL DATA (WS FORM: F-6)
STATION: BOULDER AIRPORT
MONTH: NOVEMBER
YEAR: 2020
LATITUDE: 40 2 N
LONGITUDE: 105 14 W
TEMPERATURE IN F: :PCPN: SNOW: WIND :SUNSHINE: SKY :PK WND
================================================================================
1 2 3 4 5 6A 6B 7 8 9 10 11 12 13 14 15 16 17 18
12Z AVG MX 2MIN
DY MAX MIN AVG DEP HDD CDD WTR SNW DPTH SPD SPD DIR MIN PSBL S-S WX SPD DR
================================================================================
1 63 32 48 M 17 0 0.00 M M 2.4 7 250 M M 0 M M
2 75 37 56 M 9 0 0.00 M M 2.3 5 230 M M 0 M M
3 73 41 57 M 8 0 0.00 M M 1.7 8 240 M M 0 M M
4 77 46 62 M 3 0 0.00 M M 5.9 15 290 M M 0 21 290
5 77 45 61 M 4 0 0.00 M M 2.8 7 70 M M 0 M M
6 70 41 56 M 9 0 0.00 M M 1.4 5 180 M M 0 M M
7 66 45 56 M 9 0 0.00 M M 3.2 15 160 M M 2 21 160
8 59 39 49 M 16 0 0.00 M M 9.0 18 250 M M 1 30 250
9 41 28 35 M 30 0 0.09 M M 3.9 9 60 M M 9 17 0
10 45 27 36 M 29 0 0.00 M M 4.7 20 260 M M 4 1 25 260
11 46 32 39 M 26 0 0.00 M M 6.9 16 230 M M 0 28 240
12 48 28 38 M 27 0 0.00 M M 4.5 14 260 M M 3 25 0
13 61 21 41 M 24 0 0.00 M M 7.7 20 250 M M 0 45 270
14 50 32 41 M 24 0 0.00 M M 21.6 38 270 M M 3 51 250
15 55 32 44 M 21 0 0.00 M M 13.4 26 270 M M 0 47 270
16 68 41 55 M 10 0 0.00 M M 5.3 13 60 M M 0 24 250
17 70 36 53 M 12 0 0.00 M M 1.7 7 150 M M 0 M M
18 75 50 63 M 2 0 0.00 M M 8.4 20 210 M M 0 26 210
19 63 37 50 M 15 0 0.00 M M 4.3 9 130 M M 0 M M
20 52 37 45 M 20 0 0.00 M M 5.0 10 150 M M 1 M M
21 45 27 36 M 29 0 0.00 M M 1.8 7 110 M M 2 M M
22 45 25 35 M 30 0 0.00 M M 2.0 7 150 M M 0 M M
23 55 27 41 M 24 0 0.00 M M 1.9 6 350 M M 1 M M
24 45 28 37 M 28 0 0.32 M M 4.8 21 20 M M 6 24 20
25 45 23 34 M 31 0 0.00 M M 2.3 15 280 M M 0 23 280
26 45 28 37 M 28 0 0.00 M M 3.6 10 150 M M 3 16 140
27 43 23 33 M 32 0 0.00 M M 1.1 6 340 M M 1 12 M M
28 55 28 42 M 23 0 0.00 M M 1.8 7 230 M M 0 M M
29 41 27 34 M 31 0 0.00 M M 3.0 10 80 M M 0 21 80
30 59 21 40 M 25 0 0.00 M M 2.4 8 230 M M 0 20 0
================================================================================
SM 1712 984 596 0 0.41 M 141.1 M 36
================================================================================
AV 57.1 32.8 4.7 FASTST M M 1 MAX(MPH)
MISC ----> 38 270 51 250
================================================================================
NOTES:
# LAST OF SEVERAL OCCURRENCES
COLUMN 17 PEAK WIND IN M.P.H.
PRELIMINARY LOCAL CLIMATOLOGICAL DATA (WS FORM: F-6) , PAGE 2
STATION: BOULDER AIRPORT
MONTH: NOVEMBER
YEAR: 2020
LATITUDE: 40 2 N
LONGITUDE: 105 14 W
[TEMPERATURE DATA] [PRECIPITATION DATA] SYMBOLS USED IN COLUMN 16
AVERAGE MONTHLY: 44.9 TOTAL FOR MONTH: 0.41 1 = FOG OR MIST
DPTR FM NORMAL: 0.0 DPTR FM NORMAL: M 2 = FOG REDUCING VISIBILITY
HIGHEST: 77 ON 5, 4 GRTST 24HR 0.32 ON 24-24 TO 1/4 MILE OR LESS
LOWEST: 21 ON 30,13 3 = THUNDER
SNOW, ICE PELLETS, HAIL 4 = ICE PELLETS
TOTAL MONTH: M 5 = HAIL
GRTST 24HR M ON M 6 = FREEZING RAIN OR DRIZZLE
GRTST DEPTH: M ON M 7 = DUSTSTORM OR SANDSTORM:
VSBY 1/2 MILE OR LESS
8 = SMOKE OR HAZE
[NO. OF DAYS WITH] [WEATHER - DAYS WITH] 9 = BLOWING SNOW
X = TORNADO
MAX 32 OR BELOW: 0 0.01 INCH OR MORE: 2
MAX 90 OR ABOVE: 0 0.10 INCH OR MORE: 1
MIN 32 OR BELOW: 18 0.50 INCH OR MORE: 0
MIN 0 OR BELOW: 0 1.00 INCH OR MORE: 0
[HDD (BASE 65) ]
TOTAL THIS MO. 596 CLEAR (SCALE 0-3) 27
DPTR FM NORMAL M PTCLDY (SCALE 4-7) 2
TOTAL FM JUL 1 1200 CLOUDY (SCALE 8-10) 1
DPTR FM NORMAL M
[CDD (BASE 65) ]
TOTAL THIS MO. 0
DPTR FM NORMAL M [PRESSURE DATA]
TOTAL FM JAN 1 992 HIGHEST SLP M ON M
DPTR FM NORMAL M LOWEST SLP M ON M
[REMARKS]
#FINAL-11-20#