000
CXUS53 KIWX 010910
CF6BEH
PRELIMINARY LOCAL CLIMATOLOGICAL DATA (WS FORM: F-6)
STATION: BENTON HARBOR
MONTH: FEBRUARY
YEAR: 2024
LATITUDE: 42 7 N
LONGITUDE: 86 26 W
TEMPERATURE IN F: :PCPN: SNOW: WIND :SUNSHINE: SKY :PK WND
================================================================================
1 2 3 4 5 6A 6B 7 8 9 10 11 12 13 14 15 16 17 18
12Z AVG MX 2MIN
DY MAX MIN AVG DEP HDD CDD WTR SNW DPTH SPD SPD DIR MIN PSBL S-S WX SPD DR
================================================================================
1 46 34 40 13 25 0 0.00 M M 6.8 15 240 M M 3 1 22 220
2 45 28 37 10 28 0 0.00 M M 4.5 14 70 M M 2 19 70
3 45 24 35 8 30 0 0.00 M M 6.5 16 110 M M 2 18 19 100
4 50 24 37 10 28 0 0.00 M M 4.1 9 10 M M 0 18 18 360
5 42 24 33 6 32 0 0.00 M M 1.6 9 300 M M 1 12 14 340
6 42 27 35 8 30 0 0.00 M M 4.5 13 100 M M 5 18 17 110
7 48 25 37 10 28 0 0.00 M M 4.8 13 130 M M 0 18 18 150
8 62 42 52 24 13 0 0.06 M M 13.6 35 230 M M 3 3 51 230
9 56 42 49 21 16 0 0.00 M M 13.1 26 230 M M 3 40 230
10 41 26 34 6 31 0 0.00 M M 6.7 16 280 M M 6 22 270
11 37 24 31 3 34 0 0.00 M M 2.6 12 310 M M 7 1 18 320
12 40 20 30 2 35 0 0.00 M M 2.7 14 270 M M 0 1 22 270
13 40 23 32 4 33 0 0.05 M M 3.3 14 280 M M 7 1 21 300
14 42 19 31 2 34 0 0.00 M M 2.9 12 130 M M 1 1 16 140
15 42 33 38 9 27 0 0.19 M M 12.7 24 280 M M 6 1 41 310
16 33 27 30 1 35 0 T M M 6.7 16 320 M M 9 34 350
17 28 20 24 -5 41 0 T M M 16.5 32 240 M M 9 18 43 240
18 40 24 32 2 33 0 0.00 M M 15.9 31 250 M M 2 42 260
19 47 19 33 3 32 0 0.00 M M 4.5 12 260 M M 0 1 16 260
20 56 28 42 12 23 0 0.00 0.0 M 7.7 16 180 M M 0 24 210
21 66 42 54 24 11 0 0.00 0.0 0 8.3 22 190 M M 3 32 210
22 54 32 43 12 22 0 0.00 M M 2.3 10 130 M M 3 18 14 300
23 44 28 36 5 29 0 0.10 M M 6.2 14 10 M M 4 1 27 20
24 29 17 23 -8 42 0 T M M 5.5 13 180 M M 2 18 19 170
25 56 27 42 11 23 0 0.00 M M 9.1 18 200 M M 4 28 200
26 67 29 48 16 17 0 0.00 M M 7.9 16 170 M M 1 31 140
27 73 54 64 32 1 0 0.75 M M 12.0 24 260 M M 2 13 41 260
28 55 21 38 6 27 0 0.09 M M 14.9 25 290 M M 8 128 46 290
29 41 24 33 1 32 0 0.00 M M 9.1 21 280 M M 1 30 280
================================================================================
SM 1367 807 792 0 1.24 0.0 217.0 M 94
================================================================================
AV 47.1 27.8 7.5 FASTST M M 3 MAX(MPH)
MISC ----> 35 230 51 230
================================================================================
NOTES:
# LAST OF SEVERAL OCCURRENCES
COLUMN 17 PEAK WIND IN M.P.H.
PRELIMINARY LOCAL CLIMATOLOGICAL DATA (WS FORM: F-6) , PAGE 2
STATION: BENTON HARBOR
MONTH: FEBRUARY
YEAR: 2024
LATITUDE: 42 7 N
LONGITUDE: 86 26 W
[TEMPERATURE DATA] [PRECIPITATION DATA] SYMBOLS USED IN COLUMN 16
AVERAGE MONTHLY: 37.5 TOTAL FOR MONTH: 1.24 1 = FOG OR MIST
DPTR FM NORMAL: 8.5 DPTR FM NORMAL: -0.36 2 = FOG REDUCING VISIBILITY
HIGHEST: 73 ON 27 GRTST 24HR 0.75 ON 27-27 TO 1/4 MILE OR LESS
LOWEST: 17 ON 24 3 = THUNDER
SNOW, ICE PELLETS, HAIL 4 = ICE PELLETS
TOTAL MONTH: 0.0 INCH 5 = HAIL
GRTST 24HR 0.0 6 = FREEZING RAIN OR DRIZZLE
GRTST DEPTH: 0 7 = DUSTSTORM OR SANDSTORM:
VSBY 1/2 MILE OR LESS
8 = SMOKE OR HAZE
[NO. OF DAYS WITH] [WEATHER - DAYS WITH] 9 = BLOWING SNOW
X = TORNADO
MAX 32 OR BELOW: 2 0.01 INCH OR MORE: 6
MAX 90 OR ABOVE: 0 0.10 INCH OR MORE: 3
MIN 32 OR BELOW: 23 0.50 INCH OR MORE: 1
MIN 0 OR BELOW: 0 1.00 INCH OR MORE: 0
[HDD (BASE 65) ]
TOTAL THIS MO. 792 CLEAR (SCALE 0-3) 16
DPTR FM NORMAL -216 PTCLDY (SCALE 4-7) 11
TOTAL FM JUL 1 3799 CLOUDY (SCALE 8-10) 2
DPTR FM NORMAL -721
[CDD (BASE 65) ]
TOTAL THIS MO. 0
DPTR FM NORMAL 0 [PRESSURE DATA]
TOTAL FM JAN 1 0 HIGHEST SLP 30.51 ON 29
DPTR FM NORMAL 0 LOWEST SLP 29.18 ON 28
[REMARKS]
#FINAL-02-24#