000
CXUS55 KCYS 011652
CLMBFF
CLIMATE REPORT
NATIONAL WEATHER SERVICE CHEYENNE WY
1052 AM MDT SUN OCT 01 2023
...................................
...THE SCOTTSBLUFF NE AIRPORT CLIMATE SUMMARY FOR THE MONTH OF SEPTEMBER 2023...
CLIMATE NORMAL PERIOD 1991 TO 2020
CLIMATE RECORD PERIOD 1871 TO 2023
WEATHER OBSERVED NORMAL DEPART LAST YEAR`S
VALUE DATE(S) VALUE FROM VALUE DATE(S)
NORMAL
................................................................
TEMPERATURE (F)
RECORD
HIGH 105 09/05/2020
LOW 14 09/25/1926
HIGHEST 101 09/01 78 23 103
LOWEST 38 09/25 46 -8 39
AVG. MAXIMUM 82.3 79.9 2.4 85.7
AVG. MINIMUM 50.0 47.1 2.9 49.7
MEAN 66.1 63.5 2.6 67.7
DAYS MAX >= 90 5 6.0 -1.0 11
DAYS MAX <= 32 0 0.0 0.0 0
DAYS MIN <= 32 0 0.9 -0.9 0
DAYS MIN <= 0 0 0.0 0.0 0
PRECIPITATION (INCHES)
RECORD
MAXIMUM 4.26 2014
TOTALS 2.06 1.22 0.84 0.85
DAYS >= .01 8 6.7 1.3 7
DAYS >= .10 4 3.0 1.0 2
DAYS >= .50 1 0.7 0.3 1
DAYS >= 1.00 0 0.2 -0.2 0
GREATEST
24 HR. TOTAL 1.24 09/10 TO 09/11 0.54 09/21 TO 09/22
SNOWFALL (INCHES)
RECORDS
TOTAL MM MM
24 HR TOTAL MM
TOTALS 0.0 0.3 -0.3 0.0
SINCE 7/1 0.0 0.3 -0.3 MM
DAYS >= 1.0 0 0.1 -0.1 0
GREATEST
SNOW DEPTH 0 0
24 HR TOTAL MM MM
DEGREE DAYS
HEATING TOTAL 46 126 -80 55
SINCE 7/1 61 142 -81 MM
COOLING TOTAL 88 81 7 145
SINCE 1/1 775 851 -76 MM
................................................................
WIND (MPH)
AVERAGE WIND SPEED 7.6
HIGHEST WIND SPEED/DIRECTION 39/210 DATE 09/03
HIGHEST GUST SPEED/DIRECTION 53/270 DATE 09/20
SKY COVER
POSSIBLE SUNSHINE (PERCENT) MM
AVERAGE SKY COVER 0.16
NUMBER OF DAYS FAIR 26
NUMBER OF DAYS PC 3
NUMBER OF DAYS CLOUDY 1
AVERAGE RH (PERCENT) 63
WEATHER CONDITIONS. NUMBER OF DAYS WITH
THUNDERSTORM 7 MIXED PRECIP 0
HEAVY RAIN 4 RAIN 4
LIGHT RAIN 10 FREEZING RAIN 0
LT FREEZING RAIN 0 HAIL 0
HEAVY SNOW 0 SNOW 0
LIGHT SNOW 0 SLEET 0
FOG 12 FOG W/VIS <= 1/4 MILE 2
HAZE 4
- INDICATES NEGATIVE NUMBERS.
R INDICATES RECORD WAS SET OR TIED.
MM INDICATES DATA IS MISSING.
T INDICATES TRACE AMOUNT.
$$