000
CXUS54 KAMA 010810
CF6BGD
PRELIMINARY LOCAL CLIMATOLOGICAL DATA (WS FORM: F-6)
STATION: BORGER
MONTH: DECEMBER
YEAR: 2021
LATITUDE: 35 42 N
LONGITUDE: 101 24 W
TEMPERATURE IN F: :PCPN: SNOW: WIND :SUNSHINE: SKY :PK WND
================================================================================
1 2 3 4 5 6A 6B 7 8 9 10 11 12 13 14 15 16 17 18
12Z AVG MX 2MIN
DY MAX MIN AVG DEP HDD CDD WTR SNW DPTH SPD SPD DIR MIN PSBL S-S WX SPD DR
================================================================================
1 75 39 57 13 8 0 0.00 M M 5.0 15 260 M M 0 19 250
2 80 36 58 15 7 0 0.00 M M 6.1 13 180 M M 0 19 170
3 68 41 55 12 10 0 0.00 M M 8.1 17 20 M M 0 26 10
4 62 35 49 6 16 0 0.00 M M 4.9 13 10 M M 0 17 10
5 76 37 57 15 8 0 0.00 M M 13.3 41 30 M M 1 8 56 50
6 42 25 34 -8 31 0 0.00 M M 10.5 24 10 M M 0 34 360
7 59 34 47 5 18 0 0.00 M M 7.9 21 170 M M 0 28 180
8 67 30 49 8 16 0 0.00 M M 11.2 35 230 M M 0 52 240
9 71 46 59 18 6 0 0.00 M M 12.8 29 240 M M 0 42 250
10 69 35 52 11 13 0 0.00 M M 20.9 46 240 M M 1 8 73 230
11 50 23 37 -4 28 0 0.00 M M 9.3 21 170 M M 0 32 170
12 76 37 57 17 8 0 0.00 M M 15.4 31 230 M M 0 45 240
13 74 42 58 18 7 0 0.00 M M 11.6 18 190 M M 0 29 240
14 81 49 65 25 0 0 0.00 M M 14.3 25 230 M M 0 37 190
15 76 49 63 23 2 0 0.00 M M 20.1 47 240 M M 2 8 72 250
16 55 27 41 1 24 0 0.00 M M 7.6 17 170 M M 0 25 340
17 56 37 47 7 18 0 0.00 M M 8.4 16 20 M M 0 21 350
18 42 23 33 -7 32 0 0.00 M M 8.4 20 10 M M 1 28 10
19 57 20 39 0 26 0 0.00 M M 12.2 23 220 M M 0 34 200
20 59 30 45 6 20 0 0.00 M M 6.7 20 190 M M 0 30 190
21 68 23 46 7 19 0 0.00 M M 8.8 24 30 M M 0 32 40
22 67 24 46 7 19 0 0.00 M M 7.2 18 180 M M 0 27 180
23 75 41 58 19 7 0 0.00 M M 12.9 23 240 M M 0 33 240
24 78 57 68 29 0 3 0.00 M M 22.2 40 240 M M 0 54 240
25 70 50 60 21 5 0 0.00 M M 12.8 25 240 M M 0 36 230
26 78 47 63 24 2 0 0.00 M M 14.2 36 250 M M 0 54 220
27 55 33 44 5 21 0 0.00 M M 7.7 18 180 M M 1 28 180
28 61 39 50 11 15 0 0.00 M M 15.0 31 250 M M 1 49 240
29 62 33 48 9 17 0 0.00 M M 12.6 32 250 M M 0 45 230
30 61 34 48 9 17 0 0.00 M M 13.9 25 250 M M 0 35 240
31 64 48 56 17 9 0 0.00 M M 17.3 32 250 M M 0 47 250
================================================================================
SM 2034 1124 429 3 0.00 M 359.3 M 7
================================================================================
AV 65.6 36.3 11.6 FASTST M M 0 MAX(MPH)
MISC ----> 47 240 73 230
================================================================================
NOTES:
# LAST OF SEVERAL OCCURRENCES
COLUMN 17 PEAK WIND IN M.P.H.
PRELIMINARY LOCAL CLIMATOLOGICAL DATA (WS FORM: F-6) , PAGE 2
STATION: BORGER
MONTH: DECEMBER
YEAR: 2021
LATITUDE: 35 42 N
LONGITUDE: 101 24 W
[TEMPERATURE DATA] [PRECIPITATION DATA] SYMBOLS USED IN COLUMN 16
AVERAGE MONTHLY: 50.9 TOTAL FOR MONTH: 0.00 1 = FOG OR MIST
DPTR FM NORMAL: 10.6 DPTR FM NORMAL: -0.71 2 = FOG REDUCING VISIBILITY
HIGHEST: 81 ON 14 GRTST 24HR 0.00 ON 1- 1 TO 1/4 MILE OR LESS
LOWEST: 20 ON 19 3 = THUNDER
SNOW, ICE PELLETS, HAIL 4 = ICE PELLETS
TOTAL MONTH: M 5 = HAIL
GRTST 24HR M ON M 6 = FREEZING RAIN OR DRIZZLE
GRTST DEPTH: M ON M 7 = DUSTSTORM OR SANDSTORM:
VSBY 1/2 MILE OR LESS
8 = SMOKE OR HAZE
[NO. OF DAYS WITH] [WEATHER - DAYS WITH] 9 = BLOWING SNOW
X = TORNADO
MAX 32 OR BELOW: 0 0.01 INCH OR MORE: 0
MAX 90 OR ABOVE: 0 0.10 INCH OR MORE: 0
MIN 32 OR BELOW: 9 0.50 INCH OR MORE: 0
MIN 0 OR BELOW: 0 1.00 INCH OR MORE: 0
[HDD (BASE 65) ]
TOTAL THIS MO. 429 CLEAR (SCALE 0-3) 31
DPTR FM NORMAL -337 PTCLDY (SCALE 4-7) 0
TOTAL FM JUL 1 851 CLOUDY (SCALE 8-10) 0
DPTR FM NORMAL -591
[CDD (BASE 65) ]
TOTAL THIS MO. 3
DPTR FM NORMAL 3 [PRESSURE DATA]
TOTAL FM JAN 1 2379 HIGHEST SLP M ON M
DPTR FM NORMAL 330 LOWEST SLP 29.36 ON 10
[REMARKS]
#FINAL-12-21#