000
CXUS55 KBYZ 011100
CF6BHK
PRELIMINARY LOCAL CLIMATOLOGICAL DATA (WS FORM: F-6)
STATION: BAKER MT
MONTH: FEBRUARY
YEAR: 2021
LATITUDE: 46 20 N
LONGITUDE: 104 15 W
TEMPERATURE IN F: :PCPN: SNOW: WIND :SUNSHINE: SKY :PK WND
================================================================================
1 2 3 4 5 6A 6B 7 8 9 10 11 12 13 14 15 16 17 18
12Z AVG MX 2MIN
DY MAX MIN AVG DEP HDD CDD WTR SNW DPTH SPD SPD DIR MIN PSBL S-S WX SPD DR
================================================================================
1 51 11 31 12 34 0 0.00 M M 4.2 16 180 M M 0 18 180
2 58 18 38 19 27 0 0.00 M M 5.0 16 190 M M 0 16 190
3 36 8 22 3 43 0 0.01 M M 12.9 26 310 M M 5 18 34 300
4 22 6 14 -5 51 0 T M M 12.6 22 290 M M 8 8 27 310
5 15 -3 6 -14 59 0 T M M 11.6 21 340 M M 10 8 24 340
6 -2 -17 -9 -29 74 0 T M M 8.3 18 330 M M 4 8 23 330
7 0 -23 -11 -31 76 0 T M M 7.0 17 70 M M 6 8 20 90
8 0 -26 -13 -33 78 0 T M M 5.8 15 300 M M 5 8 18 310
9 -4 -22 -13 -33 78 0 T M M 11.9 20 280 M M 3 23 280
10 -1 -24 -12 -32 77 0 T M M 4.9 10 340 M M 3 8 12 350
11 -10 -25 -17 -38 82 0 T M M 11.4 22 300 M M 7 8 28 290
12 -8 -28 -18 -39 83 0 T M M 11.9 21 290 M M 3 8 27 280
13 -7 -32 -19 -40 84 0 T M M 3.2 15 340 M M 3 8 20 320
14 -3 -34 -18 -39 83 0 0.00 M M 5.4 13 120 M M 0 15 120
15 10 -17 -3 -25 68 0 0.00 M M 22.2 37 140 M M 5 43 140
16 10 -3 4 -18 61 0 T M M 10.3 28 130 M M 10 8 33 130
17 16 8 12 -10 53 0 T M M 9.4 15 280 M M 10 8 27 230
18 17 -7 5 -17 60 0 T M M 8.8 20 280 M M 5 8 25 290
19 34 -10 12 -11 53 0 0.00 M M 8.4 16 230 M M 3 22 230
20 40 13 27 4 38 0 0.00 M M 7.9 16 220 M M 1 21 230
21 42 18 30 7 35 0 0.00 M M 16.0 26 270 M M 0 33 260
22 50 33 42 18 23 0 0.00 M M 18.3 41 310 M M 4 57 290
23 42 23 33 9 32 0 0.01 M M 16.7 39 330 M M 5 1 52 320
24 32 19 26 2 39 0 0.01 M M 12.0 23 320 M M 5 12 29 320
25 43 21 32 7 33 0 0.00 M M 14.9 25 210 M M 2 33 240
26 43 22 33 8 32 0 T M M 13.5 30 260 M M 2 35 250
27 26 18 22 -3 43 0 0.00 M M 6.3 14 330 M M 1 1 18 350
28 39 12 26 0 39 0 0.00 M M 13.5 30 280 M M 3 36 280
================================================================================
SM 591 -41 1538 0 0.03 M 294.3 M 113
================================================================================
AV 21.1 -1.5 10.5 FASTST M M 4 MAX(MPH)
MISC ----> 41 310 57 290
================================================================================
NOTES:
# LAST OF SEVERAL OCCURRENCES
COLUMN 17 PEAK WIND IN M.P.H.
PRELIMINARY LOCAL CLIMATOLOGICAL DATA (WS FORM: F-6) , PAGE 2
STATION: BAKER MT
MONTH: FEBRUARY
YEAR: 2021
LATITUDE: 46 20 N
LONGITUDE: 104 15 W
[TEMPERATURE DATA] [PRECIPITATION DATA] SYMBOLS USED IN COLUMN 16
AVERAGE MONTHLY: 9.8 TOTAL FOR MONTH: 0.03 1 = FOG OR MIST
DPTR FM NORMAL: -12.0 DPTR FM NORMAL: -0.26 2 = FOG REDUCING VISIBILITY
HIGHEST: 58 ON 2 GRTST 24HR 0.02 ON 23-24 TO 1/4 MILE OR LESS
LOWEST: -34 ON 14 3 = THUNDER
SNOW, ICE PELLETS, HAIL 4 = ICE PELLETS
TOTAL MONTH: M 5 = HAIL
GRTST 24HR M ON M 6 = FREEZING RAIN OR DRIZZLE
GRTST DEPTH: M ON M 7 = DUSTSTORM OR SANDSTORM:
VSBY 1/2 MILE OR LESS
8 = SMOKE OR HAZE
[NO. OF DAYS WITH] [WEATHER - DAYS WITH] 9 = BLOWING SNOW
X = TORNADO
MAX 32 OR BELOW: 17 0.01 INCH OR MORE: 3
MAX 90 OR ABOVE: 0 0.10 INCH OR MORE: 0
MIN 32 OR BELOW: 27 0.50 INCH OR MORE: 0
MIN 0 OR BELOW: 14 1.00 INCH OR MORE: 0
[HDD (BASE 65) ]
TOTAL THIS MO. 1538 CLEAR (SCALE 0-3) 11
DPTR FM NORMAL 327 PTCLDY (SCALE 4-7) 14
TOTAL FM JUL 1 5367 CLOUDY (SCALE 8-10) 3
DPTR FM NORMAL -788
[CDD (BASE 65) ]
TOTAL THIS MO. 0
DPTR FM NORMAL 0 [PRESSURE DATA]
TOTAL FM JAN 1 0 HIGHEST SLP 30.80 ON 14
DPTR FM NORMAL 0 LOWEST SLP 29.55 ON 26
[REMARKS]
#FINAL-02-21#