000
CXUS54 KBMX 011010
CF6BHM
PRELIMINARY LOCAL CLIMATOLOGICAL DATA (WS FORM: F-6)
STATION: BIRMINGHAM
MONTH: JUNE
YEAR: 2023
LATITUDE: 33 34 N
LONGITUDE: 86 45 W
TEMPERATURE IN F: :PCPN: SNOW: WIND :SUNSHINE: SKY :PK WND
================================================================================
1 2 3 4 5 6A 6B 7 8 9 10 11 12 13 14 15 16 17 18
12Z AVG MX 2MIN
DY MAX MIN AVG DEP HDD CDD WTR SNW DPTH SPD SPD DIR MIN PSBL S-S WX SPD DR
================================================================================
1 86 67 77 1 0 12 0.00 0.0 0 4.9 13 100 M M 5 20 100
2 89 66 78 2 0 13 0.00 0.0 0 4.2 12 40 M M 4 17 50
3 91 66 79 3 0 14 0.00 0.0 0 3.6 15 30 M M 2 21 30
4 91 65 78 2 0 13 0.00 0.0 0 3.9 13 120 M M 2 19 90
5 89 70 80 4 0 15 0.00 0.0 0 4.2 13 270 M M 6 19 100
6 90 66 78 1 0 13 0.03 0.0 0 4.0 21 120 M M 4 3 28 120
7 91 67 79 2 0 14 0.00 0.0 0 5.5 16 270 M M 2 26 290
8 88 66 77 0 0 12 0.00 0.0 0 5.2 15 320 M M 2 8 21 330
9 87 63 75 -2 0 10 T 0.0 0 3.0 14 20 M M 4 8 18 10
10 88 64 76 -1 0 11 0.00 0.0 0 4.7 17 230 M M 7 23 230
11 94 70 82 4 0 17 0.12 0.0 M 11.0 22 220 M M 7 13 36 230
12 81 67 74 -4 0 9 0.12 0.0 0 5.8 14 320 M M 7 3 19 360
13 81 65 73 -5 0 8 0.01 0.0 0 4.3 15 240 M M 6 23 240
14 83 67 75 -3 0 10 0.10 0.0 0 4.5 10 180 M M 7 13 43 360
15 85 68 77 -1 0 12 0.16 0.0 M 6.9 17 10 M M 7 3 27 340
16 92 68 80 1 0 15 0.04 0.0 0 4.9 20 360 M M 7 138 25 360
17 91 67 79 0 0 14 0.00 0.0 0 2.3 12 340 M M 3 16 350
18 82 70 76 -3 0 11 0.76 0.0 0 5.6 25 250 M M 7 13 33 260
19 88 71 80 1 0 15 0.13 0.0 0 7.9 17 270 M M 7 13 24 290
20 88 67 78 -1 0 13 0.00 0.0 0 5.3 18 310 M M 5 23 310
21 83 69 76 -3 0 11 0.01 0.0 0 6.9 16 40 M M 7 22 50
22 84 68 76 -4 0 11 0.00 0.0 0 4.1 14 350 M M 7 19 270
23 86 67 77 -3 0 12 0.00 0.0 0 4.9 16 340 M M 3 1 23 320
24 92 66 79 -1 0 14 0.00 0.0 0 4.8 14 300 M M 3 18 290
25 95 69 82 2 0 17 T 0.0 0 7.5 33 300 M M 5 3 56 320
26 93 72 83 3 0 18 T 0.0 M 9.3 21 260 M M 3 33 240
27 93 69 81 1 0 16 0.00 0.0 0 4.7 16 290 M M 1 27 300
28 94 67 81 1 0 16 0.00 0.0 0 3.8 13 360 M M 2 22 310
29 97 71 84 4 0 19 0.00 0.0 0 4.8 15 360 M M 4 8 19 10
30 98 75 87 7 0 22 0.00 0.0 M 4.0 13 260 M M 4 8 17 230
================================================================================
SM 2670 2033 0 407 1.48 0.0 156.5 M 140
================================================================================
AV 89.0 67.8 5.2 FASTST M M 5 MAX(MPH)
MISC ----> 33 300 56 320
================================================================================
NOTES:
# LAST OF SEVERAL OCCURRENCES
COLUMN 17 PEAK WIND IN M.P.H.
PRELIMINARY LOCAL CLIMATOLOGICAL DATA (WS FORM: F-6) , PAGE 2
STATION: BIRMINGHAM
MONTH: JUNE
YEAR: 2023
LATITUDE: 33 34 N
LONGITUDE: 86 45 W
[TEMPERATURE DATA] [PRECIPITATION DATA] SYMBOLS USED IN COLUMN 16
AVERAGE MONTHLY: 78.4 TOTAL FOR MONTH: 1.48 1 = FOG OR MIST
DPTR FM NORMAL: 0.1 DPTR FM NORMAL: -3.30 2 = FOG REDUCING VISIBILITY
HIGHEST: 98 ON 30 GRTST 24HR 0.89 ON 18-19 TO 1/4 MILE OR LESS
LOWEST: 63 ON 9 3 = THUNDER
SNOW, ICE PELLETS, HAIL 4 = ICE PELLETS
TOTAL MONTH: 0.0 INCH 5 = HAIL
GRTST 24HR 0.0 6 = FREEZING RAIN OR DRIZZLE
GRTST DEPTH: 0 7 = DUSTSTORM OR SANDSTORM:
VSBY 1/2 MILE OR LESS
8 = SMOKE OR HAZE
[NO. OF DAYS WITH] [WEATHER - DAYS WITH] 9 = BLOWING SNOW
X = TORNADO
MAX 32 OR BELOW: 0 0.01 INCH OR MORE: 10
MAX 90 OR ABOVE: 14 0.10 INCH OR MORE: 6
MIN 32 OR BELOW: 0 0.50 INCH OR MORE: 1
MIN 0 OR BELOW: 0 1.00 INCH OR MORE: 0
[HDD (BASE 65) ]
TOTAL THIS MO. 0 CLEAR (SCALE 0-3) 10
DPTR FM NORMAL 0 PTCLDY (SCALE 4-7) 20
TOTAL FM JUL 1 2020 CLOUDY (SCALE 8-10) 0
DPTR FM NORMAL -513
[CDD (BASE 65) ]
TOTAL THIS MO. 407
DPTR FM NORMAL 8 [PRESSURE DATA]
TOTAL FM JAN 1 756 HIGHEST SLP 30.08 ON 30
DPTR FM NORMAL 31 LOWEST SLP 29.71 ON 7
[REMARKS]
#FINAL-06-23#