000
CXUS54 KBMX 011110
CF6BHM
PRELIMINARY LOCAL CLIMATOLOGICAL DATA (WS FORM: F-6)
STATION: BIRMINGHAM
MONTH: JANUARY
YEAR: 2023
LATITUDE: 33 34 N
LONGITUDE: 86 45 W
TEMPERATURE IN F: :PCPN: SNOW: WIND :SUNSHINE: SKY :PK WND
================================================================================
1 2 3 4 5 6A 6B 7 8 9 10 11 12 13 14 15 16 17 18
12Z AVG MX 2MIN
DY MAX MIN AVG DEP HDD CDD WTR SNW DPTH SPD SPD DIR MIN PSBL S-S WX SPD DR
================================================================================
1 74 58 66 21 0 1 0.00 0.0 0 3.9 13 240 M M 5 18 16 240
2 75 62 69 24 0 4 T 0.0 0 7.4 17 170 M M 8 18 23 170
3 72 65 69 24 0 4 1.05 0.0 0 11.0 23 170 M M 9 13 31 160
4 68 46 57 12 8 0 1.06 0.0 0 7.8 30 210 M M 4 13 46 200
5 61 38 50 5 15 0 0.00 0.0 0 7.0 23 240 M M 1 31 250
6 58 33 46 1 19 0 0.00 0.0 0 1.6 12 290 M M 1 16 260
7 70 36 53 8 12 0 0.00 0.0 0 5.3 15 220 M M 3 21 220
8 61 47 54 10 11 0 0.60 0.0 0 8.1 17 340 M M 9 18 22 290
9 56 35 46 2 19 0 0.00 0.0 0 5.3 13 10 M M 5 18 16 360
10 62 31 47 3 18 0 0.00 0.0 0 3.5 13 210 M M 3 1 16 240
11 67 46 57 13 8 0 0.00 0.0 M 7.6 16 190 M M 8 1 22 200
12 66 45 56 12 9 0 0.58 0.0 0 15.4 28 190 M M 8 13 35 200
13 45 35 40 -4 25 0 T 0.0 M 14.2 22 340 M M 10 18 29 330
14 46 31 39 -5 26 0 0.00 0.0 M 9.1 18 330 M M 5 27 350
15 59 25 42 -2 23 0 0.00 0.0 0 0.8 6 260 M M 1 1 8 350
16 66 34 50 6 15 0 0.00 0.0 0 8.1 22 190 M M 7 27 190
17 67 53 60 16 5 0 0.77 0.0 M 5.3 16 310 M M 9 12 20 190
18 67 58 63 19 2 0 T 0.0 0 7.9 23 180 M M 9 12 33 180
19 69 47 58 14 7 0 0.41 0.0 0 14.3 28 260 M M 4 1 34 250
20 57 39 48 4 17 0 0.00 0.0 0 6.0 15 300 M M 5 20 290
21 55 39 47 3 18 0 0.45 0.0 0 5.4 14 60 M M 9 1 17 110
22 50 44 47 2 18 0 0.42 0.0 0 7.4 14 280 M M 10 1 19 70
23 51 33 42 -3 23 0 0.03 0.0 0 6.1 16 10 M M 4 18 28 360
24 56 29 43 -2 22 0 0.27 M M 7.0 25 120 M M 5 3 39 130
25 56 39 48 3 17 0 1.08 0.0 0 12.7 23 250 M M 9 18 36 130
26 49 34 42 -3 23 0 0.00 0.0 0 9.7 18 270 M M 5 24 250
27 53 27 40 -5 25 0 0.00 0.0 0 5.7 18 250 M M 1 22 250
28 59 29 44 -1 21 0 0.00 0.0 0 4.5 14 180 M M 5 18 170
29 54 49 52 7 13 0 1.00 0.0 0 4.3 13 130 M M 10 1 21 170
30 64 52 58 12 7 0 0.16 0.0 0 3.4 9 360 M M 9 1 10 360
31 60 45 53 7 12 0 0.23 0.0 0 5.3 13 330 M M 10 1 16 310
================================================================================
SM 1873 1284 438 9 8.11 0.0 221.1 M 191
================================================================================
AV 60.4 41.4 7.1 FASTST M M 6 MAX(MPH)
MISC ----> 30 210 46 200
================================================================================
NOTES:
# LAST OF SEVERAL OCCURRENCES
COLUMN 17 PEAK WIND IN M.P.H.
PRELIMINARY LOCAL CLIMATOLOGICAL DATA (WS FORM: F-6) , PAGE 2
STATION: BIRMINGHAM
MONTH: JANUARY
YEAR: 2023
LATITUDE: 33 34 N
LONGITUDE: 86 45 W
[TEMPERATURE DATA] [PRECIPITATION DATA] SYMBOLS USED IN COLUMN 16
AVERAGE MONTHLY: 50.9 TOTAL FOR MONTH: 8.11 1 = FOG OR MIST
DPTR FM NORMAL: 6.2 DPTR FM NORMAL: 3.08 2 = FOG REDUCING VISIBILITY
HIGHEST: 75 ON 2 GRTST 24HR 1.69 ON 21-22 TO 1/4 MILE OR LESS
LOWEST: 25 ON 15 3 = THUNDER
SNOW, ICE PELLETS, HAIL 4 = ICE PELLETS
TOTAL MONTH: 0.0 INCH 5 = HAIL
GRTST 24HR 0.0 6 = FREEZING RAIN OR DRIZZLE
GRTST DEPTH: 0 7 = DUSTSTORM OR SANDSTORM:
VSBY 1/2 MILE OR LESS
8 = SMOKE OR HAZE
[NO. OF DAYS WITH] [WEATHER - DAYS WITH] 9 = BLOWING SNOW
X = TORNADO
MAX 32 OR BELOW: 0 0.01 INCH OR MORE: 14
MAX 90 OR ABOVE: 0 0.10 INCH OR MORE: 13
MIN 32 OR BELOW: 6 0.50 INCH OR MORE: 7
MIN 0 OR BELOW: 0 1.00 INCH OR MORE: 4
[HDD (BASE 65) ]
TOTAL THIS MO. 438 CLEAR (SCALE 0-3) 5
DPTR FM NORMAL -193 PTCLDY (SCALE 4-7) 13
TOTAL FM JUL 1 1378 CLOUDY (SCALE 8-10) 13
DPTR FM NORMAL -259
[CDD (BASE 65) ]
TOTAL THIS MO. 9
DPTR FM NORMAL 7 [PRESSURE DATA]
TOTAL FM JAN 1 9 HIGHEST SLP 30.43 ON 28
DPTR FM NORMAL 7 LOWEST SLP 29.67 ON 25
[REMARKS]
#FINAL-01-23#