000
CXUS55 KVEF 020444
CF6BIH
PRELIMINARY LOCAL CLIMATOLOGICAL DATA (WS FORM: F-6)
STATION: BISHOP CA
MONTH: JUNE
YEAR: 2021
LATITUDE: 37 22 N
LONGITUDE: 118 22 W
TEMPERATURE IN F: :PCPN: SNOW: WIND :SUNSHINE: SKY :PK WND
================================================================================
1 2 3 4 5 6A 6B 7 8 9 10 11 12 13 14 15 16 17 18
12Z AVG MX 2MIN
DY MAX MIN AVG DEP HDD CDD WTR SNW DPTH SPD SPD DIR MIN PSBL S-S WX SPD DR
================================================================================
1 101 51 76 8 0 11 0.00 0.0 0 5.2 14 360 M M 0 18 210
2 102 58 80 11 0 15 0.00 0.0 0 6.2 22 320 M M 0 28 320
3 104 61 83 14 0 18 0.00 0.0 0 7.3 25 340 M M 0 36 270
4 102 66 84 15 0 19 T 0.0 0 8.7 30 60 M M 0 43 90
5 101 52 77 7 0 12 0.00 0.0 0 6.2 21 340 M M 0 26 330
6 100 54 77 7 0 12 0.00 0.0 0 10.4 25 170 M M 0 34 140
7 88 54 71 1 0 6 0.00 0.0 0 14.2 37 150 M M 0 45 130
8 89 46 68 -2 0 3 0.00 0.0 0 9.6 31 150 M M 0 38 150
9 86 47 67 -4 0 2 0.00 0.0 0 19.2 33 250 M M 0 8 45 160
10 80 40 60 -11 5 0 0.00 0.0 0 8.1 17 170 M M 0 23 170
11 90 40 65 -6 0 0 0.00 0.0 0 8.9 21 160 M M 0 28 170
12 98 48 73 1 0 8 0.00 0.0 0 10.4 24 160 M M 0 32 180
13 99 51 75 3 0 10 0.00 0.0 0 11.6 28 160 M M 0 35 140
14 101 50 76 4 0 11 0.00 0.0 0 10.5 23 160 M M 0 35 180
15 106 52 79 7 0 14 0.00 0.0 0 9.0 23 180 M M 0 30 180
16 107 62 85 12 0 20 0.00 0.0 0 7.5 29 170 M M 0 35 170
17 107 62 85 12 0 20 T 0.0 0 6.6 18 110 M M 0 36 160
18 101 66 84 11 0 19 0.00 0.0 0 8.6 29 250 M M 0 35 250
19 105 57 81 7 0 16 0.00 0.0 0 7.7 17 360 M M 0 25 270
20 106 63 85 11 0 20 0.00 0.0 0 7.9 13 360 M M 0 16 270
21 103 66 85 11 0 20 0.00 0.0 0 8.8 22 160 M M 0 26 160
22 98 50 74 0 0 9 0.00 0.0 0 5.7 23 250 M M 0 31 250
23 94 49 72 -3 0 7 0.00 0.0 0 13.2 28 150 M M 0 36 160
24 93 53 73 -2 0 8 0.00 0.0 0 8.9 29 350 M M 0 38 340
25 96 58 77 2 0 12 0.00 0.0 0 5.4 15 260 M M 0 23 330
26 103 57 80 5 0 15 0.00 0.0 0 6.1 18 340 M M 0 24 340
27 105 64 85 9 0 20 0.00 0.0 0 5.3 16 120 M M 0 22 110
28 107 62 85 9 0 20 T 0.0 0 7.3 30 340 M M 0 3 37 340
29 97 68 83 7 0 18 T 0.0 0 8.6 26 290 M M 1 3 35 280
30 95 61 78 2 0 13 T 0.0 0 7.5 35 350 M M 1 3 48 10
================================================================================
SM 2964 1668 5 378 T 0.0 260.6 M 2
================================================================================
AV 98.8 55.6 8.7 FASTST M M 0 MAX(MPH)
MISC ----> 37 150 48 10
================================================================================
NOTES:
# LAST OF SEVERAL OCCURRENCES
COLUMN 17 PEAK WIND IN M.P.H.
PRELIMINARY LOCAL CLIMATOLOGICAL DATA (WS FORM: F-6) , PAGE 2
STATION: BISHOP CA
MONTH: JUNE
YEAR: 2021
LATITUDE: 37 22 N
LONGITUDE: 118 22 W
[TEMPERATURE DATA] [PRECIPITATION DATA] SYMBOLS USED IN COLUMN 16
AVERAGE MONTHLY: 77.2 TOTAL FOR MONTH: T 1 = FOG OR MIST
DPTR FM NORMAL: 4.7 DPTR FM NORMAL: -0.13 2 = FOG REDUCING VISIBILITY
HIGHEST: 107 ON 28,17 GRTST 24HR T ON 4- 4 TO 1/4 MILE OR LESS
LOWEST: 40 ON 11,10 3 = THUNDER
SNOW, ICE PELLETS, HAIL 4 = ICE PELLETS
TOTAL MONTH: 0.0 INCH 5 = HAIL
GRTST 24HR 0.0 6 = FREEZING RAIN OR DRIZZLE
GRTST DEPTH: 0 7 = DUSTSTORM OR SANDSTORM:
VSBY 1/2 MILE OR LESS
8 = SMOKE OR HAZE
[NO. OF DAYS WITH] [WEATHER - DAYS WITH] 9 = BLOWING SNOW
X = TORNADO
MAX 32 OR BELOW: 0 0.01 INCH OR MORE: 0
MAX 90 OR ABOVE: 26 0.10 INCH OR MORE: 0
MIN 32 OR BELOW: 0 0.50 INCH OR MORE: 0
MIN 0 OR BELOW: 0 1.00 INCH OR MORE: 0
[HDD (BASE 65) ]
TOTAL THIS MO. 5 CLEAR (SCALE 0-3) 30
DPTR FM NORMAL -11 PTCLDY (SCALE 4-7) 0
TOTAL FM JUL 1 3668 CLOUDY (SCALE 8-10) 0
DPTR FM NORMAL -331
[CDD (BASE 65) ]
TOTAL THIS MO. 378
DPTR FM NORMAL 139 [PRESSURE DATA]
TOTAL FM JAN 1 470 HIGHEST SLP 30.03 ON 10
DPTR FM NORMAL 160 LOWEST SLP 29.51 ON 6
[REMARKS]
#FINAL-06-21#