765
CXUS55 KVEF 040012
CF6BIH
PRELIMINARY LOCAL CLIMATOLOGICAL DATA (WS FORM: F-6)
STATION: BISHOP CA
MONTH: MARCH
YEAR: 2020
LATITUDE: 37 22 N
LONGITUDE: 118 22 W
TEMPERATURE IN F: :PCPN: SNOW: WIND :SUNSHINE: SKY :PK WND
================================================================================
1 2 3 4 5 6A 6B 7 8 9 10 11 12 13 14 15 16 17 18
12Z AVG MX 2MIN
DY MAX MIN AVG DEP HDD CDD WTR SNW DPTH SPD SPD DIR MIN PSBL S-S WX SPD DR
================================================================================
1 50 34 42 -3 23 0 T 0.0 0 14.9 32 360 M M 6 40 350
2 57 32 45 -1 20 0 0.00 0.0 0 16.0 25 360 M M 1 33 350
3 73 29 51 5 14 0 0.00 0.0 0 11.6 24 360 M M 0 29 340
4 74 28 51 5 14 0 0.00 0.0 0 7.0 20 160 M M 0 24 160
5 73 29 51 5 14 0 0.00 0.0 0 11.2 23 170 M M 0 32 170
6 72 31 52 6 13 0 0.00 0.0 0 12.6 25 140 M M 0 35 160
7 67 30 49 2 16 0 0.00 0.0 0 15.7 30 140 M M 1 39 160
8 61 20 41 -6 24 0 0.00 0.0 0 10.5 24 150 M M 0 31 150
9 61 23 42 -5 23 0 0.00 0.0 0 10.4 23 170 M M 0 31 170
10 57 32 45 -2 20 0 0.19 0.0 0 7.6 29 150 M M 8 1 38 150
11 63 38 51 3 14 0 0.02 0.0 0 5.8 17 160 M M 5 22 160
12 67 31 49 1 16 0 0.00 0.0 0 5.5 12 310 M M 1 16 110
13 67 39 53 5 12 0 0.00 0.0 0 10.4 31 150 M M 2 39 150
14 66 46 56 8 9 0 0.00 0.0 0 20.7 33 150 M M 0 41 160
15 63 42 53 5 12 0 0.00 0.0 0 20.8 32 150 M M 0 43 160
16 52 39 46 -2 19 0 0.20 0.0 0 21.5 31 160 M M 6 1 40 170
17 51 27 39 -10 26 0 0.00 0.0 0 8.3 26 140 M M 1 34 150
18 54 19 37 -12 28 0 0.00 0.0 0 6.0 20 350 M M 2 25 350
19 51 26 39 -10 26 0 0.00 0.0 0 7.4 26 160 M M 3 34 170
20 56 20 38 -11 27 0 T 0.0 0 7.0 21 150 M M 0 27 140
21 54 28 41 -8 24 0 T 0.0 0 4.7 16 170 M M 7 23 290
22 60 24 42 -8 23 0 0.00 0.0 0 7.6 25 150 M M 4 31 150
23 64 39 52 2 13 0 0.00 0.0 0 8.0 22 160 M M 4 29 150
24 67 28 48 -2 17 0 0.00 0.0 0 7.5 22 150 M M 1 30 120
25 61 27 44 -6 21 0 0.00 0.0 0 9.2 24 320 M M 0 33 200
26 50 26 38 -12 27 0 T 0.0 0 8.7 20 10 M M 4 25 360
27 58 24 41 -9 24 0 0.00 0.0 0 6.9 20 160 M M 1 25 160
28 59 24 42 -8 23 0 0.00 0.0 0 8.4 22 170 M M 2 28 170
29 60 29 45 -6 20 0 0.04 0.0 0 6.5 24 350 M M 5 31 350
30 67 23 45 -6 20 0 0.00 0.0 0 7.6 22 160 M M 0 27 150
31 77 30 54 3 11 0 0.00 0.0 0 6.3 17 300 M M 0 24 310
================================================================================
SM 1912 917 593 0 0.45 0.0 312.3 M 64
================================================================================
AV 61.7 29.6 10.1 FASTST M M 2 MAX(MPH)
MISC ----> 33 150 43 160
================================================================================
NOTES:
# LAST OF SEVERAL OCCURRENCES
COLUMN 17 PEAK WIND IN M.P.H.
PRELIMINARY LOCAL CLIMATOLOGICAL DATA (WS FORM: F-6) , PAGE 2
STATION: BISHOP CA
MONTH: MARCH
YEAR: 2020
LATITUDE: 37 22 N
LONGITUDE: 118 22 W
[TEMPERATURE DATA] [PRECIPITATION DATA] SYMBOLS USED IN COLUMN 16
AVERAGE MONTHLY: 45.6 TOTAL FOR MONTH: 0.45 1 = FOG OR MIST
DPTR FM NORMAL: -2.7 DPTR FM NORMAL: -0.08 2 = FOG REDUCING VISIBILITY
HIGHEST: 77 ON 31 GRTST 24HR 0.21 ON 10-11 TO 1/4 MILE OR LESS
LOWEST: 19 ON 18 3 = THUNDER
SNOW, ICE PELLETS, HAIL 4 = ICE PELLETS
TOTAL MONTH: 0.0 INCH 5 = HAIL
GRTST 24HR 0.0 6 = FREEZING RAIN OR DRIZZLE
GRTST DEPTH: 0 7 = DUSTSTORM OR SANDSTORM:
VSBY 1/2 MILE OR LESS
8 = SMOKE OR HAZE
[NO. OF DAYS WITH] [WEATHER - DAYS WITH] 9 = BLOWING SNOW
X = TORNADO
MAX 32 OR BELOW: 0 0.01 INCH OR MORE: 4
MAX 90 OR ABOVE: 0 0.10 INCH OR MORE: 2
MIN 32 OR BELOW: 24 0.50 INCH OR MORE: 0
MIN 0 OR BELOW: 0 1.00 INCH OR MORE: 0
[HDD (BASE 65) ]
TOTAL THIS MO. 593 CLEAR (SCALE 0-3) 22
DPTR FM NORMAL 77 PTCLDY (SCALE 4-7) 9
TOTAL FM JUL 1 3718 CLOUDY (SCALE 8-10) 0
DPTR FM NORMAL -5
[CDD (BASE 65) ]
TOTAL THIS MO. 0
DPTR FM NORMAL 0 [PRESSURE DATA]
TOTAL FM JAN 1 0 HIGHEST SLP M ON M
DPTR FM NORMAL 0 LOWEST SLP 29.54 ON 13
[REMARKS]
#FINAL-03-20#