000
CXUS55 KVEF 040159
CF6BIH
PRELIMINARY LOCAL CLIMATOLOGICAL DATA (WS FORM: F-6)
STATION: BISHOP CA
MONTH: AUGUST
YEAR: 2023
LATITUDE: 37 22 N
LONGITUDE: 118 22 W
TEMPERATURE IN F: :PCPN: SNOW: WIND :SUNSHINE: SKY :PK WND
================================================================================
1 2 3 4 5 6A 6B 7 8 9 10 11 12 13 14 15 16 17 18
12Z AVG MX 2MIN
DY MAX MIN AVG DEP HDD CDD WTR SNW DPTH SPD SPD DIR MIN PSBL S-S WX SPD DR
================================================================================
1 96 62 79 1 0 14 0.00 0.0 0 10.0 25 140 M M 1 31 130
2 97 56 77 -1 0 12 0.00 0.0 0 9.4 24 160 M M 0 31 140
3 95 54 75 -3 0 10 0.00 0.0 0 7.8 18 150 M M 0 24 150
4 98 54 76 -2 0 11 0.00 0.0 0 8.5 20 160 M M 0 23 180
5 100 51 76 -2 0 11 0.00 0.0 0 4.9 14 330 M M 0 18 190
6 100 63 82 4 0 17 0.00 0.0 0 5.1 13 310 M M 0 15 350
7 101 57 79 1 0 14 0.00 0.0 0 8.9 20 10 M M 0 25 360
8 98 52 75 -2 0 10 0.00 0.0 0 5.8 15 20 M M 0 20 190
9 98 53 76 -1 0 11 0.00 0.0 0 8.8 23 150 M M 0 29 150
10 94 54 74 -3 0 9 T 0.0 0 11.1 24 150 M M 0 31 190
11 93 61 77 0 0 12 0.05 0.0 0 9.2 26 350 M M 2 3 34 180
12 95 54 75 -2 0 10 0.15 0.0 0 6.1 36 70 M M 2 3 48 60
13 88 60 74 -3 0 9 T 0.0 0 7.0 20 150 M M 2 25 160
14 95 62 79 3 0 14 0.00 0.0 0 8.2 20 160 M M 1 27 140
15 91 57 74 -2 0 9 T 0.0 0 6.6 16 290 M M 1 21 300
16 97 60 79 3 0 14 T 0.0 0 6.1 22 180 M M 1 29 180
17 97 63 80 4 0 15 T 0.0 0 6.6 21 160 M M 2 3 27 140
18 96 53 75 -1 0 10 0.00 0.0 0 8.3 23 170 M M 0 30 170
19 88 51 70 -6 0 5 0.11 0.0 0 11.6 43 150 M M 2 138 54 150
20 63 57 60 -15 5 0 1.72 0.0 0 4.1 12 290 M M 10 1 13 290
21 75 57 66 -9 0 1 0.05 0.0 0 14.5 29 150 M M 6 1 36 160
22 82 54 68 -7 0 3 0.00 0.0 0 8.9 23 150 M M 2 29 150
23 88 51 70 -5 0 5 0.00 0.0 0 7.5 21 160 M M 0 26 150
24 91 51 71 -4 0 6 0.00 0.0 0 9.1 25 150 M M 1 34 140
25 92 56 74 0 0 9 0.00 0.0 0 13.0 33 160 M M 0 43 160
26 93 49 71 -3 0 6 0.00 0.0 0 10.2 28 150 M M 0 37 160
27 94 50 72 -2 0 7 0.00 0.0 0 5.5 15 160 M M 0 19 160
28 96 48 72 -2 0 7 0.00 0.0 0 6.1 15 150 M M 0 17 160
29 98 52 75 1 0 10 0.00 0.0 0 6.7 15 150 M M 0 19 160
30 97 52 75 2 0 10 0.00 0.0 0 6.1 17 150 M M 0 22 150
31 98 47 73 0 0 8 0.00 0.0 0 10.0 32 220 M M 0 45 160
================================================================================
SM 2884 1701 5 289 2.08 0.0 251.7 M 33
================================================================================
AV 93.0 54.9 8.1 FASTST M M 1 MAX(MPH)
MISC ----> 43 150 54 150
================================================================================
NOTES:
# LAST OF SEVERAL OCCURRENCES
COLUMN 17 PEAK WIND IN M.P.H.
PRELIMINARY LOCAL CLIMATOLOGICAL DATA (WS FORM: F-6) , PAGE 2
STATION: BISHOP CA
MONTH: AUGUST
YEAR: 2023
LATITUDE: 37 22 N
LONGITUDE: 118 22 W
[TEMPERATURE DATA] [PRECIPITATION DATA] SYMBOLS USED IN COLUMN 16
AVERAGE MONTHLY: 74.0 TOTAL FOR MONTH: 2.08 1 = FOG OR MIST
DPTR FM NORMAL: -2.0 DPTR FM NORMAL: 2.01 2 = FOG REDUCING VISIBILITY
HIGHEST: 101 ON 7 GRTST 24HR 1.73 ON 20-21 TO 1/4 MILE OR LESS
LOWEST: 47 ON 31 3 = THUNDER
SNOW, ICE PELLETS, HAIL 4 = ICE PELLETS
TOTAL MONTH: 0.0 INCH 5 = HAIL
GRTST 24HR 0.0 6 = FREEZING RAIN OR DRIZZLE
GRTST DEPTH: 0 7 = DUSTSTORM OR SANDSTORM:
VSBY 1/2 MILE OR LESS
8 = SMOKE OR HAZE
[NO. OF DAYS WITH] [WEATHER - DAYS WITH] 9 = BLOWING SNOW
X = TORNADO
MAX 32 OR BELOW: 0 0.01 INCH OR MORE: 5
MAX 90 OR ABOVE: 25 0.10 INCH OR MORE: 3
MIN 32 OR BELOW: 0 0.50 INCH OR MORE: 1
MIN 0 OR BELOW: 0 1.00 INCH OR MORE: 1
[HDD (BASE 65) ]
TOTAL THIS MO. 5 CLEAR (SCALE 0-3) 29
DPTR FM NORMAL 4 PTCLDY (SCALE 4-7) 1
TOTAL FM JUL 1 5 CLOUDY (SCALE 8-10) 1
DPTR FM NORMAL 5
[CDD (BASE 65) ]
TOTAL THIS MO. 289
DPTR FM NORMAL -53 [PRESSURE DATA]
TOTAL FM JAN 1 934 HIGHEST SLP 30.14 ON 15
DPTR FM NORMAL -127 LOWEST SLP 29.59 ON 31
[REMARKS]
#FINAL-08-23#