000
CXUS55 KVEF 040247
CLMBIH
CLIMATE REPORT
NATIONAL WEATHER SERVICE LAS VEGAS, NV
747 PM PDT SUN SEP 03 2023
...................................
...THE BISHOP CA CLIMATE SUMMARY FOR THE MONTH OF AUGUST 2023...
CLIMATE NORMAL PERIOD: 1991 TO 2020
CLIMATE RECORD PERIOD: 1943 TO 2023
WEATHER OBSERVED NORMAL DEPART LAST YEAR`S
VALUE DATE(S) VALUE FROM VALUE DATE(S)
NORMAL
................................................................
TEMPERATURE (F)
RECORD
HIGH 108 08/16/2020
08/02/2020
08/01/2020
LOW 34 08/22/1947
HIGHEST 101 08/07 105 08/23
LOWEST 47 08/31 55 08/28
AVG. MAXIMUM 93.0 98.0 -5.0 98.2
AVG. MINIMUM 54.9 54.0 0.9 59.9
MEAN 74.0 76.0 -2.0 79.0
DAYS MAX >= 90 25 29.1 -4.1 29
DAYS MAX <= 32 0 0.0 0.0 0
DAYS MIN <= 32 0 0.0 0.0 0
DAYS MIN <= 0 0 0.0 0.0 0
PRECIPITATION (INCHES)
RECORD
MAXIMUM 0.72 2022
MINIMUM 0.00 2008
TOTALS 2.08 0.07 2.01 0.72
DAILY AVG. 0.07 0.00 0.07 0.02
DAYS >= .01 5 1.0 4.0 2
DAYS >= .10 3 0.3 2.7 1
DAYS >= .50 1 0.0 1.0 1
DAYS >= 1.00 1 0.0 1.0 0
GREATEST
24 HR. TOTAL 1.73 08/20 TO 08/21
DEGREE DAYS
HEATING TOTAL 5 1 4 0
SINCE 7/1 5 0 5 MM
COOLING TOTAL 289 342 -53 442
SINCE 1/1 934 1061 -127 MM
FREEZE DATES
RECORD
EARLIEST 09/11/1952
LATEST 06/16/1944
EARLIEST MM
LATEST 05/08
................................................................
WIND (MPH)
AVERAGE WIND SPEED 8.1
HIGHEST WIND SPEED/DIRECTION 43/150 DATE 08/19
HIGHEST GUST SPEED/DIRECTION 54/150 DATE 08/19
SKY COVER
POSSIBLE SUNSHINE (PERCENT) MM
AVERAGE SKY COVER 0.10
NUMBER OF DAYS FAIR 29
NUMBER OF DAYS PC 1
NUMBER OF DAYS CLOUDY 1
AVERAGE RH (PERCENT) 45
WEATHER CONDITIONS. NUMBER OF DAYS WITH
THUNDERSTORM 4 MIXED PRECIP 0
HEAVY RAIN 2 RAIN 4
LIGHT RAIN 9 FREEZING RAIN 0
LT FREEZING RAIN 0 HAIL 0
HEAVY SNOW 0 SNOW 0
LIGHT SNOW 0 SLEET 0
FOG 3 FOG W/VIS <= 1/4 MILE 0
HAZE 1
- INDICATES NEGATIVE NUMBERS.
R INDICATES RECORD WAS SET OR TIED.
MM INDICATES DATA IS MISSING.
T INDICATES TRACE AMOUNT.
$$