000
CXUS55 KBYZ 011000
CF6BIL
PRELIMINARY LOCAL CLIMATOLOGICAL DATA (WS FORM: F-6)
STATION: BILLINGS MT
MONTH: SEPTEMBER
YEAR: 2020
LATITUDE: 45 47 N
LONGITUDE: 108 32 W
TEMPERATURE IN F: :PCPN: SNOW: WIND :SUNSHINE: SKY :PK WND
================================================================================
1 2 3 4 5 6A 6B 7 8 9 10 11 12 13 14 15 16 17 18
12Z AVG MX 2MIN
DY MAX MIN AVG DEP HDD CDD WTR SNW DPTH SPD SPD DIR MIN PSBL S-S WX SPD DR
================================================================================
1 84 49 67 0 0 2 0.00 0.0 0 16.1 30 280 M M 2 39 300
2 93 57 75 9 0 10 0.00 0.0 0 18.1 39 260 M M 4 8 52 280
3 89 48 69 3 0 4 0.00 0.0 0 7.6 23 60 M M 2 33 30
4 87 55 71 6 0 6 0.00 0.0 0 7.9 16 230 M M 1 21 240
5 102 58 80 15 0 15 0.00 0.0 0 10.7 24 10 M M 5 8 29 280
6 81 56 69 5 0 4 0.00 0.0 0 10.4 24 50 M M 0 8 31 50
7 56 38 47 -17 18 0 0.54 0.0 0 14.1 24 20 M M 10 1 31 30
8 50 37 44 -20 21 0 0.00 0.0 0 5.9 15 10 M M 4 18 10
9 67 33 50 -13 15 0 0.00 0.0 0 11.9 24 240 M M 1 29 220
10 74 43 59 -4 6 0 0.00 0.0 0 8.5 18 230 M M 1 22 230
11 81 44 63 1 2 0 0.00 0.0 0 8.8 20 240 M M 1 22 240
12 86 53 70 8 0 5 0.00 0.0 0 12.2 20 250 M M 0 24 250
13 73 51 62 1 3 0 0.00 0.0 0 8.2 20 250 M M 0 24 250
14 92 47 70 9 0 5 0.00 0.0 0 11.8 21 240 M M 3 8 25 240
15 85 53 69 9 0 4 0.00 0.0 0 8.8 23 40 M M 4 8 29 40
16 67 48 58 -2 7 0 0.00 0.0 0 4.6 14 50 M M 2 8 17 60
17 75 46 61 1 4 0 0.00 0.0 0 8.1 14 230 M M 1 8 16 230
18 78 48 63 4 2 0 0.00 0.0 0 6.7 15 230 M M 3 8 17 220
19 77 57 67 8 0 2 T 0.0 0 13.0 35 290 M M 8 8 43 280
20 75 53 64 6 1 0 0.00 0.0 0 17.1 33 270 M M 4 44 290
21 79 45 62 4 3 0 0.00 0.0 0 6.9 14 220 M M 1 17 210
22 82 46 64 7 1 0 0.00 0.0 0 8.1 17 330 M M 4 28 150
23 82 51 67 10 0 2 0.00 0.0 0 8.0 16 230 M M 3 19 240
24 92 56 74 18 0 9 0.00 0.0 0 13.9 33 330 M M 4 42 330
25 67 48 58 2 7 0 0.00 0.0 0 6.8 15 270 M M 6 20 270
26 68 50 59 3 6 0 0.00 0.0 0 19.8 37 290 M M 5 48 250
27 63 44 54 -1 11 0 0.00 0.0 0 14.7 28 310 M M 3 33 300
28 70 42 56 1 9 0 0.00 0.0 0 14.2 21 240 M M 3 27 220
29 85 51 68 14 0 3 0.00 0.0 0 17.3 26 310 M M 1 35 340
30 63 44 54 0 11 0 0.00 0.0 0 5.6 15 50 M M 5 18 60
================================================================================
SM 2323 1451 127 71 0.54 0.0 325.8 M 91
================================================================================
AV 77.4 48.4 10.9 FASTST M M 3 MAX(MPH)
MISC ----> 39 260 52 280
================================================================================
NOTES:
# LAST OF SEVERAL OCCURRENCES
COLUMN 17 PEAK WIND IN M.P.H.
PRELIMINARY LOCAL CLIMATOLOGICAL DATA (WS FORM: F-6) , PAGE 2
STATION: BILLINGS MT
MONTH: SEPTEMBER
YEAR: 2020
LATITUDE: 45 47 N
LONGITUDE: 108 32 W
[TEMPERATURE DATA] [PRECIPITATION DATA] SYMBOLS USED IN COLUMN 16
AVERAGE MONTHLY: 62.9 TOTAL FOR MONTH: 0.54 1 = FOG OR MIST
DPTR FM NORMAL: 2.6 DPTR FM NORMAL: -0.76 2 = FOG REDUCING VISIBILITY
HIGHEST: 102 ON 5 GRTST 24HR 0.54 ON 7- 7 TO 1/4 MILE OR LESS
LOWEST: 33 ON 9 3 = THUNDER
SNOW, ICE PELLETS, HAIL 4 = ICE PELLETS
TOTAL MONTH: 0.0 INCH 5 = HAIL
GRTST 24HR 0.0 6 = FREEZING RAIN OR DRIZZLE
GRTST DEPTH: 0 7 = DUSTSTORM OR SANDSTORM:
VSBY 1/2 MILE OR LESS
8 = SMOKE OR HAZE
[NO. OF DAYS WITH] [WEATHER - DAYS WITH] 9 = BLOWING SNOW
X = TORNADO
MAX 32 OR BELOW: 0 0.01 INCH OR MORE: 1
MAX 90 OR ABOVE: 4 0.10 INCH OR MORE: 1
MIN 32 OR BELOW: 0 0.50 INCH OR MORE: 1
MIN 0 OR BELOW: 0 1.00 INCH OR MORE: 0
[HDD (BASE 65) ]
TOTAL THIS MO. 127 CLEAR (SCALE 0-3) 14
DPTR FM NORMAL -65 PTCLDY (SCALE 4-7) 14
TOTAL FM JUL 1 140 CLOUDY (SCALE 8-10) 2
DPTR FM NORMAL -84
[CDD (BASE 65) ]
TOTAL THIS MO. 71
DPTR FM NORMAL 20 [PRESSURE DATA]
TOTAL FM JAN 1 751 HIGHEST SLP 30.59 ON 8
DPTR FM NORMAL 118 LOWEST SLP 29.54 ON 24
[REMARKS]
#FINAL-09-20#